flight 184588 linux-linus real [real] http://logs.test-lab.xenproject.org/osstest/logs/184588/
Failures :-/ but no regressions. Tests which did not succeed, but are not blocking: test-amd64-amd64-xl-qemut-win7-amd64 19 guest-stop fail like 184576 test-amd64-amd64-xl-qemuu-win7-amd64 19 guest-stop fail like 184576 test-amd64-amd64-xl-qemuu-ws16-amd64 19 guest-stop fail like 184576 test-armhf-armhf-libvirt-qcow2 15 saverestore-support-check fail like 184576 test-armhf-armhf-libvirt-raw 15 saverestore-support-check fail like 184576 test-armhf-armhf-libvirt 16 saverestore-support-check fail like 184576 test-amd64-amd64-xl-qemut-ws16-amd64 19 guest-stop fail like 184576 test-amd64-amd64-qemuu-nested-amd 20 debian-hvm-install/l1/l2 fail like 184576 test-amd64-amd64-libvirt-xsm 15 migrate-support-check fail never pass test-amd64-amd64-libvirt 15 migrate-support-check fail never pass test-arm64-arm64-xl 15 migrate-support-check fail never pass test-arm64-arm64-xl 16 saverestore-support-check fail never pass test-arm64-arm64-xl-thunderx 15 migrate-support-check fail never pass test-arm64-arm64-xl-thunderx 16 saverestore-support-check fail never pass test-arm64-arm64-xl-credit2 15 migrate-support-check fail never pass test-arm64-arm64-xl-credit2 16 saverestore-support-check fail never pass test-arm64-arm64-libvirt-xsm 15 migrate-support-check fail never pass test-arm64-arm64-libvirt-xsm 16 saverestore-support-check fail never pass test-arm64-arm64-xl-xsm 15 migrate-support-check fail never pass test-arm64-arm64-xl-xsm 16 saverestore-support-check fail never pass test-arm64-arm64-xl-credit1 15 migrate-support-check fail never pass test-arm64-arm64-xl-credit1 16 saverestore-support-check fail never pass test-armhf-armhf-xl-arndale 15 migrate-support-check fail never pass test-armhf-armhf-xl-arndale 16 saverestore-support-check fail never pass test-armhf-armhf-xl-multivcpu 15 migrate-support-check fail never pass test-armhf-armhf-xl-multivcpu 16 saverestore-support-check fail never pass test-armhf-armhf-xl 15 migrate-support-check fail never pass test-armhf-armhf-xl 16 saverestore-support-check fail never pass test-armhf-armhf-xl-credit2 15 migrate-support-check fail never pass test-armhf-armhf-xl-credit2 16 saverestore-support-check fail never pass test-amd64-amd64-libvirt-qcow2 14 migrate-support-check fail never pass test-armhf-armhf-xl-credit1 15 migrate-support-check fail never pass test-armhf-armhf-xl-credit1 16 saverestore-support-check fail never pass test-arm64-arm64-libvirt-raw 14 migrate-support-check fail never pass test-arm64-arm64-libvirt-raw 15 saverestore-support-check fail never pass test-arm64-arm64-xl-vhd 14 migrate-support-check fail never pass test-arm64-arm64-xl-vhd 15 saverestore-support-check fail never pass test-amd64-amd64-libvirt-raw 14 migrate-support-check fail never pass test-armhf-armhf-libvirt-qcow2 14 migrate-support-check fail never pass test-amd64-amd64-libvirt-qemuu-debianhvm-amd64-xsm 13 migrate-support-check fail never pass test-armhf-armhf-libvirt-raw 14 migrate-support-check fail never pass test-armhf-armhf-xl-rtds 15 migrate-support-check fail never pass test-armhf-armhf-xl-rtds 16 saverestore-support-check fail never pass test-armhf-armhf-libvirt 15 migrate-support-check fail never pass test-armhf-armhf-xl-vhd 14 migrate-support-check fail never pass test-armhf-armhf-xl-vhd 15 saverestore-support-check fail never pass version targeted for testing: linux 54be6c6c5ae8e0d93a6c4641cb7528eb0b6ba478 baseline version: linux 56897d51886fa7e9f034ff26128eb09f1b811594 Last test of basis 184576 2024-02-03 12:02:13 Z 1 days Failing since 184584 2024-02-04 03:45:39 Z 1 days 2 attempts Testing same since 184588 2024-02-04 19:44:13 Z 0 days 1 attempts ------------------------------------------------------------ People who touched revisions under test: "Christian A. Ehrhardt" <[email protected]> "Darrick J. Wong" <[email protected]> Andi Shyti <[email protected]> Andrey Albershteyn <[email protected]> Arnaldo Carvalho de Melo <[email protected]> Arnaldo Carvalho de Melo <[email protected]> Badhri Jagan Sridharan <[email protected]> Baokun Li <[email protected]> Carlos Llamas <[email protected]> Chandan Babu R <[email protected]> Christian A. Ehrhardt <[email protected]> Christoph Niedermaier <[email protected]> Christophe JAILLET <[email protected]> Dan Carpenter <[email protected]> Darrick J. Wong <[email protected]> Dmitry Baryshkov <[email protected]> Ekansh Gupta <[email protected]> Frank Li <[email protected]> Greg Kroah-Hartman <[email protected]> Guanhua Gao <[email protected]> Gui-Dong Han <[email protected]> Heikki Krogerus <[email protected]> Horatiu Vultur <[email protected]> Hugo Villeneuve <[email protected]> Ian Rogers <[email protected]> JackBB Wu <[email protected]> Jai Luthra <[email protected]> James Clark <[email protected]> Jiri Olsa <[email protected]> Johan Hovold <[email protected]> Kan Liang <[email protected]> Kemeng Shi <[email protected]> Krishna Kurapati <[email protected]> Kunwu Chan <[email protected]> Leonard Dallmayr <[email protected]> Linus Torvalds <[email protected]> Mantas Pucka <[email protected]> Mathias Nyman <[email protected]> Michal Pecio <[email protected]> MichaĆ Pecio <[email protected]> Namhyung Kim <[email protected]> Oliver Neukum <[email protected]> Paulo Alcantara <[email protected]> Peter Ujfalusi <[email protected]> Prashanth K <[email protected]> Puliang Lu <[email protected]> Randy Dunlap <[email protected]> Sean Anderson <[email protected]> Shyam Prasad N <[email protected]> Steve French <[email protected]> Sun Haiyong <[email protected]> Theodore Ts'o <[email protected]> Thinh Nguyen <[email protected]> Thomas Richter <[email protected]> Tony Lindgren <[email protected]> Udipto Goswami <[email protected]> Uttkarsh Aggarwal <[email protected]> Vinod Koul <[email protected]> Will Deacon <[email protected]> Wolfram Sang <[email protected]> Xu Yang <[email protected]> Yanteng Si <[email protected]> Yicong Yang <[email protected]> Yoshihiro Shimoda <[email protected]> yuan linyu <[email protected]> Zhang Yi <[email protected]> jobs: build-amd64-xsm pass build-arm64-xsm pass build-i386-xsm pass build-amd64 pass build-arm64 pass build-armhf pass build-i386 pass build-amd64-libvirt pass build-arm64-libvirt pass build-armhf-libvirt pass build-i386-libvirt pass build-amd64-pvops pass build-arm64-pvops pass build-armhf-pvops pass build-i386-pvops pass test-amd64-amd64-xl pass test-amd64-coresched-amd64-xl pass test-arm64-arm64-xl pass test-armhf-armhf-xl pass test-amd64-amd64-libvirt-qemuu-debianhvm-amd64-xsm pass test-amd64-amd64-xl-qemut-stubdom-debianhvm-amd64-xsm pass test-amd64-amd64-xl-qemut-debianhvm-i386-xsm pass test-amd64-amd64-xl-qemuu-debianhvm-i386-xsm pass test-amd64-amd64-libvirt-xsm pass test-arm64-arm64-libvirt-xsm pass test-amd64-amd64-xl-xsm pass test-arm64-arm64-xl-xsm pass test-amd64-amd64-qemuu-nested-amd fail test-amd64-amd64-xl-pvhv2-amd pass test-amd64-amd64-dom0pvh-xl-amd pass test-amd64-amd64-xl-qemut-debianhvm-amd64 pass test-amd64-amd64-xl-qemuu-debianhvm-amd64 pass test-amd64-amd64-freebsd11-amd64 pass test-amd64-amd64-freebsd12-amd64 pass test-amd64-amd64-xl-qemuu-ovmf-amd64 pass test-amd64-amd64-xl-qemut-win7-amd64 fail test-amd64-amd64-xl-qemuu-win7-amd64 fail test-amd64-amd64-xl-qemut-ws16-amd64 fail test-amd64-amd64-xl-qemuu-ws16-amd64 fail test-armhf-armhf-xl-arndale pass test-amd64-amd64-examine-bios pass test-amd64-amd64-xl-credit1 pass test-arm64-arm64-xl-credit1 pass test-armhf-armhf-xl-credit1 pass test-amd64-amd64-xl-credit2 pass test-arm64-arm64-xl-credit2 pass test-armhf-armhf-xl-credit2 pass test-amd64-amd64-xl-qemuu-dmrestrict-amd64-dmrestrict pass test-amd64-amd64-examine pass test-arm64-arm64-examine pass test-armhf-armhf-examine pass test-amd64-amd64-qemuu-nested-intel pass test-amd64-amd64-xl-pvhv2-intel pass test-amd64-amd64-dom0pvh-xl-intel pass test-amd64-amd64-libvirt pass test-armhf-armhf-libvirt pass test-amd64-amd64-xl-multivcpu pass test-armhf-armhf-xl-multivcpu pass test-amd64-amd64-pair pass test-amd64-amd64-libvirt-pair pass test-amd64-amd64-xl-pvshim pass test-amd64-amd64-pygrub pass test-amd64-amd64-libvirt-qcow2 pass test-armhf-armhf-libvirt-qcow2 pass test-amd64-amd64-libvirt-raw pass test-arm64-arm64-libvirt-raw pass test-armhf-armhf-libvirt-raw pass test-amd64-amd64-xl-rtds pass test-armhf-armhf-xl-rtds pass test-amd64-amd64-xl-qemuu-debianhvm-amd64-shadow pass test-amd64-amd64-xl-shadow pass test-arm64-arm64-xl-thunderx pass test-amd64-amd64-examine-uefi pass test-amd64-amd64-xl-vhd pass test-arm64-arm64-xl-vhd pass test-armhf-armhf-xl-vhd pass ------------------------------------------------------------ sg-report-flight on osstest.test-lab.xenproject.org logs: /home/logs/logs images: /home/logs/images Logs, config files, etc. are available at http://logs.test-lab.xenproject.org/osstest/logs Explanation of these reports, and of osstest in general, is at http://xenbits.xen.org/gitweb/?p=osstest.git;a=blob;f=README.email;hb=master http://xenbits.xen.org/gitweb/?p=osstest.git;a=blob;f=README;hb=master Test harness code can be found at http://xenbits.xen.org/gitweb?p=osstest.git;a=summary Pushing revision : hint: The 'hooks/update' hook was ignored because it's not set as executable. hint: You can disable this warning with `git config advice.ignoredHook false`. hint: The 'hooks/post-receive' hook was ignored because it's not set as executable. hint: You can disable this warning with `git config advice.ignoredHook false`. hint: The 'hooks/post-update' hook was ignored because it's not set as executable. hint: You can disable this warning with `git config advice.ignoredHook false`. To xenbits.xen.org:/home/xen/git/linux-pvops.git 56897d51886f..54be6c6c5ae8 54be6c6c5ae8e0d93a6c4641cb7528eb0b6ba478 -> tested/linux-linus
