flight 184687 linux-6.1 real [real]
http://logs.test-lab.xenproject.org/osstest/logs/184687/

Failures :-/ but no regressions.

Regressions which are regarded as allowable (not blocking):
 test-armhf-armhf-xl-rtds    18 guest-start/debian.repeat fail REGR. vs. 184595

Tests which did not succeed, but are not blocking:
 test-armhf-armhf-libvirt     16 saverestore-support-check    fail  like 184595
 test-armhf-armhf-libvirt-qcow2 15 saverestore-support-check   fail like 184595
 test-amd64-amd64-xl-qemuu-win7-amd64 19 guest-stop            fail like 184595
 test-armhf-armhf-libvirt-raw 15 saverestore-support-check    fail  like 184595
 test-amd64-amd64-xl-qemut-win7-amd64 19 guest-stop            fail like 184595
 test-amd64-amd64-xl-qemuu-ws16-amd64 19 guest-stop            fail like 184595
 test-amd64-amd64-qemuu-nested-amd 20 debian-hvm-install/l1/l2 fail like 184595
 test-amd64-amd64-xl-qemut-ws16-amd64 19 guest-stop            fail like 184595
 test-arm64-arm64-xl-thunderx 15 migrate-support-check        fail   never pass
 test-arm64-arm64-xl-thunderx 16 saverestore-support-check    fail   never pass
 test-amd64-amd64-libvirt-xsm 15 migrate-support-check        fail   never pass
 test-amd64-amd64-libvirt     15 migrate-support-check        fail   never pass
 test-amd64-amd64-libvirt-qemuu-debianhvm-amd64-xsm 13 migrate-support-check 
fail never pass
 test-amd64-amd64-libvirt-raw 14 migrate-support-check        fail   never pass
 test-arm64-arm64-xl-credit1  15 migrate-support-check        fail   never pass
 test-arm64-arm64-xl-credit1  16 saverestore-support-check    fail   never pass
 test-arm64-arm64-xl          15 migrate-support-check        fail   never pass
 test-arm64-arm64-xl          16 saverestore-support-check    fail   never pass
 test-arm64-arm64-libvirt-xsm 15 migrate-support-check        fail   never pass
 test-arm64-arm64-libvirt-xsm 16 saverestore-support-check    fail   never pass
 test-arm64-arm64-xl-credit2  15 migrate-support-check        fail   never pass
 test-arm64-arm64-xl-xsm      15 migrate-support-check        fail   never pass
 test-arm64-arm64-xl-credit2  16 saverestore-support-check    fail   never pass
 test-arm64-arm64-xl-xsm      16 saverestore-support-check    fail   never pass
 test-armhf-armhf-xl-multivcpu 15 migrate-support-check        fail  never pass
 test-armhf-armhf-xl-multivcpu 16 saverestore-support-check    fail  never pass
 test-armhf-armhf-xl-credit1  15 migrate-support-check        fail   never pass
 test-armhf-armhf-xl-credit1  16 saverestore-support-check    fail   never pass
 test-amd64-amd64-libvirt-qcow2 14 migrate-support-check        fail never pass
 test-armhf-armhf-xl-rtds     15 migrate-support-check        fail   never pass
 test-armhf-armhf-xl-rtds     16 saverestore-support-check    fail   never pass
 test-armhf-armhf-xl          15 migrate-support-check        fail   never pass
 test-armhf-armhf-xl          16 saverestore-support-check    fail   never pass
 test-armhf-armhf-xl-arndale  15 migrate-support-check        fail   never pass
 test-armhf-armhf-xl-arndale  16 saverestore-support-check    fail   never pass
 test-armhf-armhf-libvirt     15 migrate-support-check        fail   never pass
 test-armhf-armhf-xl-credit2  15 migrate-support-check        fail   never pass
 test-armhf-armhf-xl-credit2  16 saverestore-support-check    fail   never pass
 test-arm64-arm64-libvirt-raw 14 migrate-support-check        fail   never pass
 test-arm64-arm64-libvirt-raw 15 saverestore-support-check    fail   never pass
 test-arm64-arm64-xl-vhd      14 migrate-support-check        fail   never pass
 test-arm64-arm64-xl-vhd      15 saverestore-support-check    fail   never pass
 test-armhf-armhf-libvirt-qcow2 14 migrate-support-check        fail never pass
 test-armhf-armhf-libvirt-raw 14 migrate-support-check        fail   never pass
 test-armhf-armhf-xl-vhd      14 migrate-support-check        fail   never pass
 test-armhf-armhf-xl-vhd      15 saverestore-support-check    fail   never pass

version targeted for testing:
 linux                8b4118fabd6eb75fed19483b04dab3a036886489
baseline version:
 linux                f1bb70486c9c11d7e2d55240d4557f9fc575fbac

Last test of basis   184595  2024-02-05 20:44:35 Z   11 days
Testing same since   184687  2024-02-16 18:13:56 Z    0 days    1 attempts

------------------------------------------------------------
People who touched revisions under test:
  Abhinav Kumar <[email protected]>
  Ajay Kaher <[email protected]>
  Alex Deucher <[email protected]>
  Alexander Aring <[email protected]>
  Alexander Hansen <[email protected]>
  Alexander Tsoy <[email protected]>
  Allen Pais <[email protected]>
  Antoine Tenart <[email protected]>
  Baokun Li <[email protected]>
  Chao Yu <[email protected]>
  Christophe JAILLET <[email protected]>
  Dan Carpenter <[email protected]>
  David Howells <[email protected]>
  David S. Miller <[email protected]>
  David Teigland <[email protected]>
  Dmitry Torokhov <[email protected]>
  Eric Dumazet <[email protected]>
  Florian Fainelli <[email protected]>
  Florian Westphal <[email protected]>
  Francesco Dolcini <[email protected]>
  Frank Li <[email protected]>
  Frederic Weisbecker <[email protected]>
  Furong Xu <[email protected]>
  Greg Kroah-Hartman <[email protected]>
  Guanhua Gao <[email protected]>
  Guenter Roeck <[email protected]>
  Hans de Goede <[email protected]>
  Ivan Vecera <[email protected]>
  JackBB Wu <[email protected]>
  Jaegeuk Kim <[email protected]>
  Jai Luthra <[email protected]>
  Jakub Kicinski <[email protected]>
  Jason Gunthorpe <[email protected]>
  Jens Axboe <[email protected]>
  Jiri Pirko <[email protected]>
  Jiri Wiesner <[email protected]>
  Johan Hovold <[email protected]>
  Johannes Berg <[email protected]>
  Jon Hunter <[email protected]>
  Julian Sikorski <[email protected]>
  Kelsey Steele <[email protected]>
  kernelci.org bot <[email protected]>
  Konstantin Komarov <[email protected]>
  Kuniyuki Iwashima <[email protected]>
  Kuogee Hsieh <[email protected]>
  Leonard Dallmayr <[email protected]>
  Linux Kernel Functional Testing <[email protected]>
  Loic Prylli <[email protected]>
  Martin K. Petersen <[email protected]>
  Mateusz Jończyk <[email protected]>
  Michael S. Tsirkin <[email protected]>
  Mike Marciniszyn <[email protected]>
  Ming Lei <[email protected]>
  Miquel Raynal <[email protected]>
  Pablo Neira Ayuso <[email protected]>
  Paolo Abeni <[email protected]>
  Paul E. McKenney <[email protected]>
  Paul Menzel <[email protected]>
  Pavel Machek (CIP) <[email protected]>
  Peter Ujfalusi <[email protected]>
  Prashanth K <[email protected]>
  Prathu Baronia <[email protected]>
  Puliang Lu <[email protected]>
  Ron Economos <[email protected]>
  Salvatore Bonaccorso <[email protected]>
  Sasha Levin <[email protected]>
  Sean Young <[email protected]>
  SeongJae Park <[email protected]>
  Sheng Yong <[email protected]>
  Shigeru Yoshida <[email protected]>
  Shiraz Saleem <[email protected]>
  Shuah Khan <[email protected]>
  Shyam Prasad N <[email protected]>
  Simon Horman <[email protected]>
  Srinivasan Shanmugam <[email protected]>
  Steve French <[email protected]>
  Sven Joachim <[email protected]>
  Takashi Iwai <[email protected]>
  Tejun Heo <[email protected]>
  Theodore Ts'o <[email protected]>
  Thinh Nguyen <[email protected]>
  Thomas Gleixner <[email protected]>
  Tony Lindgren <[email protected]>
  Vinod Koul <[email protected]>
  Werner Sembach <[email protected]>
  Yann Sionneau <[email protected]>
  Yoshihiro Shimoda <[email protected]>
  Zhang Rui <[email protected]>
  Zhenyu Wang <[email protected]>
  Zhipeng Lu <[email protected]>

jobs:
 build-amd64-xsm                                              pass    
 build-arm64-xsm                                              pass    
 build-i386-xsm                                               pass    
 build-amd64                                                  pass    
 build-arm64                                                  pass    
 build-armhf                                                  pass    
 build-i386                                                   pass    
 build-amd64-libvirt                                          pass    
 build-arm64-libvirt                                          pass    
 build-armhf-libvirt                                          pass    
 build-i386-libvirt                                           pass    
 build-amd64-pvops                                            pass    
 build-arm64-pvops                                            pass    
 build-armhf-pvops                                            pass    
 build-i386-pvops                                             pass    
 test-amd64-amd64-xl                                          pass    
 test-amd64-coresched-amd64-xl                                pass    
 test-arm64-arm64-xl                                          pass    
 test-armhf-armhf-xl                                          pass    
 test-amd64-amd64-libvirt-qemuu-debianhvm-amd64-xsm           pass    
 test-amd64-amd64-xl-qemut-stubdom-debianhvm-amd64-xsm        pass    
 test-amd64-amd64-xl-qemut-debianhvm-i386-xsm                 pass    
 test-amd64-amd64-xl-qemuu-debianhvm-i386-xsm                 pass    
 test-amd64-amd64-libvirt-xsm                                 pass    
 test-arm64-arm64-libvirt-xsm                                 pass    
 test-amd64-amd64-xl-xsm                                      pass    
 test-arm64-arm64-xl-xsm                                      pass    
 test-amd64-amd64-qemuu-nested-amd                            fail    
 test-amd64-amd64-xl-pvhv2-amd                                pass    
 test-amd64-amd64-dom0pvh-xl-amd                              pass    
 test-amd64-amd64-xl-qemut-debianhvm-amd64                    pass    
 test-amd64-amd64-xl-qemuu-debianhvm-amd64                    pass    
 test-amd64-amd64-freebsd11-amd64                             pass    
 test-amd64-amd64-freebsd12-amd64                             pass    
 test-amd64-amd64-xl-qemuu-ovmf-amd64                         pass    
 test-amd64-amd64-xl-qemut-win7-amd64                         fail    
 test-amd64-amd64-xl-qemuu-win7-amd64                         fail    
 test-amd64-amd64-xl-qemut-ws16-amd64                         fail    
 test-amd64-amd64-xl-qemuu-ws16-amd64                         fail    
 test-armhf-armhf-xl-arndale                                  pass    
 test-amd64-amd64-examine-bios                                pass    
 test-amd64-amd64-xl-credit1                                  pass    
 test-arm64-arm64-xl-credit1                                  pass    
 test-armhf-armhf-xl-credit1                                  pass    
 test-amd64-amd64-xl-credit2                                  pass    
 test-arm64-arm64-xl-credit2                                  pass    
 test-armhf-armhf-xl-credit2                                  pass    
 test-amd64-amd64-xl-qemuu-dmrestrict-amd64-dmrestrict        pass    
 test-amd64-amd64-examine                                     pass    
 test-arm64-arm64-examine                                     pass    
 test-armhf-armhf-examine                                     pass    
 test-amd64-amd64-qemuu-nested-intel                          pass    
 test-amd64-amd64-xl-pvhv2-intel                              pass    
 test-amd64-amd64-dom0pvh-xl-intel                            pass    
 test-amd64-amd64-libvirt                                     pass    
 test-armhf-armhf-libvirt                                     pass    
 test-amd64-amd64-xl-multivcpu                                pass    
 test-armhf-armhf-xl-multivcpu                                pass    
 test-amd64-amd64-pair                                        pass    
 test-amd64-amd64-libvirt-pair                                pass    
 test-amd64-amd64-xl-pvshim                                   pass    
 test-amd64-amd64-pygrub                                      pass    
 test-amd64-amd64-libvirt-qcow2                               pass    
 test-armhf-armhf-libvirt-qcow2                               pass    
 test-amd64-amd64-libvirt-raw                                 pass    
 test-arm64-arm64-libvirt-raw                                 pass    
 test-armhf-armhf-libvirt-raw                                 pass    
 test-amd64-amd64-xl-rtds                                     pass    
 test-armhf-armhf-xl-rtds                                     fail    
 test-amd64-amd64-xl-qemuu-debianhvm-amd64-shadow             pass    
 test-amd64-amd64-xl-shadow                                   pass    
 test-arm64-arm64-xl-thunderx                                 pass    
 test-amd64-amd64-examine-uefi                                pass    
 test-amd64-amd64-xl-vhd                                      pass    
 test-arm64-arm64-xl-vhd                                      pass    
 test-armhf-armhf-xl-vhd                                      pass    


------------------------------------------------------------
sg-report-flight on osstest.test-lab.xenproject.org
logs: /home/logs/logs
images: /home/logs/images

Logs, config files, etc. are available at
    http://logs.test-lab.xenproject.org/osstest/logs

Explanation of these reports, and of osstest in general, is at
    http://xenbits.xen.org/gitweb/?p=osstest.git;a=blob;f=README.email;hb=master
    http://xenbits.xen.org/gitweb/?p=osstest.git;a=blob;f=README;hb=master

Test harness code can be found at
    http://xenbits.xen.org/gitweb?p=osstest.git;a=summary


Pushing revision :

hint: The 'hooks/update' hook was ignored because it's not set as executable.
hint: You can disable this warning with `git config advice.ignoredHook false`.
hint: The 'hooks/post-receive' hook was ignored because it's not set as 
executable.
hint: You can disable this warning with `git config advice.ignoredHook false`.
hint: The 'hooks/post-update' hook was ignored because it's not set as 
executable.
hint: You can disable this warning with `git config advice.ignoredHook false`.
To xenbits.xen.org:/home/xen/git/linux-pvops.git
   f1bb70486c9c..8b4118fabd6e  8b4118fabd6eb75fed19483b04dab3a036886489 -> 
tested/linux-6.1

Reply via email to