flight 184734 linux-6.1 real [real]
flight 184747 linux-6.1 real-retest [real]
http://logs.test-lab.xenproject.org/osstest/logs/184734/
http://logs.test-lab.xenproject.org/osstest/logs/184747/

Failures :-/ but no regressions.

Tests which are failing intermittently (not blocking):
 test-amd64-amd64-libvirt-qemuu-debianhvm-amd64-xsm 12 debian-hvm-install fail 
pass in 184747-retest

Tests which did not succeed, but are not blocking:
 test-amd64-amd64-libvirt-qemuu-debianhvm-amd64-xsm 13 migrate-support-check 
fail in 184747 never pass
 test-armhf-armhf-libvirt     16 saverestore-support-check    fail  like 184687
 test-amd64-amd64-xl-qemuu-win7-amd64 19 guest-stop            fail like 184687
 test-armhf-armhf-libvirt-qcow2 15 saverestore-support-check   fail like 184687
 test-armhf-armhf-libvirt-raw 15 saverestore-support-check    fail  like 184687
 test-amd64-amd64-xl-qemut-win7-amd64 19 guest-stop            fail like 184687
 test-amd64-amd64-xl-qemut-ws16-amd64 19 guest-stop            fail like 184687
 test-amd64-amd64-xl-qemuu-ws16-amd64 19 guest-stop            fail like 184687
 test-amd64-amd64-qemuu-nested-amd 20 debian-hvm-install/l1/l2 fail like 184687
 test-armhf-armhf-xl-multivcpu 15 migrate-support-check        fail  never pass
 test-armhf-armhf-xl-multivcpu 16 saverestore-support-check    fail  never pass
 test-amd64-amd64-libvirt     15 migrate-support-check        fail   never pass
 test-amd64-amd64-libvirt-xsm 15 migrate-support-check        fail   never pass
 test-arm64-arm64-xl-xsm      15 migrate-support-check        fail   never pass
 test-arm64-arm64-xl-xsm      16 saverestore-support-check    fail   never pass
 test-arm64-arm64-libvirt-xsm 15 migrate-support-check        fail   never pass
 test-arm64-arm64-xl          15 migrate-support-check        fail   never pass
 test-arm64-arm64-xl          16 saverestore-support-check    fail   never pass
 test-arm64-arm64-libvirt-xsm 16 saverestore-support-check    fail   never pass
 test-arm64-arm64-xl-thunderx 15 migrate-support-check        fail   never pass
 test-arm64-arm64-xl-thunderx 16 saverestore-support-check    fail   never pass
 test-arm64-arm64-xl-credit1  15 migrate-support-check        fail   never pass
 test-arm64-arm64-xl-credit1  16 saverestore-support-check    fail   never pass
 test-arm64-arm64-xl-credit2  15 migrate-support-check        fail   never pass
 test-arm64-arm64-xl-credit2  16 saverestore-support-check    fail   never pass
 test-amd64-amd64-libvirt-qcow2 14 migrate-support-check        fail never pass
 test-armhf-armhf-libvirt     15 migrate-support-check        fail   never pass
 test-armhf-armhf-xl-credit2  15 migrate-support-check        fail   never pass
 test-armhf-armhf-xl-credit2  16 saverestore-support-check    fail   never pass
 test-armhf-armhf-xl-rtds     15 migrate-support-check        fail   never pass
 test-armhf-armhf-xl-rtds     16 saverestore-support-check    fail   never pass
 test-armhf-armhf-xl          15 migrate-support-check        fail   never pass
 test-armhf-armhf-xl          16 saverestore-support-check    fail   never pass
 test-armhf-armhf-xl-arndale  15 migrate-support-check        fail   never pass
 test-armhf-armhf-xl-arndale  16 saverestore-support-check    fail   never pass
 test-amd64-amd64-libvirt-raw 14 migrate-support-check        fail   never pass
 test-arm64-arm64-libvirt-raw 14 migrate-support-check        fail   never pass
 test-arm64-arm64-libvirt-raw 15 saverestore-support-check    fail   never pass
 test-arm64-arm64-xl-vhd      14 migrate-support-check        fail   never pass
 test-arm64-arm64-xl-vhd      15 saverestore-support-check    fail   never pass
 test-armhf-armhf-libvirt-qcow2 14 migrate-support-check        fail never pass
 test-armhf-armhf-libvirt-raw 14 migrate-support-check        fail   never pass
 test-armhf-armhf-xl-vhd      14 migrate-support-check        fail   never pass
 test-armhf-armhf-xl-vhd      15 saverestore-support-check    fail   never pass
 test-armhf-armhf-xl-credit1  15 migrate-support-check        fail   never pass
 test-armhf-armhf-xl-credit1  16 saverestore-support-check    fail   never pass

version targeted for testing:
 linux                81e1dc2f70014b9523dd02ca763788e4f81e5bac
baseline version:
 linux                8b4118fabd6eb75fed19483b04dab3a036886489

Last test of basis   184687  2024-02-16 18:13:56 Z    7 days
Testing same since   184734  2024-02-23 08:41:05 Z    0 days    1 attempts

------------------------------------------------------------
People who touched revisions under test:
  "Christian A. Ehrhardt" <[email protected]>
  Aaron Conole <[email protected]>
  Aleksander Mazur <[email protected]>
  Alex Deucher <[email protected]>
  Alexander Stein <[email protected]>
  Alexandra Winter <[email protected]>
  Alexandru Gagniuc <[email protected]>
  Alexey Khoroshilov <[email protected]>
  Allen Pais <[email protected]>
  Andi Shyti <[email protected]>
  Andrei Vagin <[email protected]>
  Andrejs Cainikovs <[email protected]>
  Andrew Morton <[email protected]>
  Andy Chi <[email protected]>
  Arnd Bergmann <[email protected]>
  Audra Mitchell <[email protected]>
  Bagas Sanjaya <[email protected]>
  Baokun Li <[email protected]>
  Bibo Mao <[email protected]>
  Bjorn Andersson <[email protected]>
  bo liu <[email protected]>
  Boris Burkov <[email protected]>
  Borislav Petkov (AMD) <[email protected]>
  Borislav Petkov <[email protected]>
  Brad Spengler <[email protected]>
  Breno Leitao <[email protected]>
  Brian Norris <[email protected]>
  Bryan O'Donoghue <[email protected]> # qrb5165-rb5
  Carlos Llamas <[email protected]>
  Christian A. Ehrhardt <[email protected]>
  Christian Brauner <[email protected]>
  Christian König <[email protected]>
  Christoph Paasch <[email protected]>
  Chuck Lever <[email protected]>
  Damien Le Moal <[email protected]>
  Dan Carpenter <[email protected]>
  Daniel Basilio <[email protected]>
  Daniel Borkmann <[email protected]>
  Daniel Bristot de Oliveira <[email protected]>
  Daniel de Villiers <[email protected]>
  Daniel Wheeler <[email protected]>
  Danilo Krummrich <[email protected]>
  Dave Hansen <[email protected]>
  Dave Jiang <[email protected]>
  David Engraf <[email protected]>
  David Howells <[email protected]>
  David Lin <[email protected]>
  David S. Miller <[email protected]>
  David Schiller <[email protected]>
  David Senoner <[email protected]>
  David Sterba <[email protected]>
  David Wang <[email protected]>
  Davidlohr Bueso <[email protected]>
  Dinghao Liu <[email protected]>
  Dmitry Osipenko <[email protected]>
  Dmitry Torokhov <[email protected]>
  Doug Berger <[email protected]>
  Dylan Hatch <[email protected]>
  Easwar Hariharan <[email protected]>
  Edson Juliano Drosdeck <[email protected]>
  Ekansh Gupta <[email protected]>
  Eniac Zhang <[email protected]>
  Eric Dumazet <[email protected]>
  Esben Haabendal <[email protected]>
  Fedor Pchelkin <[email protected]>
  Felix Kuehling <[email protected]>
  Felix Moessbauer <[email protected]>
  Filipe Manana <[email protected]>
  Florian Fainelli <[email protected]>
  Fred Ai <[email protected]>
  Gavin Shan <[email protected]>
  Geliang Tang <[email protected]>
  Geliang Tang <[email protected]>
  Georgi Djakov <[email protected]>
  Greg Kroah-Hartman <[email protected]>
  Gregory CLEMENT <[email protected]>
  Guenter Roeck <[email protected]>
  Guruswamy Basavaiah <[email protected]>
  H. Peter Anvin <[email protected]>
  Heikki Krogerus <[email protected]>
  Helge Deller <[email protected]>
  Herbert Xu <[email protected]>
  Horatiu Vultur <[email protected]>
  Huacai Chen <[email protected]>
  Hugo Villeneuve <[email protected]>
  Hui Zhou <[email protected]>
  Ido Schimmel <[email protected]>
  Ilya Dryomov <[email protected]>
  Ivan Vecera <[email protected]>
  Jakub Kicinski <[email protected]>
  Jan Beulich <[email protected]>
  Jann Horn <[email protected]>
  Jason Gerecke <[email protected]>
  Jason Gerecke <[email protected]>
  Jason Gunthorpe <[email protected]>
  Jean Delvare <[email protected]>
  Jens Axboe <[email protected]>
  Jiangfeng Xiao <[email protected]>
  Jiri Kosina <[email protected]>
  Jiri Olsa <[email protected]>
  Johan Hovold <[email protected]>
  Johannes Berg <[email protected]>
  John Allen <[email protected]>
  John Johansen <[email protected]>
  John Kacur <[email protected]>
  Jon Hunter <[email protected]>
  Jonathan Cameron <[email protected]>
  Josef Bacik <[email protected]>
  José Relvas <[email protected]>
  Jozsef Kadlecsik <[email protected]>
  Junxiao Bi <[email protected]>
  Kalle Valo <[email protected]>
  Kelsey Steele <[email protected]>
  kernelci.org bot <[email protected]>
  Kim Phillips <[email protected]>
  Konrad Dybcio <[email protected]>
  Konstantin Komarov <[email protected]>
  Krzysztof Kozlowski <[email protected]>
  Laurent Pinchart <[email protected]>
  Lee Duncan <[email protected]>
  limingming3 <[email protected]>
  limingming3 <[email protected]>
  Linus Torvalds <[email protected]>
  Linus Torvalds <[email protected]>
  Linux Kernel Functional Testing <[email protected]>
  Lokesh Gidra <[email protected]>
  Louis Peens <[email protected]>
  Luka Guzenko <[email protected]>
  Lukas Wunner <[email protected]>
  Marc Kleine-Budde <[email protected]>
  Marc Zyngier <[email protected]>
  Marcel Ziswiler <[email protected]> # Verdin AM62 (IW416)
  Mario Limonciello <[email protected]>
  Mark Brown <[email protected]>
  Mark Rutland <[email protected]>
  Martin K. Petersen <[email protected]>
  Masahiro Yamada <[email protected]>
  Masami Hiramatsu (Google) <[email protected]>
  Mateusz Jończyk <[email protected]>
  Matthieu Baerts (NGI0) <[email protected]>
  Mauro Carvalho Chehab <[email protected]>
  Maxime Jayat <[email protected]>
  Michael Ellerman <[email protected]>
  Michael Kelley <[email protected]>
  Michal Hocko <[email protected]>
  Mike Marciniszyn <[email protected]>
  Mike Rapoport (IBM) <[email protected]>
  Mike Snitzer <[email protected]>
  Mikulas Patocka <[email protected]>
  Mingwei Zhang <[email protected]>
  Muchun Song <[email protected]>
  Mukesh Kumar Savaliya <[email protected]>
  Namjae Jeon <[email protected]>
  Nathan Chancellor <[email protected]>
  Naveen N Rao <[email protected]>
  NeilBrown <[email protected]>
  Nikita Zhandarovich <[email protected]>
  Nuno Sa <[email protected]>
  Oleg Nesterov <[email protected]>
  Oleksij Rempel <[email protected]>
  Oliver Neukum <[email protected]>
  Ondrej Mosnacek <[email protected]>
  Oscar Salvador <[email protected]>
  Pablo Neira Ayuso <[email protected]>
  Paolo Abeni <[email protected]>
  Paul Moore <[email protected]>
  Paulo Alcantara (SUSE) <[email protected]>
  Paulo Alcantara <[email protected]>
  Pavel Machek (CIP) <[email protected]>
  Peter Zijlstra (Intel) <[email protected]>
  Peter Zijlstra <[email protected]>
  Petr Machata <[email protected]>
  Philip Yang <[email protected]>
  Prakash Sangappa <[email protected]>
  Pucha Himasekhar Reddy <[email protected]> (A Contingent 
worker at Intel)
  Qu Wenruo <[email protected]>
  Radek Krejci <[email protected]>
  Rafal Romanowski <[email protected]>
  Randy Dunlap <[email protected]>
  Rishabh Dave <[email protected]>
  Rob Clark <[email protected]>
  Rob Herring <[email protected]>
  Ron Economos <[email protected]>
  Ryan Roberts <[email protected]>
  Ryusuke Konishi <[email protected]>
  Sabrina Dubroca <[email protected]>
  Salvatore Bonaccorso <[email protected]>
  Samuel Holland <[email protected]>
  Saravana Kannan <[email protected]>
  Sasha Levin <[email protected]>
  Sean Anderson <[email protected]>
  Sean Christopherson <[email protected]>
  Sean Young <[email protected]>
  Sebastian Ott <[email protected]>
  SeongJae Park <[email protected]>
  Shawn Guo <[email protected]>
  Shin'ichiro Kawasaki <[email protected]>
  Shiraz Saleem <[email protected]>
  Shradha Gupta <[email protected]>
  Shrikanth Hegde <[email protected]>
  Shuah Khan <[email protected]>
  Sinthu Raja <[email protected]>
  Sjoerd Simons <[email protected]>
  Song Liu <[email protected]>
  Souradeep Chakrabarti <[email protected]>
  Srinivas Pandruvada <[email protected]>
  Steffen Klassert <[email protected]>
  Stephan Gerhold <[email protected]>
  Steve French <[email protected]>
  Steve Wahl <[email protected]>
  Steven Rostedt (Google) <[email protected]>
  Takashi Iwai <[email protected]>
  Takashi Sakamoto <[email protected]>
  Tatsunosuke Tobita <[email protected]>
  Techno Mooney <[email protected]>
  Thadeu Lima de Souza Cascardo <[email protected]>
  Theodore Ts'o <[email protected]>
  Thinh Nguyen <[email protected]>
  Thomas Bogendoerfer <[email protected]>
  Thomas Gleixner <[email protected]>
  Tianjia Zhang <[email protected]>
  Tom Chung <[email protected]>
  Tomi Valkeinen <[email protected]>
  Tony Nguyen <[email protected]>
  Ulf Hansson <[email protected]>
  Uttkarsh Aggarwal <[email protected]>
  Uwe Kleine-König <[email protected]>
  Viken Dadhaniya <[email protected]>
  Vincent Donnefort <[email protected]>
  Vitaly Rodionov <[email protected]>
  Vivek Kasireddy <[email protected]>
  Will Deacon <[email protected]>
  Xu Yang <[email protected]>
  Yann Sionneau<[email protected]>
  Yonghong Song <[email protected]>
  yuan linyu <[email protected]>
  Zach O'Keefe <[email protected]>
  Zhenyu Zhang <[email protected]>
  zhili.liu <[email protected]>
  Zhipeng Lu <[email protected]>
  Ziqi Zhao <[email protected]>
  Стас Ничипорович <[email protected]>

jobs:
 build-amd64-xsm                                              pass    
 build-arm64-xsm                                              pass    
 build-i386-xsm                                               pass    
 build-amd64                                                  pass    
 build-arm64                                                  pass    
 build-armhf                                                  pass    
 build-i386                                                   pass    
 build-amd64-libvirt                                          pass    
 build-arm64-libvirt                                          pass    
 build-armhf-libvirt                                          pass    
 build-i386-libvirt                                           pass    
 build-amd64-pvops                                            pass    
 build-arm64-pvops                                            pass    
 build-armhf-pvops                                            pass    
 build-i386-pvops                                             pass    
 test-amd64-amd64-xl                                          pass    
 test-amd64-coresched-amd64-xl                                pass    
 test-arm64-arm64-xl                                          pass    
 test-armhf-armhf-xl                                          pass    
 test-amd64-amd64-libvirt-qemuu-debianhvm-amd64-xsm           fail    
 test-amd64-amd64-xl-qemut-stubdom-debianhvm-amd64-xsm        pass    
 test-amd64-amd64-xl-qemut-debianhvm-i386-xsm                 pass    
 test-amd64-amd64-xl-qemuu-debianhvm-i386-xsm                 pass    
 test-amd64-amd64-libvirt-xsm                                 pass    
 test-arm64-arm64-libvirt-xsm                                 pass    
 test-amd64-amd64-xl-xsm                                      pass    
 test-arm64-arm64-xl-xsm                                      pass    
 test-amd64-amd64-qemuu-nested-amd                            fail    
 test-amd64-amd64-xl-pvhv2-amd                                pass    
 test-amd64-amd64-dom0pvh-xl-amd                              pass    
 test-amd64-amd64-xl-qemut-debianhvm-amd64                    pass    
 test-amd64-amd64-xl-qemuu-debianhvm-amd64                    pass    
 test-amd64-amd64-freebsd11-amd64                             pass    
 test-amd64-amd64-freebsd12-amd64                             pass    
 test-amd64-amd64-xl-qemuu-ovmf-amd64                         pass    
 test-amd64-amd64-xl-qemut-win7-amd64                         fail    
 test-amd64-amd64-xl-qemuu-win7-amd64                         fail    
 test-amd64-amd64-xl-qemut-ws16-amd64                         fail    
 test-amd64-amd64-xl-qemuu-ws16-amd64                         fail    
 test-armhf-armhf-xl-arndale                                  pass    
 test-amd64-amd64-examine-bios                                pass    
 test-amd64-amd64-xl-credit1                                  pass    
 test-arm64-arm64-xl-credit1                                  pass    
 test-armhf-armhf-xl-credit1                                  pass    
 test-amd64-amd64-xl-credit2                                  pass    
 test-arm64-arm64-xl-credit2                                  pass    
 test-armhf-armhf-xl-credit2                                  pass    
 test-amd64-amd64-xl-qemuu-dmrestrict-amd64-dmrestrict        pass    
 test-amd64-amd64-examine                                     pass    
 test-arm64-arm64-examine                                     pass    
 test-armhf-armhf-examine                                     pass    
 test-amd64-amd64-qemuu-nested-intel                          pass    
 test-amd64-amd64-xl-pvhv2-intel                              pass    
 test-amd64-amd64-dom0pvh-xl-intel                            pass    
 test-amd64-amd64-libvirt                                     pass    
 test-armhf-armhf-libvirt                                     pass    
 test-amd64-amd64-xl-multivcpu                                pass    
 test-armhf-armhf-xl-multivcpu                                pass    
 test-amd64-amd64-pair                                        pass    
 test-amd64-amd64-libvirt-pair                                pass    
 test-amd64-amd64-xl-pvshim                                   pass    
 test-amd64-amd64-pygrub                                      pass    
 test-amd64-amd64-libvirt-qcow2                               pass    
 test-armhf-armhf-libvirt-qcow2                               pass    
 test-amd64-amd64-libvirt-raw                                 pass    
 test-arm64-arm64-libvirt-raw                                 pass    
 test-armhf-armhf-libvirt-raw                                 pass    
 test-amd64-amd64-xl-rtds                                     pass    
 test-armhf-armhf-xl-rtds                                     pass    
 test-amd64-amd64-xl-qemuu-debianhvm-amd64-shadow             pass    
 test-amd64-amd64-xl-shadow                                   pass    
 test-arm64-arm64-xl-thunderx                                 pass    
 test-amd64-amd64-examine-uefi                                pass    
 test-amd64-amd64-xl-vhd                                      pass    
 test-arm64-arm64-xl-vhd                                      pass    
 test-armhf-armhf-xl-vhd                                      pass    


------------------------------------------------------------
sg-report-flight on osstest.test-lab.xenproject.org
logs: /home/logs/logs
images: /home/logs/images

Logs, config files, etc. are available at
    http://logs.test-lab.xenproject.org/osstest/logs

Explanation of these reports, and of osstest in general, is at
    http://xenbits.xen.org/gitweb/?p=osstest.git;a=blob;f=README.email;hb=master
    http://xenbits.xen.org/gitweb/?p=osstest.git;a=blob;f=README;hb=master

Test harness code can be found at
    http://xenbits.xen.org/gitweb?p=osstest.git;a=summary


Pushing revision :

hint: The 'hooks/update' hook was ignored because it's not set as executable.
hint: You can disable this warning with `git config advice.ignoredHook false`.
hint: The 'hooks/post-receive' hook was ignored because it's not set as 
executable.
hint: You can disable this warning with `git config advice.ignoredHook false`.
hint: The 'hooks/post-update' hook was ignored because it's not set as 
executable.
hint: You can disable this warning with `git config advice.ignoredHook false`.
To xenbits.xen.org:/home/xen/git/linux-pvops.git
   8b4118fabd6eb..81e1dc2f70014  81e1dc2f70014b9523dd02ca763788e4f81e5bac -> 
tested/linux-6.1

Reply via email to