flight 184757 linux-linus real [real] http://logs.test-lab.xenproject.org/osstest/logs/184757/
Failures :-/ but no regressions. Tests which did not succeed, but are not blocking: test-armhf-armhf-libvirt-raw 13 guest-start fail blocked in 184738 test-amd64-amd64-xl-qemut-win7-amd64 19 guest-stop fail like 184738 test-amd64-amd64-xl-qemuu-win7-amd64 19 guest-stop fail like 184738 test-amd64-amd64-xl-qemuu-ws16-amd64 19 guest-stop fail like 184738 test-armhf-armhf-libvirt 16 saverestore-support-check fail like 184738 test-amd64-amd64-xl-qemut-ws16-amd64 19 guest-stop fail like 184738 test-armhf-armhf-libvirt-qcow2 15 saverestore-support-check fail like 184738 test-amd64-amd64-qemuu-nested-amd 20 debian-hvm-install/l1/l2 fail like 184738 test-amd64-amd64-libvirt-xsm 15 migrate-support-check fail never pass test-amd64-amd64-libvirt 15 migrate-support-check fail never pass test-arm64-arm64-xl-thunderx 15 migrate-support-check fail never pass test-arm64-arm64-xl-thunderx 16 saverestore-support-check fail never pass test-arm64-arm64-xl-xsm 15 migrate-support-check fail never pass test-arm64-arm64-xl-credit2 15 migrate-support-check fail never pass test-arm64-arm64-xl-xsm 16 saverestore-support-check fail never pass test-arm64-arm64-xl-credit2 16 saverestore-support-check fail never pass test-arm64-arm64-xl-credit1 15 migrate-support-check fail never pass test-arm64-arm64-xl-credit1 16 saverestore-support-check fail never pass test-arm64-arm64-xl 15 migrate-support-check fail never pass test-arm64-arm64-xl 16 saverestore-support-check fail never pass test-arm64-arm64-libvirt-xsm 15 migrate-support-check fail never pass test-arm64-arm64-libvirt-xsm 16 saverestore-support-check fail never pass test-amd64-amd64-libvirt-qemuu-debianhvm-amd64-xsm 13 migrate-support-check fail never pass test-armhf-armhf-xl-arndale 15 migrate-support-check fail never pass test-armhf-armhf-xl-arndale 16 saverestore-support-check fail never pass test-armhf-armhf-xl-credit2 15 migrate-support-check fail never pass test-armhf-armhf-xl-credit2 16 saverestore-support-check fail never pass test-amd64-amd64-libvirt-qcow2 14 migrate-support-check fail never pass test-amd64-amd64-libvirt-raw 14 migrate-support-check fail never pass test-arm64-arm64-libvirt-raw 14 migrate-support-check fail never pass test-arm64-arm64-libvirt-raw 15 saverestore-support-check fail never pass test-arm64-arm64-xl-vhd 14 migrate-support-check fail never pass test-arm64-arm64-xl-vhd 15 saverestore-support-check fail never pass test-armhf-armhf-xl-vhd 14 migrate-support-check fail never pass test-armhf-armhf-xl-vhd 15 saverestore-support-check fail never pass test-armhf-armhf-xl-multivcpu 15 migrate-support-check fail never pass test-armhf-armhf-xl-multivcpu 16 saverestore-support-check fail never pass test-armhf-armhf-xl-rtds 15 migrate-support-check fail never pass test-armhf-armhf-xl-rtds 16 saverestore-support-check fail never pass test-armhf-armhf-xl 15 migrate-support-check fail never pass test-armhf-armhf-xl 16 saverestore-support-check fail never pass test-armhf-armhf-xl-credit1 15 migrate-support-check fail never pass test-armhf-armhf-xl-credit1 16 saverestore-support-check fail never pass test-armhf-armhf-libvirt 15 migrate-support-check fail never pass test-armhf-armhf-libvirt-qcow2 14 migrate-support-check fail never pass version targeted for testing: linux ab0a97cffa0bb3b529ca08b0caea772ddb3e0b5c baseline version: linux b6d69282db550689ab5980e06eedd23b64584a73 Last test of basis 184738 2024-02-23 17:42:09 Z 1 days Failing since 184749 2024-02-24 10:36:24 Z 1 days 3 attempts Testing same since 184757 2024-02-25 02:59:57 Z 0 days 1 attempts ------------------------------------------------------------ People who touched revisions under test: Alex Deucher <[email protected]> Alexander Gordeev <[email protected]> Alexander Stein <[email protected]> Alexander Sverdlin <[email protected]> Alison Schofield <[email protected]> Amit Machhiwal <[email protected]> Andi Shyti <[email protected]> Andrew Manley <[email protected]> Andrew Morton <[email protected]> Andrzej Kacprowski <[email protected]> Andy Yan <[email protected]> Anshuman Khandual <[email protected]> Armin Wolf <[email protected]> Arnd Bergmann <[email protected]> Arunpravin Paneer Selvam <[email protected]> Ashutosh Dixit <[email protected]> Benjamin Gray <[email protected]> Chanho Min <[email protected]> Chengming Zhou <[email protected]> Chris Li <[email protected]> Chris Morgan <[email protected]> Christian König <[email protected]> Colin Ian King <[email protected]> Conor Dooley <[email protected]> Corey Minyard <[email protected]> Dan Carpenter <[email protected]> Dan Williams <[email protected]> Daniel Wheeler <[email protected]> Danilo Krummrich <[email protected]> Dave Airlie <[email protected]> Dave Hansen <[email protected]> Dave Jiang <[email protected]> David Hildenbrand <[email protected]> Dmitry Baryshkov <[email protected]> Don Brace <[email protected]> Erik Kurzinger <[email protected]> Fabio Estevam <[email protected]> Florian Fainelli <[email protected]> #Broadcom Gaurav Batra <[email protected]> Geert Uytterhoeven <[email protected]> Guenter Roeck <[email protected]> Heiko Carstens <[email protected]> Heiko Stuebner <[email protected]> Heiko Stuebner <[email protected]> Helge Deller <[email protected]> Hojin Nam <[email protected]> Huacai Chen <[email protected]> Jacek Lawrynowicz <[email protected]> Jason Gunthorpe <[email protected]> Javier Martinez Canillas <[email protected]> Joerg Roedel <[email protected]> Johan Jonker <[email protected]> Johannes Weiner <[email protected]> Joonas Lahtinen <[email protected]> José Roberto de Souza <[email protected]> Julian Sikorski <[email protected]> Kairui Song <[email protected]> Krzysztof Kozlowski <[email protected]> Lad Prabhakar <[email protected]> Lewis Huang <[email protected]> Li Ming <[email protected]> Linus Torvalds <[email protected]> Lu Baolu <[email protected]> Lucas Stach <[email protected]> Ma Jun <[email protected]> Marek Vasut <[email protected]> Mark Brown <[email protected]> Martin Blumenstingl <[email protected]> Martin K. Petersen <[email protected]> Matthew Auld <[email protected]> Matthew Brost <[email protected]> Max Kellermann <[email protected]> Maxime Ripard <[email protected]> Maxime Ripard <[email protected]> Melissa Wen <[email protected]> Michael Ellerman <[email protected]> Michal Hocko <[email protected]> Mike Rapoport (IBM) <[email protected]> Mike Snitzer <[email protected]> Mikulas Patocka <[email protected]> Naohiro Aota <[email protected]> Neil Armstrong <[email protected]> Nhat Pham <[email protected]> Nikita Shubin <[email protected]> Niklas Schnelle <[email protected]> Oreoluwa Babatunde <[email protected]> Peter Oberparleiter <[email protected]> Randy Dunlap <[email protected]> Rob Herring <[email protected]> Robert Richter <[email protected]> Robin Murphy <[email protected]> Rodrigo Siqueira <[email protected]> Rodrigo Vivi <[email protected]> Samasth Norway Ananda <[email protected]> Sebastian Reichel <[email protected]> SeongJae Park <[email protected]> Shakeel Butt <[email protected]> Shakeel Butt <[email protected]> Shawn Guo <[email protected]> Simon Ser <[email protected]> Srinivasan Shanmugam <[email protected]> Steve Morvai <[email protected]> Swapnil Patel <[email protected]> Tasos Sahanidis <[email protected]> Terry Tritton <[email protected]> Thierry Reding <[email protected]> Thomas Hellstrom <[email protected]> Thomas Hellström <[email protected]> Thomas Zimmermann <[email protected]> Thorsten Winkler <[email protected]> Uwe Kleine-König <[email protected]> WANG Xuerui <[email protected]> Wayne Lin <[email protected]> Will Deacon <[email protected]> Wolfram Sang <[email protected]> Wonjae Lee <[email protected]> Yi Liu <[email protected]> Yi Sun <[email protected]> Yogesh Chandra Pandey <[email protected]> Yosry Ahmed <[email protected]> Yu Zhao <[email protected]> Zhangfei Gao <[email protected]> jobs: build-amd64-xsm pass build-arm64-xsm pass build-i386-xsm pass build-amd64 pass build-arm64 pass build-armhf pass build-i386 pass build-amd64-libvirt pass build-arm64-libvirt pass build-armhf-libvirt pass build-i386-libvirt pass build-amd64-pvops pass build-arm64-pvops pass build-armhf-pvops pass build-i386-pvops pass test-amd64-amd64-xl pass test-amd64-coresched-amd64-xl pass test-arm64-arm64-xl pass test-armhf-armhf-xl pass test-amd64-amd64-libvirt-qemuu-debianhvm-amd64-xsm pass test-amd64-amd64-xl-qemut-stubdom-debianhvm-amd64-xsm pass test-amd64-amd64-xl-qemut-debianhvm-i386-xsm pass test-amd64-amd64-xl-qemuu-debianhvm-i386-xsm pass test-amd64-amd64-libvirt-xsm pass test-arm64-arm64-libvirt-xsm pass test-amd64-amd64-xl-xsm pass test-arm64-arm64-xl-xsm pass test-amd64-amd64-qemuu-nested-amd fail test-amd64-amd64-xl-pvhv2-amd pass test-amd64-amd64-dom0pvh-xl-amd pass test-amd64-amd64-xl-qemut-debianhvm-amd64 pass test-amd64-amd64-xl-qemuu-debianhvm-amd64 pass test-amd64-amd64-freebsd11-amd64 pass test-amd64-amd64-freebsd12-amd64 pass test-amd64-amd64-xl-qemuu-ovmf-amd64 pass test-amd64-amd64-xl-qemut-win7-amd64 fail test-amd64-amd64-xl-qemuu-win7-amd64 fail test-amd64-amd64-xl-qemut-ws16-amd64 fail test-amd64-amd64-xl-qemuu-ws16-amd64 fail test-armhf-armhf-xl-arndale pass test-amd64-amd64-examine-bios pass test-amd64-amd64-xl-credit1 pass test-arm64-arm64-xl-credit1 pass test-armhf-armhf-xl-credit1 pass test-amd64-amd64-xl-credit2 pass test-arm64-arm64-xl-credit2 pass test-armhf-armhf-xl-credit2 pass test-amd64-amd64-xl-qemuu-dmrestrict-amd64-dmrestrict pass test-amd64-amd64-examine pass test-arm64-arm64-examine pass test-armhf-armhf-examine pass test-amd64-amd64-qemuu-nested-intel pass test-amd64-amd64-xl-pvhv2-intel pass test-amd64-amd64-dom0pvh-xl-intel pass test-amd64-amd64-libvirt pass test-armhf-armhf-libvirt pass test-amd64-amd64-xl-multivcpu pass test-armhf-armhf-xl-multivcpu pass test-amd64-amd64-pair pass test-amd64-amd64-libvirt-pair pass test-amd64-amd64-xl-pvshim pass test-amd64-amd64-pygrub pass test-amd64-amd64-libvirt-qcow2 pass test-armhf-armhf-libvirt-qcow2 pass test-amd64-amd64-libvirt-raw pass test-arm64-arm64-libvirt-raw pass test-armhf-armhf-libvirt-raw fail test-amd64-amd64-xl-rtds pass test-armhf-armhf-xl-rtds pass test-amd64-amd64-xl-qemuu-debianhvm-amd64-shadow pass test-amd64-amd64-xl-shadow pass test-arm64-arm64-xl-thunderx pass test-amd64-amd64-examine-uefi pass test-amd64-amd64-xl-vhd pass test-arm64-arm64-xl-vhd pass test-armhf-armhf-xl-vhd pass ------------------------------------------------------------ sg-report-flight on osstest.test-lab.xenproject.org logs: /home/logs/logs images: /home/logs/images Logs, config files, etc. are available at http://logs.test-lab.xenproject.org/osstest/logs Explanation of these reports, and of osstest in general, is at http://xenbits.xen.org/gitweb/?p=osstest.git;a=blob;f=README.email;hb=master http://xenbits.xen.org/gitweb/?p=osstest.git;a=blob;f=README;hb=master Test harness code can be found at http://xenbits.xen.org/gitweb?p=osstest.git;a=summary Pushing revision : hint: The 'hooks/update' hook was ignored because it's not set as executable. hint: You can disable this warning with `git config advice.ignoredHook false`. hint: The 'hooks/post-receive' hook was ignored because it's not set as executable. hint: You can disable this warning with `git config advice.ignoredHook false`. hint: The 'hooks/post-update' hook was ignored because it's not set as executable. hint: You can disable this warning with `git config advice.ignoredHook false`. To xenbits.xen.org:/home/xen/git/linux-pvops.git b6d69282db550..ab0a97cffa0bb ab0a97cffa0bb3b529ca08b0caea772ddb3e0b5c -> tested/linux-linus
