flight 124060 libvirt real [real]
http://logs.test-lab.xenproject.org/osstest/logs/124060/

Regressions :-(

Tests which did not succeed and are blocking,
including tests which could not be run:
 build-amd64-libvirt           6 libvirt-build            fail REGR. vs. 123814
 build-i386-libvirt            6 libvirt-build            fail REGR. vs. 123814
 build-arm64-libvirt           6 libvirt-build            fail REGR. vs. 123814
 build-armhf-libvirt           6 libvirt-build            fail REGR. vs. 123814

Tests which did not succeed, but are not blocking:
 test-arm64-arm64-libvirt      1 build-check(1)               blocked  n/a
 test-amd64-amd64-libvirt-pair  1 build-check(1)               blocked  n/a
 test-amd64-amd64-libvirt-xsm  1 build-check(1)               blocked  n/a
 test-armhf-armhf-libvirt-xsm  1 build-check(1)               blocked  n/a
 test-armhf-armhf-libvirt-raw  1 build-check(1)               blocked  n/a
 test-armhf-armhf-libvirt      1 build-check(1)               blocked  n/a
 test-amd64-i386-libvirt-pair  1 build-check(1)               blocked  n/a
 test-amd64-amd64-libvirt-vhd  1 build-check(1)               blocked  n/a
 test-amd64-i386-libvirt       1 build-check(1)               blocked  n/a
 test-arm64-arm64-libvirt-qcow2  1 build-check(1)               blocked  n/a
 test-arm64-arm64-libvirt-xsm  1 build-check(1)               blocked  n/a
 test-amd64-amd64-libvirt      1 build-check(1)               blocked  n/a
 test-amd64-i386-libvirt-xsm   1 build-check(1)               blocked  n/a
 test-amd64-i386-libvirt-qemuu-debianhvm-amd64-xsm 1 build-check(1) blocked n/a
 test-amd64-amd64-libvirt-qemuu-debianhvm-amd64-xsm 1 build-check(1) blocked n/a

version targeted for testing:
 libvirt              057a78ea3177c149be171326795a28d23fc5ee85
baseline version:
 libvirt              076a2b409667dd9f716a2a2085e1ffea9d58fe8b

Last test of basis   123814  2018-06-05 04:19:23 Z    6 days
Failing since        123840  2018-06-06 04:19:28 Z    5 days    6 attempts
Testing same since   123981  2018-06-09 04:18:57 Z    2 days    3 attempts

------------------------------------------------------------
People who touched revisions under test:
  Andrea Bolognani <[email protected]>
  Brijesh Singh <[email protected]>
  Daniel Nicoletti <[email protected]>
  Daniel P. Berrangé <[email protected]>
  Filip Alac <[email protected]>
  Jiri Denemark <[email protected]>
  John Ferlan <[email protected]>
  Ján Tomko <[email protected]>
  Katerina Koukiou <[email protected]>
  Laszlo Ersek <[email protected]>
  Marc Hartmayer <[email protected]>
  Martin Kletzander <[email protected]>
  Michal Privoznik <[email protected]>
  Peter Krempa <[email protected]>
  Radostin Stoyanov <[email protected]>
  Ramy Elkest <[email protected]>
  ramyelkest <[email protected]>
  Roman Bogorodskiy <[email protected]>
  Stefan Berger <[email protected]>

jobs:
 build-amd64-xsm                                              pass    
 build-arm64-xsm                                              pass    
 build-armhf-xsm                                              pass    
 build-i386-xsm                                               pass    
 build-amd64                                                  pass    
 build-arm64                                                  pass    
 build-armhf                                                  pass    
 build-i386                                                   pass    
 build-amd64-libvirt                                          fail    
 build-arm64-libvirt                                          fail    
 build-armhf-libvirt                                          fail    
 build-i386-libvirt                                           fail    
 build-amd64-pvops                                            pass    
 build-arm64-pvops                                            pass    
 build-armhf-pvops                                            pass    
 build-i386-pvops                                             pass    
 test-amd64-amd64-libvirt-qemuu-debianhvm-amd64-xsm           blocked 
 test-amd64-i386-libvirt-qemuu-debianhvm-amd64-xsm            blocked 
 test-amd64-amd64-libvirt-xsm                                 blocked 
 test-arm64-arm64-libvirt-xsm                                 blocked 
 test-armhf-armhf-libvirt-xsm                                 blocked 
 test-amd64-i386-libvirt-xsm                                  blocked 
 test-amd64-amd64-libvirt                                     blocked 
 test-arm64-arm64-libvirt                                     blocked 
 test-armhf-armhf-libvirt                                     blocked 
 test-amd64-i386-libvirt                                      blocked 
 test-amd64-amd64-libvirt-pair                                blocked 
 test-amd64-i386-libvirt-pair                                 blocked 
 test-arm64-arm64-libvirt-qcow2                               blocked 
 test-armhf-armhf-libvirt-raw                                 blocked 
 test-amd64-amd64-libvirt-vhd                                 blocked 


------------------------------------------------------------
sg-report-flight on osstest.test-lab.xenproject.org
logs: /home/logs/logs
images: /home/logs/images

Logs, config files, etc. are available at
    http://logs.test-lab.xenproject.org/osstest/logs

Explanation of these reports, and of osstest in general, is at
    http://xenbits.xen.org/gitweb/?p=osstest.git;a=blob;f=README.email;hb=master
    http://xenbits.xen.org/gitweb/?p=osstest.git;a=blob;f=README;hb=master

Test harness code can be found at
    http://xenbits.xen.org/gitweb?p=osstest.git;a=summary


Not pushing.

(No revision log; it would be 2609 lines long.)

_______________________________________________
Xen-devel mailing list
[email protected]
https://lists.xenproject.org/mailman/listinfo/xen-devel

Reply via email to