flight 184829 linux-linus real [real]
http://logs.test-lab.xenproject.org/osstest/logs/184829/

Regressions :-(

Tests which did not succeed and are blocking,
including tests which could not be run:
 test-amd64-amd64-qemuu-nested-intel    <job status>                 broken
 test-amd64-amd64-pygrub         <job status>                 broken
 test-amd64-amd64-xl-qemut-stubdom-debianhvm-amd64-xsm 8 xen-boot fail REGR. 
vs. 184816
 test-amd64-amd64-xl           8 xen-boot                 fail REGR. vs. 184816
 test-amd64-amd64-xl-qemuu-debianhvm-amd64  8 xen-boot    fail REGR. vs. 184816
 test-amd64-amd64-xl-qemut-debianhvm-i386-xsm  8 xen-boot fail REGR. vs. 184816
 test-amd64-amd64-freebsd11-amd64  8 xen-boot             fail REGR. vs. 184816
 test-amd64-amd64-xl-qemuu-debianhvm-amd64-shadow 8 xen-boot fail REGR. vs. 
184816
 test-amd64-amd64-xl-qemuu-ovmf-amd64  8 xen-boot         fail REGR. vs. 184816
 test-amd64-amd64-pygrub       8 xen-boot       fail in 184825 REGR. vs. 184816
 build-arm64-xsm               6 xen-build      fail in 184825 REGR. vs. 184816

Tests which are failing intermittently (not blocking):
 test-amd64-amd64-pygrub       5 host-install(5)          broken pass in 184825
 test-amd64-amd64-qemuu-nested-intel  5 host-install(5)   broken pass in 184825
 test-amd64-amd64-xl-vhd       8 xen-boot                   fail pass in 184825
 test-amd64-amd64-xl-multivcpu  8 xen-boot                  fail pass in 184825
 test-amd64-amd64-examine      8 reboot                     fail pass in 184825
 test-armhf-armhf-libvirt-qcow2 20 leak-check/check         fail pass in 184825

Tests which did not succeed, but are not blocking:
 test-arm64-arm64-xl-xsm       1 build-check(1)           blocked in 184825 n/a
 test-arm64-arm64-libvirt-xsm  1 build-check(1)           blocked in 184825 n/a
 test-amd64-amd64-xl-qemut-win7-amd64 19 guest-stop            fail like 184816
 test-amd64-amd64-xl-qemuu-win7-amd64 19 guest-stop            fail like 184816
 test-amd64-amd64-xl-qemuu-ws16-amd64 19 guest-stop            fail like 184816
 test-armhf-armhf-libvirt-qcow2 15 saverestore-support-check   fail like 184816
 test-armhf-armhf-libvirt-raw 15 saverestore-support-check    fail  like 184816
 test-armhf-armhf-libvirt     16 saverestore-support-check    fail  like 184816
 test-amd64-amd64-xl-qemut-ws16-amd64 19 guest-stop            fail like 184816
 test-amd64-amd64-qemuu-nested-amd 20 debian-hvm-install/l1/l2 fail like 184816
 test-amd64-amd64-libvirt-xsm 15 migrate-support-check        fail   never pass
 test-amd64-amd64-libvirt     15 migrate-support-check        fail   never pass
 test-arm64-arm64-xl          15 migrate-support-check        fail   never pass
 test-arm64-arm64-xl          16 saverestore-support-check    fail   never pass
 test-arm64-arm64-xl-thunderx 15 migrate-support-check        fail   never pass
 test-arm64-arm64-xl-thunderx 16 saverestore-support-check    fail   never pass
 test-arm64-arm64-xl-credit1  15 migrate-support-check        fail   never pass
 test-arm64-arm64-xl-credit1  16 saverestore-support-check    fail   never pass
 test-arm64-arm64-xl-credit2  15 migrate-support-check        fail   never pass
 test-arm64-arm64-xl-credit2  16 saverestore-support-check    fail   never pass
 test-arm64-arm64-libvirt-xsm 15 migrate-support-check        fail   never pass
 test-arm64-arm64-libvirt-xsm 16 saverestore-support-check    fail   never pass
 test-amd64-amd64-libvirt-qemuu-debianhvm-amd64-xsm 13 migrate-support-check 
fail never pass
 test-armhf-armhf-xl-credit2  15 migrate-support-check        fail   never pass
 test-armhf-armhf-xl-credit2  16 saverestore-support-check    fail   never pass
 test-arm64-arm64-xl-xsm      15 migrate-support-check        fail   never pass
 test-arm64-arm64-xl-xsm      16 saverestore-support-check    fail   never pass
 test-amd64-amd64-libvirt-qcow2 14 migrate-support-check        fail never pass
 test-amd64-amd64-libvirt-raw 14 migrate-support-check        fail   never pass
 test-arm64-arm64-libvirt-raw 14 migrate-support-check        fail   never pass
 test-arm64-arm64-libvirt-raw 15 saverestore-support-check    fail   never pass
 test-arm64-arm64-xl-vhd      14 migrate-support-check        fail   never pass
 test-arm64-arm64-xl-vhd      15 saverestore-support-check    fail   never pass
 test-armhf-armhf-libvirt-qcow2 14 migrate-support-check        fail never pass
 test-armhf-armhf-xl-vhd      14 migrate-support-check        fail   never pass
 test-armhf-armhf-xl-vhd      15 saverestore-support-check    fail   never pass
 test-armhf-armhf-libvirt-raw 14 migrate-support-check        fail   never pass
 test-armhf-armhf-xl-multivcpu 15 migrate-support-check        fail  never pass
 test-armhf-armhf-xl-multivcpu 16 saverestore-support-check    fail  never pass
 test-armhf-armhf-xl-rtds     15 migrate-support-check        fail   never pass
 test-armhf-armhf-xl-rtds     16 saverestore-support-check    fail   never pass
 test-armhf-armhf-xl-arndale  15 migrate-support-check        fail   never pass
 test-armhf-armhf-xl-arndale  16 saverestore-support-check    fail   never pass
 test-armhf-armhf-xl          15 migrate-support-check        fail   never pass
 test-armhf-armhf-xl          16 saverestore-support-check    fail   never pass
 test-armhf-armhf-xl-credit1  15 migrate-support-check        fail   never pass
 test-armhf-armhf-xl-credit1  16 saverestore-support-check    fail   never pass
 test-armhf-armhf-libvirt     15 migrate-support-check        fail   never pass

version targeted for testing:
 linux                87adedeba51a822533649b143232418b9e26d08b
baseline version:
 linux                805d849d7c3cc1f38efefd48b2480d62b7b5dcb7

Last test of basis   184816  2024-02-29 05:22:18 Z    1 days
Testing same since   184825  2024-02-29 21:14:29 Z    0 days    2 attempts

------------------------------------------------------------
People who touched revisions under test:
  Alexander Ofitserov <[email protected]>
  Amritha Nambiar <[email protected]>
  Andre Werner <[email protected]>
  Arkadiusz Kubalewski <[email protected]>
  Benjamin Berg <[email protected]>
  Charlie Jenkins <[email protected]>
  Christophe Leroy <[email protected]>
  Clancy Shang <[email protected]>
  David S. Miller <[email protected]>
  Davide Caratti <[email protected]>
  Emmanuel Grumbach <[email protected]>
  Eric Dumazet <[email protected]>
  Felix Fietkau <[email protected]>
  Florian Westphal <[email protected]>
  Frédéric Danis <[email protected]>
  Geliang Tang <[email protected]>
  Geoff Levand <[email protected]>
  Guenter Roeck <[email protected]>
  Haiyue Wang <[email protected]>
  Ignat Korchagin <[email protected]>
  Jakub Kicinski <[email protected]>
  Jakub Raczynski <[email protected]>
  Janaki Ramaiah Thota <[email protected]>
  Javier Carrasco <[email protected]>
  Jeff Johnson <[email protected]>
  Jeremy Kerr <[email protected]>
  Johan Hovold <[email protected]>
  Johannes Berg <[email protected]>
  Jonas Dreßler <[email protected]>
  Justin Iurman <[email protected]>
  Kai-Heng Feng <[email protected]>
  Kalle Valo <[email protected]>
  Kurt Kanzenbach <[email protected]>
  Lin Ma <[email protected]>
  Linus Torvalds <[email protected]>
  Luiz Augusto von Dentz <[email protected]>
  Lukasz Majewski <[email protected]>
  Madalin Bucur <[email protected]>
  Matthieu Baerts (NGI0) <[email protected]>
  Michal Kubecek <[email protected]>
  Mickaël Salaün <[email protected]>
  Miri Korenblit <[email protected]>
  Nicolas Dichtel <[email protected]>
  Nikolay Aleksandrov <[email protected]>
  Oleksij Rempel <[email protected]>
  Pablo Neira Ayuso <[email protected]>
  Palmer Dabbelt <[email protected]>
  Paolo Abeni <[email protected]>
  Pucha Himasekhar Reddy <[email protected]> (A Contingent 
worker at Intel)
  Randy Dunlap <[email protected]>
  Ryosuke Yasuoka <[email protected]>
  Sabrina Dubroca <[email protected]>
  Serge Semin <[email protected]>
  Shannon Nelson <[email protected]>
  Stanislav Fomichev <[email protected]>
  Sunitha Mekala <[email protected]> (A Contingent worker at Intel)
  Tony Nguyen <[email protected]>
  Vladimir Oltean <[email protected]>
  Ying Hsu <[email protected]>
  Yochai Hagvi <[email protected]>
  Yunjian Wang <[email protected]>
  Yuxuan Hu <[email protected]>
  Zijun Hu <[email protected]>

jobs:
 build-amd64-xsm                                              pass    
 build-arm64-xsm                                              pass    
 build-i386-xsm                                               pass    
 build-amd64                                                  pass    
 build-arm64                                                  pass    
 build-armhf                                                  pass    
 build-i386                                                   pass    
 build-amd64-libvirt                                          pass    
 build-arm64-libvirt                                          pass    
 build-armhf-libvirt                                          pass    
 build-i386-libvirt                                           pass    
 build-amd64-pvops                                            pass    
 build-arm64-pvops                                            pass    
 build-armhf-pvops                                            pass    
 build-i386-pvops                                             pass    
 test-amd64-amd64-xl                                          fail    
 test-amd64-coresched-amd64-xl                                pass    
 test-arm64-arm64-xl                                          pass    
 test-armhf-armhf-xl                                          pass    
 test-amd64-amd64-libvirt-qemuu-debianhvm-amd64-xsm           pass    
 test-amd64-amd64-xl-qemut-stubdom-debianhvm-amd64-xsm        fail    
 test-amd64-amd64-xl-qemut-debianhvm-i386-xsm                 fail    
 test-amd64-amd64-xl-qemuu-debianhvm-i386-xsm                 pass    
 test-amd64-amd64-libvirt-xsm                                 pass    
 test-arm64-arm64-libvirt-xsm                                 pass    
 test-amd64-amd64-xl-xsm                                      pass    
 test-arm64-arm64-xl-xsm                                      pass    
 test-amd64-amd64-qemuu-nested-amd                            fail    
 test-amd64-amd64-xl-pvhv2-amd                                pass    
 test-amd64-amd64-dom0pvh-xl-amd                              pass    
 test-amd64-amd64-xl-qemut-debianhvm-amd64                    pass    
 test-amd64-amd64-xl-qemuu-debianhvm-amd64                    fail    
 test-amd64-amd64-freebsd11-amd64                             fail    
 test-amd64-amd64-freebsd12-amd64                             pass    
 test-amd64-amd64-xl-qemuu-ovmf-amd64                         fail    
 test-amd64-amd64-xl-qemut-win7-amd64                         fail    
 test-amd64-amd64-xl-qemuu-win7-amd64                         fail    
 test-amd64-amd64-xl-qemut-ws16-amd64                         fail    
 test-amd64-amd64-xl-qemuu-ws16-amd64                         fail    
 test-armhf-armhf-xl-arndale                                  pass    
 test-amd64-amd64-examine-bios                                pass    
 test-amd64-amd64-xl-credit1                                  pass    
 test-arm64-arm64-xl-credit1                                  pass    
 test-armhf-armhf-xl-credit1                                  pass    
 test-amd64-amd64-xl-credit2                                  pass    
 test-arm64-arm64-xl-credit2                                  pass    
 test-armhf-armhf-xl-credit2                                  pass    
 test-amd64-amd64-xl-qemuu-dmrestrict-amd64-dmrestrict        pass    
 test-amd64-amd64-examine                                     fail    
 test-arm64-arm64-examine                                     pass    
 test-armhf-armhf-examine                                     pass    
 test-amd64-amd64-qemuu-nested-intel                          broken  
 test-amd64-amd64-xl-pvhv2-intel                              pass    
 test-amd64-amd64-dom0pvh-xl-intel                            pass    
 test-amd64-amd64-libvirt                                     pass    
 test-armhf-armhf-libvirt                                     pass    
 test-amd64-amd64-xl-multivcpu                                fail    
 test-armhf-armhf-xl-multivcpu                                pass    
 test-amd64-amd64-pair                                        pass    
 test-amd64-amd64-libvirt-pair                                pass    
 test-amd64-amd64-xl-pvshim                                   pass    
 test-amd64-amd64-pygrub                                      broken  
 test-amd64-amd64-libvirt-qcow2                               pass    
 test-armhf-armhf-libvirt-qcow2                               fail    
 test-amd64-amd64-libvirt-raw                                 pass    
 test-arm64-arm64-libvirt-raw                                 pass    
 test-armhf-armhf-libvirt-raw                                 pass    
 test-amd64-amd64-xl-rtds                                     pass    
 test-armhf-armhf-xl-rtds                                     pass    
 test-amd64-amd64-xl-qemuu-debianhvm-amd64-shadow             fail    
 test-amd64-amd64-xl-shadow                                   pass    
 test-arm64-arm64-xl-thunderx                                 pass    
 test-amd64-amd64-examine-uefi                                pass    
 test-amd64-amd64-xl-vhd                                      fail    
 test-arm64-arm64-xl-vhd                                      pass    
 test-armhf-armhf-xl-vhd                                      pass    


------------------------------------------------------------
sg-report-flight on osstest.test-lab.xenproject.org
logs: /home/logs/logs
images: /home/logs/images

Logs, config files, etc. are available at
    http://logs.test-lab.xenproject.org/osstest/logs

Explanation of these reports, and of osstest in general, is at
    http://xenbits.xen.org/gitweb/?p=osstest.git;a=blob;f=README.email;hb=master
    http://xenbits.xen.org/gitweb/?p=osstest.git;a=blob;f=README;hb=master

Test harness code can be found at
    http://xenbits.xen.org/gitweb?p=osstest.git;a=summary

broken-job test-amd64-amd64-qemuu-nested-intel broken
broken-job test-amd64-amd64-pygrub broken
broken-step test-amd64-amd64-pygrub host-install(5)
broken-step test-amd64-amd64-qemuu-nested-intel host-install(5)

Not pushing.

(No revision log; it would be 2602 lines long.)

Reply via email to