flight 185053 linux-6.1 real [real] http://logs.test-lab.xenproject.org/osstest/logs/185053/
Failures :-/ but no regressions. Regressions which are regarded as allowable (not blocking): test-armhf-armhf-xl-rtds 12 debian-install fail REGR. vs. 184922 Tests which did not succeed, but are not blocking: test-armhf-armhf-libvirt 16 saverestore-support-check fail like 184922 test-amd64-amd64-xl-qemuu-win7-amd64 19 guest-stop fail like 184922 test-armhf-armhf-libvirt-raw 15 saverestore-support-check fail like 184922 test-armhf-armhf-libvirt-qcow2 15 saverestore-support-check fail like 184922 test-amd64-amd64-xl-qemut-win7-amd64 19 guest-stop fail like 184922 test-amd64-amd64-xl-qemut-ws16-amd64 19 guest-stop fail like 184922 test-amd64-amd64-xl-qemuu-ws16-amd64 19 guest-stop fail like 184922 test-amd64-amd64-qemuu-nested-amd 20 debian-hvm-install/l1/l2 fail like 184922 test-armhf-armhf-xl-multivcpu 15 migrate-support-check fail never pass test-armhf-armhf-xl-multivcpu 16 saverestore-support-check fail never pass test-amd64-amd64-libvirt-xsm 15 migrate-support-check fail never pass test-amd64-amd64-libvirt 15 migrate-support-check fail never pass test-amd64-amd64-libvirt-qemuu-debianhvm-amd64-xsm 13 migrate-support-check fail never pass test-arm64-arm64-xl 15 migrate-support-check fail never pass test-arm64-arm64-xl 16 saverestore-support-check fail never pass test-arm64-arm64-xl-credit1 15 migrate-support-check fail never pass test-arm64-arm64-xl-credit1 16 saverestore-support-check fail never pass test-arm64-arm64-xl-xsm 15 migrate-support-check fail never pass test-arm64-arm64-xl-xsm 16 saverestore-support-check fail never pass test-arm64-arm64-xl-thunderx 15 migrate-support-check fail never pass test-arm64-arm64-xl-thunderx 16 saverestore-support-check fail never pass test-arm64-arm64-xl-credit2 15 migrate-support-check fail never pass test-arm64-arm64-xl-credit2 16 saverestore-support-check fail never pass test-arm64-arm64-libvirt-xsm 15 migrate-support-check fail never pass test-arm64-arm64-libvirt-xsm 16 saverestore-support-check fail never pass test-armhf-armhf-xl 15 migrate-support-check fail never pass test-armhf-armhf-xl 16 saverestore-support-check fail never pass test-armhf-armhf-xl-credit2 15 migrate-support-check fail never pass test-armhf-armhf-xl-credit2 16 saverestore-support-check fail never pass test-armhf-armhf-xl-arndale 15 migrate-support-check fail never pass test-armhf-armhf-xl-arndale 16 saverestore-support-check fail never pass test-armhf-armhf-xl-credit1 15 migrate-support-check fail never pass test-armhf-armhf-xl-credit1 16 saverestore-support-check fail never pass test-armhf-armhf-libvirt 15 migrate-support-check fail never pass test-amd64-amd64-libvirt-qcow2 14 migrate-support-check fail never pass test-amd64-amd64-libvirt-raw 14 migrate-support-check fail never pass test-arm64-arm64-libvirt-raw 14 migrate-support-check fail never pass test-arm64-arm64-libvirt-raw 15 saverestore-support-check fail never pass test-arm64-arm64-xl-vhd 14 migrate-support-check fail never pass test-arm64-arm64-xl-vhd 15 saverestore-support-check fail never pass test-armhf-armhf-libvirt-raw 14 migrate-support-check fail never pass test-armhf-armhf-libvirt-qcow2 14 migrate-support-check fail never pass test-armhf-armhf-xl-vhd 14 migrate-support-check fail never pass test-armhf-armhf-xl-vhd 15 saverestore-support-check fail never pass version targeted for testing: linux d7543167affd372819a94879b8b1e8b9b12547d9 baseline version: linux 61adba85cc40287232a539e607164f273260e0fe Last test of basis 184922 2024-03-06 15:13:36 Z 9 days Testing same since 185053 2024-03-15 19:18:14 Z 0 days 1 attempts ------------------------------------------------------------ People who touched revisions under test: Alex Deucher <[email protected]> Andrew Morton <[email protected]> Chandan Kumar Rout <[email protected]> (A Contingent Worker at Intel) Christian Borntraeger <[email protected]> Dave Hansen <[email protected]> David S. Miller <[email protected]> Dylan Hatch <[email protected]> Edward Adam Davis <[email protected]> Eric Dumazet <[email protected]> Fangzhi Zuo <[email protected]> Florian Fainelli <[email protected]> Florian Kauer <[email protected]> Florian Westphal <[email protected]> Friedrich Vock <[email protected]> Gao Xiang <[email protected]> Greg Kroah-Hartman <[email protected]> Hamza Mahfooz <[email protected]> Horatiu Vultur <[email protected]> Hui Zhou <[email protected]> Ilya Dryomov <[email protected]> Jacob Keller <[email protected]> Jakub Kicinski <[email protected]> Jan Kara <[email protected]> Janosch Frank <[email protected]> Jason Xing <[email protected]> Johan Hovold <[email protected]> Josh Poimboeuf <[email protected]> kernelci.org bot <[email protected]> Lena Wang <[email protected]> Linux Kernel Functional Testing <[email protected]> Louis Peens <[email protected]> Ma Hanghong <[email protected]> Maciej Fijalkowski <[email protected]> Magnus Karlsson <[email protected]> Mark Broadworth <[email protected]> Mark Brown <[email protected]> Martin KaFai Lau <[email protected]> Mathias Nyman <[email protected]> Matthieu Baerts (NGI0) <[email protected]> Michal Pecio <[email protected]> Michał Pecio <[email protected]> Muhammad Usama Anjum <[email protected]> Naama Meir <[email protected]> Nico Boehr <[email protected]> Nico Pache <[email protected]> Oleg Nesterov <[email protected]> Oleksij Rempel <[email protected]> Pablo Neira Ayuso <[email protected]> Paolo Abeni <[email protected]> Pavel Machek (CIP) <[email protected]> Pawan Gupta <[email protected]> Rafal Romanowski <[email protected]> Rand Deeb <[email protected]> Rodrigo Siqueira <[email protected]> Sasha Levin <[email protected]> Simon Horman <[email protected]> Srinivasan Shanmugam <[email protected]> Steven Rostedt (Google) <[email protected]> Tobias Jakobi (Compleo) <[email protected]> Toke Høiland-Jørgensen <[email protected]> Tony Nguyen <[email protected]> Wentao Jia <[email protected]> Xiubo Li <[email protected]> jobs: build-amd64-xsm pass build-arm64-xsm pass build-i386-xsm pass build-amd64 pass build-arm64 pass build-armhf pass build-i386 pass build-amd64-libvirt pass build-arm64-libvirt pass build-armhf-libvirt pass build-i386-libvirt pass build-amd64-pvops pass build-arm64-pvops pass build-armhf-pvops pass build-i386-pvops pass test-amd64-amd64-xl pass test-amd64-coresched-amd64-xl pass test-arm64-arm64-xl pass test-armhf-armhf-xl pass test-amd64-amd64-libvirt-qemuu-debianhvm-amd64-xsm pass test-amd64-amd64-xl-qemut-stubdom-debianhvm-amd64-xsm pass test-amd64-amd64-xl-qemut-debianhvm-i386-xsm pass test-amd64-amd64-xl-qemuu-debianhvm-i386-xsm pass test-amd64-amd64-libvirt-xsm pass test-arm64-arm64-libvirt-xsm pass test-amd64-amd64-xl-xsm pass test-arm64-arm64-xl-xsm pass test-amd64-amd64-qemuu-nested-amd fail test-amd64-amd64-xl-pvhv2-amd pass test-amd64-amd64-dom0pvh-xl-amd pass test-amd64-amd64-xl-qemut-debianhvm-amd64 pass test-amd64-amd64-xl-qemuu-debianhvm-amd64 pass test-amd64-amd64-freebsd11-amd64 pass test-amd64-amd64-freebsd12-amd64 pass test-amd64-amd64-xl-qemuu-ovmf-amd64 pass test-amd64-amd64-xl-qemut-win7-amd64 fail test-amd64-amd64-xl-qemuu-win7-amd64 fail test-amd64-amd64-xl-qemut-ws16-amd64 fail test-amd64-amd64-xl-qemuu-ws16-amd64 fail test-armhf-armhf-xl-arndale pass test-amd64-amd64-examine-bios pass test-amd64-amd64-xl-credit1 pass test-arm64-arm64-xl-credit1 pass test-armhf-armhf-xl-credit1 pass test-amd64-amd64-xl-credit2 pass test-arm64-arm64-xl-credit2 pass test-armhf-armhf-xl-credit2 pass test-amd64-amd64-xl-qemuu-dmrestrict-amd64-dmrestrict pass test-amd64-amd64-examine pass test-arm64-arm64-examine pass test-armhf-armhf-examine pass test-amd64-amd64-qemuu-nested-intel pass test-amd64-amd64-xl-pvhv2-intel pass test-amd64-amd64-dom0pvh-xl-intel pass test-amd64-amd64-libvirt pass test-armhf-armhf-libvirt pass test-amd64-amd64-xl-multivcpu pass test-armhf-armhf-xl-multivcpu pass test-amd64-amd64-pair pass test-amd64-amd64-libvirt-pair pass test-amd64-amd64-xl-pvshim pass test-amd64-amd64-pygrub pass test-amd64-amd64-libvirt-qcow2 pass test-armhf-armhf-libvirt-qcow2 pass test-amd64-amd64-libvirt-raw pass test-arm64-arm64-libvirt-raw pass test-armhf-armhf-libvirt-raw pass test-amd64-amd64-xl-rtds pass test-armhf-armhf-xl-rtds fail test-amd64-amd64-xl-qemuu-debianhvm-amd64-shadow pass test-amd64-amd64-xl-shadow pass test-arm64-arm64-xl-thunderx pass test-amd64-amd64-examine-uefi pass test-amd64-amd64-xl-vhd pass test-arm64-arm64-xl-vhd pass test-armhf-armhf-xl-vhd pass ------------------------------------------------------------ sg-report-flight on osstest.test-lab.xenproject.org logs: /home/logs/logs images: /home/logs/images Logs, config files, etc. are available at http://logs.test-lab.xenproject.org/osstest/logs Explanation of these reports, and of osstest in general, is at http://xenbits.xen.org/gitweb/?p=osstest.git;a=blob;f=README.email;hb=master http://xenbits.xen.org/gitweb/?p=osstest.git;a=blob;f=README;hb=master Test harness code can be found at http://xenbits.xen.org/gitweb?p=osstest.git;a=summary Pushing revision : hint: The 'hooks/update' hook was ignored because it's not set as executable. hint: You can disable this warning with `git config advice.ignoredHook false`. hint: The 'hooks/post-receive' hook was ignored because it's not set as executable. hint: You can disable this warning with `git config advice.ignoredHook false`. hint: The 'hooks/post-update' hook was ignored because it's not set as executable. hint: You can disable this warning with `git config advice.ignoredHook false`. To xenbits.xen.org:/home/xen/git/linux-pvops.git 61adba85cc40..d7543167affd d7543167affd372819a94879b8b1e8b9b12547d9 -> tested/linux-6.1
