flight 185168 linux-5.4 real [real]
http://logs.test-lab.xenproject.org/osstest/logs/185168/

Failures :-/ but no regressions.

Tests which did not succeed, but are not blocking:
 test-armhf-armhf-xl-credit1  14 guest-start                  fail  like 185071
 test-armhf-armhf-xl-multivcpu 18 guest-start/debian.repeat    fail like 185080
 test-amd64-i386-xl-qemut-win7-amd64 19 guest-stop             fail like 185108
 test-amd64-amd64-xl-qemuu-win7-amd64 19 guest-stop            fail like 185108
 test-amd64-i386-xl-qemuu-win7-amd64 19 guest-stop             fail like 185108
 test-amd64-amd64-xl-qemut-win7-amd64 19 guest-stop            fail like 185108
 test-armhf-armhf-xl-rtds     18 guest-start/debian.repeat    fail  like 185108
 test-amd64-amd64-xl-qemuu-ws16-amd64 19 guest-stop            fail like 185108
 test-amd64-amd64-xl-qemut-ws16-amd64 19 guest-stop            fail like 185108
 test-amd64-i386-xl-qemut-ws16-amd64 19 guest-stop             fail like 185108
 test-armhf-armhf-libvirt     16 saverestore-support-check    fail  like 185108
 test-armhf-armhf-xl-credit2  18 guest-start/debian.repeat    fail  like 185108
 test-amd64-i386-xl-qemuu-ws16-amd64 19 guest-stop             fail like 185108
 test-amd64-amd64-qemuu-nested-amd 20 debian-hvm-install/l1/l2 fail like 185108
 test-amd64-i386-libvirt-qemuu-debianhvm-amd64-xsm 13 migrate-support-check 
fail never pass
 test-amd64-amd64-libvirt     15 migrate-support-check        fail   never pass
 test-amd64-i386-xl-pvshim    14 guest-start                  fail   never pass
 test-amd64-i386-libvirt      15 migrate-support-check        fail   never pass
 test-amd64-amd64-libvirt-xsm 15 migrate-support-check        fail   never pass
 test-amd64-i386-libvirt-xsm  15 migrate-support-check        fail   never pass
 test-amd64-i386-libvirt-qcow2 14 migrate-support-check        fail  never pass
 test-arm64-arm64-xl          15 migrate-support-check        fail   never pass
 test-arm64-arm64-xl          16 saverestore-support-check    fail   never pass
 test-arm64-arm64-libvirt-xsm 15 migrate-support-check        fail   never pass
 test-arm64-arm64-libvirt-xsm 16 saverestore-support-check    fail   never pass
 test-arm64-arm64-xl-thunderx 15 migrate-support-check        fail   never pass
 test-arm64-arm64-xl-thunderx 16 saverestore-support-check    fail   never pass
 test-arm64-arm64-xl-credit1  15 migrate-support-check        fail   never pass
 test-arm64-arm64-xl-credit2  15 migrate-support-check        fail   never pass
 test-arm64-arm64-xl-credit1  16 saverestore-support-check    fail   never pass
 test-arm64-arm64-xl-credit2  16 saverestore-support-check    fail   never pass
 test-arm64-arm64-xl-xsm      15 migrate-support-check        fail   never pass
 test-arm64-arm64-xl-xsm      16 saverestore-support-check    fail   never pass
 test-amd64-amd64-libvirt-qemuu-debianhvm-amd64-xsm 13 migrate-support-check 
fail never pass
 test-armhf-armhf-xl-multivcpu 15 migrate-support-check        fail  never pass
 test-armhf-armhf-xl-multivcpu 16 saverestore-support-check    fail  never pass
 test-armhf-armhf-xl-rtds     15 migrate-support-check        fail   never pass
 test-armhf-armhf-xl-rtds     16 saverestore-support-check    fail   never pass
 test-armhf-armhf-xl          15 migrate-support-check        fail   never pass
 test-armhf-armhf-xl          16 saverestore-support-check    fail   never pass
 test-armhf-armhf-xl-arndale  15 migrate-support-check        fail   never pass
 test-armhf-armhf-xl-arndale  16 saverestore-support-check    fail   never pass
 test-amd64-i386-libvirt-raw  14 migrate-support-check        fail   never pass
 test-amd64-amd64-libvirt-vhd 14 migrate-support-check        fail   never pass
 test-arm64-arm64-libvirt-raw 14 migrate-support-check        fail   never pass
 test-arm64-arm64-libvirt-raw 15 saverestore-support-check    fail   never pass
 test-armhf-armhf-xl-qcow2    14 migrate-support-check        fail   never pass
 test-armhf-armhf-xl-qcow2    15 saverestore-support-check    fail   never pass
 test-arm64-arm64-xl-vhd      14 migrate-support-check        fail   never pass
 test-arm64-arm64-xl-vhd      15 saverestore-support-check    fail   never pass
 test-armhf-armhf-libvirt-vhd 14 migrate-support-check        fail   never pass
 test-armhf-armhf-libvirt-vhd 15 saverestore-support-check    fail   never pass
 test-armhf-armhf-xl-credit2  15 migrate-support-check        fail   never pass
 test-armhf-armhf-xl-credit2  16 saverestore-support-check    fail   never pass
 test-armhf-armhf-libvirt     15 migrate-support-check        fail   never pass
 test-armhf-armhf-xl-raw      14 migrate-support-check        fail   never pass
 test-armhf-armhf-xl-raw      15 saverestore-support-check    fail   never pass

version targeted for testing:
 linux                24489321d0cd5339f9c2da01eb8bf2bccbac7956
baseline version:
 linux                84075826304f1a297838de6bcfd9bd84f566026e

Last test of basis   185108  2024-03-20 07:24:30 Z    7 days
Testing same since   185168  2024-03-26 23:14:28 Z    1 days    1 attempts

------------------------------------------------------------
People who touched revisions under test:
  "Jiri Slaby (SUSE)" <[email protected]>
  Adam Goldman <[email protected]>
  Alan Stern <[email protected]>
  Alban Boyé <[email protected]>
  Alex Bee <[email protected]>
  Alex Deucher <[email protected]>
  Alexander Gordeev <[email protected]>
  Alexander Stein <[email protected]>
  Alexandre Belloni <[email protected]>
  Alexei Starovoitov <[email protected]>
  Alexis Lothoré <[email protected]>
  Andreas Larsson <[email protected]>
  Andrii Nakryiko <[email protected]>
  Andrii Nakryiko <[email protected]>
  Andy Shevchenko <[email protected]>
  AngeloGioacchino Del Regno <[email protected]>
  Arend van Spriel <[email protected]>
  Armin Wolf <[email protected]>
  Arnd Bergmann <[email protected]>
  Arthur Kiyanovski <[email protected]>
  Baokun Li <[email protected]>
  Baruch Siach <[email protected]>
  Ben Wolsieffer <[email protected]>
  Bjorn Andersson <[email protected]>
  Bjorn Andersson <[email protected]>
  Bjorn Helgaas <[email protected]>
  Breno Leitao <[email protected]>
  Bryan O'Donoghue <[email protected]>
  Cai Huoqing <[email protected]>
  Caleb Connolly <[email protected]> # OnePlus 6
  Chen Ni <[email protected]>
  Christian Borntraeger <[email protected]>
  Christian Brauner <[email protected]>
  Christophe JAILLET <[email protected]>
  Chuck Lever <[email protected]>
  Chun-Kuang Hu <[email protected]>
  Chun-Yi Lee <[email protected]>
  Colin Ian King <[email protected]>
  Dan Carpenter <[email protected]>
  Daniel Borkmann <[email protected]>
  Daniel Thompson <[email protected]>
  Daniil Dulov <[email protected]>
  David Howells <[email protected]>
  David S. Miller <[email protected]>
  David Sterba <[email protected]>
  Dmitry Baryshkov <[email protected]>
  Dmitry Torokhov <[email protected]>
  Duoming Zhou <[email protected]>
  Edward Adam Davis <[email protected]>
  Eric Dumazet <[email protected]>
  Fedor Pchelkin <[email protected]>
  Fei Shao <[email protected]>
  Felix Maurer <[email protected]>
  Filipe Manana <[email protected]>
  Florian Fainelli <[email protected]>
  Gavrilov Ilia <[email protected]>
  Geert Uytterhoeven <[email protected]>
  Greg Joyce <[email protected]>
  Greg Kroah-Hartman <[email protected]>
  Guenter Roeck <[email protected]>
  Gurucharan G <[email protected]>
  Hans de Goede <[email protected]>
  Hans Verkuil <[email protected]>
  Harry Wentland <[email protected]>
  Heiko Carstens <[email protected]>
  Heiko Stuebner <[email protected]>
  Helge Deller <[email protected]>
  Helge Deller <[email protected]> # parisc STI console
  Herbert Xu <[email protected]>
  Hsin-Yi Wang <[email protected]>
  Hugo Villeneuve <[email protected]>
  Ian Rogers <[email protected]>
  Ilpo Järvinen <[email protected]>
  Jakub Kicinski <[email protected]>
  Jan Kara <[email protected]>
  Jason Gunthorpe <[email protected]>
  Jeff Johnson <[email protected]>
  Jens Axboe <[email protected]>
  Jerome Brunet <[email protected]>
  Jesper Dangaard Brouer <[email protected]>
  Jiaxun Yang <[email protected]>
  Jie Wang <[email protected]>
  Jijie Shao <[email protected]>
  Jinjie Ruan <[email protected]>
  Jiri Kosina <[email protected]>
  Jiri Olsa <[email protected]>
  Jiri Slaby (SUSE) <[email protected]>
  Joerg Roedel <[email protected]>
  Johan Carlsson <[email protected]>
  John Fastabend <[email protected]>
  John Stultz <[email protected]>
  Jonas Dreßler <[email protected]>
  Juergen Gross <[email protected]>
  Jörg Wedekind <[email protected]>
  Kajol Jain <[email protected]>
  Kalle Valo <[email protected]>
  Kalle Valo <[email protected]>
  Kalle Valo <[email protected]>
  Kamal Heib <[email protected]>
  Kees Cook <[email protected]>
  Konrad Dybcio <[email protected]>
  Kuniyuki Iwashima <[email protected]>
  Kunwu Chan <[email protected]>
  Laurent Pinchart <[email protected]>
  Lee Jones <[email protected]>
  Lena Wang <[email protected]>
  Leon Romanovsky <[email protected]>
  Linu Cherian <[email protected]>
  Linus Walleij <[email protected]>
  Linux Kernel Functional Testing <[email protected]>
  Luca Weiss <[email protected]>
  Lucas Stach <[email protected]>
  Luiz Augusto von Dentz <[email protected]>
  Manuel Fombuena <[email protected]>
  Marek Vasut <[email protected]>
  Mario Limonciello <[email protected]>
  Mark Brown <[email protected]>
  Martin K. Petersen <[email protected]>
  Martin KaFai Lau <[email protected]>
  Masahiro Yamada <[email protected]>
  Mauro Carvalho Chehab <[email protected]>
  Mauro Carvalho Chehab <[email protected]>
  Mauro Carvalho Chehab <[email protected]>
  Max Kellermann <[email protected]>
  Maxime Ripard <[email protected]>
  Melissa Wen <[email protected]>
  Mete Durlu <[email protected]>
  Michael Ellerman <[email protected]>
  Michael Klein <[email protected]>
  Michal Vokáč <[email protected]>
  Mike Snitzer <[email protected]>
  Mikulas Patocka <[email protected]>
  Ming Lei <[email protected]>
  Miquel Raynal <[email protected]>
  Namhyung Kim <[email protected]>
  Navid Emamdoost <[email protected]>
  Nikita Zhandarovich <[email protected]>
  Pablo Neira Ayuso <[email protected]>
  Paloma Arellano <[email protected]>
  Paolo Abeni <[email protected]>
  Paul E. McKenney <[email protected]>
  Peter Griffin <[email protected]>
  Peter Hilber <[email protected]>
  Peter Robinson <[email protected]>
  Pierre-Louis Bossart <[email protected]>
  Pucha Himasekhar Reddy <[email protected]> (A Contingent 
worker at Intel)
  Quentin Schulz <[email protected]>
  Rafael J. Wysocki <[email protected]>
  Rafał Miłecki <[email protected]>
  Rahul Rameshbabu <[email protected]>
  Randy Dunlap <[email protected]>
  Randy Dunlap <[email protected]> # build-tested
  Ranjan Kumar <[email protected]>
  Richard Cochran <[email protected]>
  Robert Foss <[email protected]>
  Robert Marko <[email protected]>
  Ruud Bos <[email protected]>
  Sakari Ailus <[email protected]>
  Sam Ravnborg <[email protected]>
  Sasha Levin <[email protected]>
  Saurav Girepunje <[email protected]>
  Shawn Guo <[email protected]>
  Shifeng Li <[email protected]>
  Shigeru Yoshida <[email protected]>
  Shiming Cheng <[email protected]>
  Sowjanya Komatineni <[email protected]>
  Srinivasan Shanmugam <[email protected]>
  Stephan Gerhold <[email protected]>
  Stephen Boyd <[email protected]>
  Stuart Henderson <[email protected]>
  Subbaraya Sundeep <[email protected]>
  Sunil Goutham <[email protected]>
  Takashi Iwai <[email protected]>
  Takashi Sakamoto <[email protected]>
  Tamar Mashiah <[email protected]>
  Thierry Reding <[email protected]>
  Thinh Tran <[email protected]>
  Thomas Bogendoerfer <[email protected]>
  Thomas Gleixner <[email protected]>
  Toke Høiland-Jørgensen <[email protected]>
  Tony Nguyen <[email protected]>
  Trond Myklebust <[email protected]>
  Tudor Ambarus <[email protected]>
  Ulf Hansson <[email protected]>
  Uwe Kleine-König <[email protected]>
  Vandana BN <[email protected]>
  Vinicius Costa Gomes <[email protected]>
  Vinod Koul <[email protected]>
  Wang Jianjian <[email protected]>
  Wim Van Sebroeck <[email protected]>
  Xingyuan Mo <[email protected]>
  Yan Zhai <[email protected]>
  Yang Jihong <[email protected]>
  Yewon Choi <[email protected]>
  Yishai Hadas <[email protected]>
  Yonghong Song <[email protected]>
  Yuxuan Hu <[email protected]>
  Zheng Yang <[email protected]>
  Zhipeng Lu <[email protected]>

jobs:
 build-amd64-xsm                                              pass    
 build-arm64-xsm                                              pass    
 build-i386-xsm                                               pass    
 build-amd64                                                  pass    
 build-arm64                                                  pass    
 build-armhf                                                  pass    
 build-i386                                                   pass    
 build-amd64-libvirt                                          pass    
 build-arm64-libvirt                                          pass    
 build-armhf-libvirt                                          pass    
 build-i386-libvirt                                           pass    
 build-amd64-pvops                                            pass    
 build-arm64-pvops                                            pass    
 build-armhf-pvops                                            pass    
 build-i386-pvops                                             pass    
 test-amd64-amd64-xl                                          pass    
 test-amd64-coresched-amd64-xl                                pass    
 test-arm64-arm64-xl                                          pass    
 test-armhf-armhf-xl                                          pass    
 test-amd64-i386-xl                                           pass    
 test-amd64-coresched-i386-xl                                 pass    
 test-amd64-amd64-libvirt-qemuu-debianhvm-amd64-xsm           pass    
 test-amd64-i386-libvirt-qemuu-debianhvm-amd64-xsm            pass    
 test-amd64-amd64-xl-qemut-stubdom-debianhvm-amd64-xsm        pass    
 test-amd64-i386-xl-qemut-stubdom-debianhvm-amd64-xsm         pass    
 test-amd64-amd64-xl-qemut-debianhvm-i386-xsm                 pass    
 test-amd64-i386-xl-qemut-debianhvm-i386-xsm                  pass    
 test-amd64-amd64-xl-qemuu-debianhvm-i386-xsm                 pass    
 test-amd64-i386-xl-qemuu-debianhvm-i386-xsm                  pass    
 test-amd64-amd64-libvirt-xsm                                 pass    
 test-arm64-arm64-libvirt-xsm                                 pass    
 test-amd64-i386-libvirt-xsm                                  pass    
 test-amd64-amd64-xl-xsm                                      pass    
 test-arm64-arm64-xl-xsm                                      pass    
 test-amd64-i386-xl-xsm                                       pass    
 test-amd64-amd64-qemuu-nested-amd                            fail    
 test-amd64-amd64-xl-pvhv2-amd                                pass    
 test-amd64-i386-qemut-rhel6hvm-amd                           pass    
 test-amd64-i386-qemuu-rhel6hvm-amd                           pass    
 test-amd64-amd64-dom0pvh-xl-amd                              pass    
 test-amd64-amd64-xl-qemut-debianhvm-amd64                    pass    
 test-amd64-i386-xl-qemut-debianhvm-amd64                     pass    
 test-amd64-amd64-xl-qemuu-debianhvm-amd64                    pass    
 test-amd64-i386-xl-qemuu-debianhvm-amd64                     pass    
 test-amd64-i386-qemuu-freebsd10-amd64                        pass    
 test-amd64-amd64-qemuu-freebsd11-amd64                       pass    
 test-amd64-amd64-qemuu-freebsd12-amd64                       pass    
 test-amd64-amd64-xl-qemuu-ovmf-amd64                         pass    
 test-amd64-i386-xl-qemuu-ovmf-amd64                          pass    
 test-amd64-amd64-xl-qemut-win7-amd64                         fail    
 test-amd64-i386-xl-qemut-win7-amd64                          fail    
 test-amd64-amd64-xl-qemuu-win7-amd64                         fail    
 test-amd64-i386-xl-qemuu-win7-amd64                          fail    
 test-amd64-amd64-xl-qemut-ws16-amd64                         fail    
 test-amd64-i386-xl-qemut-ws16-amd64                          fail    
 test-amd64-amd64-xl-qemuu-ws16-amd64                         fail    
 test-amd64-i386-xl-qemuu-ws16-amd64                          fail    
 test-armhf-armhf-xl-arndale                                  pass    
 test-amd64-amd64-examine-bios                                pass    
 test-amd64-i386-examine-bios                                 pass    
 test-amd64-amd64-xl-credit1                                  pass    
 test-arm64-arm64-xl-credit1                                  pass    
 test-armhf-armhf-xl-credit1                                  fail    
 test-amd64-amd64-xl-credit2                                  pass    
 test-arm64-arm64-xl-credit2                                  pass    
 test-armhf-armhf-xl-credit2                                  fail    
 test-amd64-amd64-xl-qemuu-dmrestrict-amd64-dmrestrict        pass    
 test-amd64-i386-xl-qemuu-dmrestrict-amd64-dmrestrict         pass    
 test-amd64-amd64-examine                                     pass    
 test-arm64-arm64-examine                                     pass    
 test-armhf-armhf-examine                                     pass    
 test-amd64-i386-examine                                      pass    
 test-amd64-i386-qemuu-freebsd10-i386                         pass    
 test-amd64-amd64-qemuu-nested-intel                          pass    
 test-amd64-amd64-xl-pvhv2-intel                              pass    
 test-amd64-i386-qemut-rhel6hvm-intel                         pass    
 test-amd64-i386-qemuu-rhel6hvm-intel                         pass    
 test-amd64-amd64-dom0pvh-xl-intel                            pass    
 test-amd64-amd64-libvirt                                     pass    
 test-armhf-armhf-libvirt                                     pass    
 test-amd64-i386-libvirt                                      pass    
 test-amd64-amd64-xl-multivcpu                                pass    
 test-armhf-armhf-xl-multivcpu                                fail    
 test-amd64-amd64-pair                                        pass    
 test-amd64-i386-pair                                         pass    
 test-amd64-amd64-libvirt-pair                                pass    
 test-amd64-i386-libvirt-pair                                 pass    
 test-amd64-amd64-xl-pvshim                                   pass    
 test-amd64-i386-xl-pvshim                                    fail    
 test-amd64-amd64-pygrub                                      pass    
 test-amd64-i386-libvirt-qcow2                                pass    
 test-amd64-amd64-xl-qcow2                                    pass    
 test-armhf-armhf-xl-qcow2                                    pass    
 test-arm64-arm64-libvirt-raw                                 pass    
 test-amd64-i386-libvirt-raw                                  pass    
 test-amd64-amd64-xl-raw                                      pass    
 test-armhf-armhf-xl-raw                                      pass    
 test-amd64-amd64-xl-rtds                                     pass    
 test-armhf-armhf-xl-rtds                                     fail    
 test-amd64-amd64-xl-qemuu-debianhvm-amd64-shadow             pass    
 test-amd64-i386-xl-qemuu-debianhvm-amd64-shadow              pass    
 test-amd64-amd64-xl-shadow                                   pass    
 test-amd64-i386-xl-shadow                                    pass    
 test-arm64-arm64-xl-thunderx                                 pass    
 test-amd64-amd64-examine-uefi                                pass    
 test-amd64-i386-examine-uefi                                 pass    
 test-amd64-amd64-libvirt-vhd                                 pass    
 test-armhf-armhf-libvirt-vhd                                 pass    
 test-arm64-arm64-xl-vhd                                      pass    
 test-amd64-i386-xl-vhd                                       pass    


------------------------------------------------------------
sg-report-flight on osstest.test-lab.xenproject.org
logs: /home/logs/logs
images: /home/logs/images

Logs, config files, etc. are available at
    http://logs.test-lab.xenproject.org/osstest/logs

Explanation of these reports, and of osstest in general, is at
    http://xenbits.xen.org/gitweb/?p=osstest.git;a=blob;f=README.email;hb=master
    http://xenbits.xen.org/gitweb/?p=osstest.git;a=blob;f=README;hb=master

Test harness code can be found at
    http://xenbits.xen.org/gitweb?p=osstest.git;a=summary


Pushing revision :

hint: The 'hooks/update' hook was ignored because it's not set as executable.
hint: You can disable this warning with `git config advice.ignoredHook false`.
hint: The 'hooks/post-receive' hook was ignored because it's not set as 
executable.
hint: You can disable this warning with `git config advice.ignoredHook false`.
hint: The 'hooks/post-update' hook was ignored because it's not set as 
executable.
hint: You can disable this warning with `git config advice.ignoredHook false`.
To xenbits.xen.org:/home/xen/git/linux-pvops.git
   84075826304f..24489321d0cd  24489321d0cd5339f9c2da01eb8bf2bccbac7956 -> 
tested/linux-5.4

Reply via email to