flight 185765 linux-5.4 real [real]
http://logs.test-lab.xenproject.org/osstest/logs/185765/

Regressions :-(

Tests which did not succeed and are blocking,
including tests which could not be run:
 build-arm64-pvops               <job status>                 broken  in 185433
 build-arm64-xsm                 <job status>                 broken  in 185433
 build-arm64-libvirt             <job status>                 broken  in 185433
 test-arm64-arm64-libvirt-raw 17 guest-start/debian.repeat fail REGR. vs. 185168
 build-arm64-libvirt          5 host-build-prep fail in 185433 REGR. vs. 185168
 build-arm64-pvops            5 host-build-prep fail in 185433 REGR. vs. 185168
 build-arm64-xsm              5 host-build-prep fail in 185433 REGR. vs. 185168

Tests which are failing intermittently (not blocking):
 test-amd64-i386-qemut-rhel6hvm-amd 14 guest-start/redhat.repeat fail in 185433 
pass in 185765
 test-amd64-i386-libvirt-raw  12 debian-di-install          fail pass in 185433
 test-amd64-i386-libvirt-qcow2 12 debian-di-install         fail pass in 185433
 test-amd64-i386-xl-vhd       12 debian-di-install          fail pass in 185433

Tests which did not succeed, but are not blocking:
 test-arm64-arm64-libvirt-xsm  1 build-check(1)           blocked in 185433 n/a
 test-arm64-arm64-xl-vhd       1 build-check(1)           blocked in 185433 n/a
 test-arm64-arm64-xl-credit2   1 build-check(1)           blocked in 185433 n/a
 test-arm64-arm64-xl-credit1   1 build-check(1)           blocked in 185433 n/a
 test-arm64-arm64-xl-xsm       1 build-check(1)           blocked in 185433 n/a
 test-arm64-arm64-examine      1 build-check(1)           blocked in 185433 n/a
 test-arm64-arm64-xl           1 build-check(1)           blocked in 185433 n/a
 test-arm64-arm64-xl-thunderx  1 build-check(1)           blocked in 185433 n/a
 test-arm64-arm64-libvirt-raw  1 build-check(1)           blocked in 185433 n/a
 test-armhf-armhf-xl-credit1 18 guest-start/debian.repeat fail blocked in 185168
 test-armhf-armhf-xl-credit2  19 guest-start.2 fail in 185433 blocked in 185168
 test-armhf-armhf-xl-credit1  14 guest-start         fail in 185433 like 185168
 test-amd64-i386-libvirt-raw 14 migrate-support-check fail in 185433 never pass
 test-amd64-i386-libvirt-qcow2 14 migrate-support-check fail in 185433 never 
pass
 test-armhf-armhf-libvirt     16 saverestore-support-check    fail  like 185168
 test-amd64-amd64-xl-qemuu-win7-amd64 19 guest-stop            fail like 185168
 test-amd64-i386-xl-qemut-win7-amd64 19 guest-stop             fail like 185168
 test-amd64-amd64-xl-qemut-win7-amd64 19 guest-stop            fail like 185168
 test-armhf-armhf-xl-credit2  18 guest-start/debian.repeat    fail  like 185168
 test-amd64-i386-xl-qemuu-win7-amd64 19 guest-stop             fail like 185168
 test-armhf-armhf-xl-multivcpu 18 guest-start/debian.repeat    fail like 185168
 test-amd64-amd64-qemuu-nested-amd 20 debian-hvm-install/l1/l2 fail like 185168
 test-amd64-amd64-xl-qemuu-ws16-amd64 19 guest-stop            fail like 185168
 test-amd64-amd64-xl-qemut-ws16-amd64 19 guest-stop            fail like 185168
 test-amd64-i386-xl-qemut-ws16-amd64 19 guest-stop             fail like 185168
 test-amd64-i386-xl-qemuu-ws16-amd64 19 guest-stop             fail like 185168
 test-amd64-i386-libvirt-xsm  15 migrate-support-check        fail   never pass
 test-amd64-amd64-libvirt     15 migrate-support-check        fail   never pass
 test-amd64-amd64-libvirt-xsm 15 migrate-support-check        fail   never pass
 test-amd64-i386-xl-pvshim    14 guest-start                  fail   never pass
 test-amd64-i386-libvirt      15 migrate-support-check        fail   never pass
 test-amd64-amd64-libvirt-qemuu-debianhvm-amd64-xsm 13 migrate-support-check 
fail never pass
 test-amd64-i386-libvirt-qemuu-debianhvm-amd64-xsm 13 migrate-support-check 
fail never pass
 test-arm64-arm64-xl          15 migrate-support-check        fail   never pass
 test-arm64-arm64-xl-thunderx 15 migrate-support-check        fail   never pass
 test-arm64-arm64-xl-thunderx 16 saverestore-support-check    fail   never pass
 test-arm64-arm64-xl          16 saverestore-support-check    fail   never pass
 test-arm64-arm64-xl-credit2  15 migrate-support-check        fail   never pass
 test-arm64-arm64-xl-credit2  16 saverestore-support-check    fail   never pass
 test-arm64-arm64-xl-credit1  15 migrate-support-check        fail   never pass
 test-arm64-arm64-xl-credit1  16 saverestore-support-check    fail   never pass
 test-arm64-arm64-xl-xsm      15 migrate-support-check        fail   never pass
 test-arm64-arm64-xl-xsm      16 saverestore-support-check    fail   never pass
 test-arm64-arm64-libvirt-xsm 15 migrate-support-check        fail   never pass
 test-arm64-arm64-libvirt-xsm 16 saverestore-support-check    fail   never pass
 test-armhf-armhf-xl-credit1  15 migrate-support-check        fail   never pass
 test-armhf-armhf-xl-credit1  16 saverestore-support-check    fail   never pass
 test-armhf-armhf-xl-rtds     15 migrate-support-check        fail   never pass
 test-armhf-armhf-xl-credit2  15 migrate-support-check        fail   never pass
 test-armhf-armhf-xl-rtds     16 saverestore-support-check    fail   never pass
 test-armhf-armhf-xl-credit2  16 saverestore-support-check    fail   never pass
 test-armhf-armhf-xl-multivcpu 15 migrate-support-check        fail  never pass
 test-armhf-armhf-xl-multivcpu 16 saverestore-support-check    fail  never pass
 test-amd64-amd64-libvirt-vhd 14 migrate-support-check        fail   never pass
 test-armhf-armhf-xl          15 migrate-support-check        fail   never pass
 test-armhf-armhf-xl          16 saverestore-support-check    fail   never pass
 test-armhf-armhf-xl-arndale  15 migrate-support-check        fail   never pass
 test-armhf-armhf-xl-arndale  16 saverestore-support-check    fail   never pass
 test-armhf-armhf-libvirt     15 migrate-support-check        fail   never pass
 test-arm64-arm64-libvirt-raw 14 migrate-support-check        fail   never pass
 test-arm64-arm64-libvirt-raw 15 saverestore-support-check    fail   never pass
 test-arm64-arm64-xl-vhd      14 migrate-support-check        fail   never pass
 test-arm64-arm64-xl-vhd      15 saverestore-support-check    fail   never pass
 test-armhf-armhf-xl-qcow2    14 migrate-support-check        fail   never pass
 test-armhf-armhf-xl-qcow2    15 saverestore-support-check    fail   never pass
 test-armhf-armhf-xl-raw      14 migrate-support-check        fail   never pass
 test-armhf-armhf-xl-raw      15 saverestore-support-check    fail   never pass
 test-armhf-armhf-libvirt-vhd 14 migrate-support-check        fail   never pass
 test-armhf-armhf-libvirt-vhd 15 saverestore-support-check    fail   never pass

version targeted for testing:
 linux                0dbd436fb9908fbb442cb4c6e28044a891360229
baseline version:
 linux                24489321d0cd5339f9c2da01eb8bf2bccbac7956

Last test of basis   185168  2024-03-26 23:14:28 Z   27 days
Testing same since   185433  2024-04-13 11:16:55 Z   10 days   11 attempts

------------------------------------------------------------
People who touched revisions under test:
  "Andrey Jr. Melnikov" <[email protected]>
  Adrian Hunter <[email protected]>
  Alan Stern <[email protected]>
  Aleksandr Burakov <[email protected]>
  Aleksandr Loktionov <[email protected]>
  Alex Deucher <[email protected]>
  Alex Henrie <[email protected]>
  Alex Williamson <[email protected]>
  Alexandre Chartre <[email protected]>
  Amit Pundir <[email protected]>
  Andi Shyti <[email protected]>
  Andreas Larsson <[email protected]>
  Andrew Morton <[email protected]>
  Andrew Paniakin <[email protected]>
  Andrey Jr. Melnikov <[email protected]>
  Ard Biesheuvel <[email protected]>
  Arend van Spriel <[email protected]>
  Aric Cyr <[email protected]>
  Arnd Bergmann <[email protected]>
  Arseniy Krasnov <[email protected]>
  Aurélien Jacobs <[email protected]>
  Baokun Li <[email protected]>
  Bart Van Assche <[email protected]>
  Bastien Nocera <[email protected]>
  Bjorn Andersson <[email protected]>
  Bjorn Helgaas <[email protected]>
  Borislav Petkov (AMD) <[email protected]>
  Borislav Petkov <[email protected]>
  Camelia Groza <[email protected]>
  Cameron Williams <[email protected]>
  Carlo Caione <[email protected]>
  Casey Schaufler <[email protected]>
  Charlie Jenkins <[email protected]>
  Chris Wilson <[email protected]>
  Christian Brauner <[email protected]>
  Christian Häggström <[email protected]>
  Christoph Hellwig <[email protected]>
  Christophe JAILLET <[email protected]>
  Colin Ian King <[email protected]>
  Conrad Kostecki <[email protected]>
  Dai Ngo <[email protected]>
  Damian Muszynski <[email protected]>
  Damien Le Moal <[email protected]>
  Dan Carpenter <[email protected]>
  Daniel Borkmann <[email protected]>
  Daniel Drake <[email protected]>
  Daniel Vogelbacher <[email protected]>
  Daniel Wheeler <[email protected]>
  Dave Airlie <[email protected]>
  Dave Hansen <[email protected]>
  Dave Stevenson <[email protected]>
  David Hildenbrand <[email protected]>
  David S. Miller <[email protected]>
  David Sterba <[email protected]>
  Dirk Behme <[email protected]>
  Dmitry Antipov <[email protected]>
  Dmitry Torokhov <[email protected]>
  Dominique Martinet <[email protected]>
  Duje Mihanović <[email protected]>
  Duoming Zhou <[email protected]>
  Edward Adam Davis <[email protected]>
  Eric Dumazet <[email protected]>
  Felix Fietkau <[email protected]>
  Filipe Manana <[email protected]>
  Florian Fainelli <[email protected]>
  Francesco Dolcini <[email protected]>
  Gabor Juhos <[email protected]>
  Genjian Zhang <[email protected]>
  Gergo Koteles <[email protected]>
  Giovanni Cabiddu <[email protected]>
  Goldwyn Rodrigues <[email protected]>
  Greg Kroah-Hartman <[email protected]>
  Guenter Roeck <[email protected]>
  Gui-Dong Han <[email protected]>
  Guilherme G. Piccoli <[email protected]>
  Guo Mengqi <[email protected]>
  Hangbin Liu <[email protected]>
  Hans Verkuil <[email protected]>
  Harald Freudenberger <[email protected]>
  Harshit Mogalapalli <[email protected]>
  Heiko Carstens <[email protected]>
  Heiko Stuebner <[email protected]>
  Heiner Kallweit <[email protected]>
  Helge Deller <[email protected]>
  Herbert Xu <[email protected]>
  Hidenori Kobayashi <[email protected]>
  Hugo Villeneuve <[email protected]>
  Hui Wang <[email protected]>
  I Gede Agastya Darma Laksana <[email protected]>
  Ian Abbott <[email protected]>
  Ilpo Järvinen <[email protected]>
  Ingo Molnar <[email protected]>
  Jacopo Mondi <[email protected]>
  Jakub Kicinski <[email protected]>
  Jakub Sitnicki <[email protected]>
  Jamal Hadi Salim <[email protected]>
  Jan Kara <[email protected]>
  Jani Nikula <[email protected]>
  Janusz Krzysztofik <[email protected]>
  Jens Axboe <[email protected]>
  Jerome Brunet <[email protected]>
  Jian-Hong Pan <[email protected]>
  Joe Perches <[email protected]>
  Johan Hovold <[email protected]>
  Johan Jonker <[email protected]>
  Johannes Berg <[email protected]>
  John Fastabend <[email protected]>
  John Ogness <[email protected]>
  John Sperbeck <[email protected]>
  Jon Hunter <[email protected]>
  Jonathan Cameron <[email protected]>
  Jonathan Corbet <[email protected]>
  Josef Bacik <[email protected]>
  Josh Poimboeuf <[email protected]>
  Josua Mayer <[email protected]>
  Juergen Gross <[email protected]>
  Justin Tee <[email protected]>
  Kai-Heng Feng <[email protected]>
  Kailang Yang <[email protected]>
  Kalle Valo <[email protected]>
  Kalle Valo <[email protected]>
  Karthikeyan Ramasubramanian <[email protected]>
  Keerthana K <[email protected]>
  Kees Cook <[email protected]>
  kernelci.org bot <[email protected]>
  Kevin Hilman <[email protected]>
  Kim Phillips <[email protected]>
  Krishna Kurapati <[email protected]>
  Krzysztof Kozlowski <[email protected]>
  Kuniyuki Iwashima <[email protected]>
  Kuntal Nayak <[email protected]>
  Kunwu Chan <[email protected]>
  Lin Yujun <[email protected]>
  Linus Torvalds <[email protected]>
  Linux Kernel Functional Testing <[email protected]>
  Liu Shixin <[email protected]>
  Lubomir Rintel <[email protected]>
  Luiz Augusto von Dentz <[email protected]>
  Mahmoud Adam <[email protected]>
  Marco Felsch <[email protected]>
  Mark Brown <[email protected]>
  Martijn Coenen <[email protected]>
  Martin K. Petersen <[email protected]>
  Masahiro Yamada <[email protected]>
  Mathias Nyman <[email protected]>
  Matthew Wilcox (Oracle) <[email protected]>
  Maulik Shah <[email protected]>
  Max Filippov <[email protected]>
  Maxime Ripard <[email protected]>
  Maximilian Heyne <[email protected]>
  Mel Gorman <[email protected]>
  Michael Ellerman <[email protected]>
  Michael S. Tsirkin <[email protected]>
  Mike Snitzer <[email protected]>
  Mikko Rapeli <[email protected]>
  Miklos Szeredi <[email protected]>
  Mikulas Patocka <[email protected]>
  Minas Harutyunyan <[email protected]>
  Miquel Raynal <[email protected]>
  Muhammad Usama Anjum <[email protected]>
  Nathan Chancellor <[email protected]>
  Neil Armstrong <[email protected]>
  Nicolas Pitre <[email protected]>
  Nicolas Saenz Julienne <[email protected]>
  Niklas Cassel <[email protected]>
  Nilesh Javali <[email protected]>
  OGAWA Hirofumi <[email protected]>
  Oliver Neukum <[email protected]>
  Pablo Neira Ayuso <[email protected]>
  Paolo Abeni <[email protected]>
  Paul Barker <[email protected]>
  Paul Menzel <[email protected]>
  Peter Zijlstra (Intel) <[email protected]>
  Petr Mladek <[email protected]>
  Petre Rodan <[email protected]>
  Philipp Zabel <[email protected]>
  Piotr Wejman <[email protected]>
  Przemek Kitszel <[email protected]>
  Pucha Himasekhar Reddy <[email protected]> (A Contingent 
worker at Intel)
  Qiang Zhang <[email protected]>
  Qingliang Li <[email protected]>
  Quinn Tran <[email protected]>
  Rafael J. Wysocki <[email protected]>
  Rafael J. Wysocki <[email protected]>
  Rafal Romanowski <[email protected]>
  Randy Dunlap <[email protected]>
  Ricardo B. Marliere <[email protected]>
  Richard Weinberger <[email protected]>
  Ricky Wu <[email protected]>
  Roberto Sassu <[email protected]>
  Rodrigo Vivi <[email protected]>
  Roman Smirnov <[email protected]>
  Rui Qi <[email protected]>
  Ryosuke Yasuoka <[email protected]>
  Ryusuke Konishi <[email protected]>
  Sakari Ailus <[email protected]>
  Samasth Norway Ananda <[email protected]>
  Samuel Thibault <[email protected]>
  Sandipan Das <[email protected]>
  Sasha Levin <[email protected]>
  Sean Anderson <[email protected]>
  Sean Anderson <[email protected]>
  Sean Christopherson <[email protected]>
  SeongJae Park <[email protected]>
  Shannon Nelson <[email protected]>
  Sherry Sun <[email protected]>
  Shuah Khan <[email protected]>
  Siddh Raman Pant <[email protected]>
  Song Liu <[email protected]>
  Srinivas Kandagatla <[email protected]>
  Srivathsa Dara <[email protected]>
  Steffen Klassert <[email protected]>
  Stephen Lee <[email protected]>
  Steve Wahl <[email protected]>
  Steven Rostedt (Google) <[email protected]>
  Steven Rostedt <[email protected]>
  Sumanth Korikkar <[email protected]>
  Svyatoslav Pankratov <[email protected]>
  [email protected]
  Takashi Iwai <[email protected]>
  Tetsuo Handa <[email protected]>
  Thadeu Lima de Souza Cascardo <[email protected]>
  Thadeu Lima de Souza Cascardo <[email protected]>
  Theodore Ts'o <[email protected]>
  Thomas Gleixner <[email protected]>
  Thomas Zimmermann <[email protected]>
  Tim Schumacher <[email protected]>
  Toke Høiland-Jørgensen <[email protected]>
  Tony Nguyen <[email protected]>
  Toru Katagiri <[email protected]>
  Trond Myklebust <[email protected]>
  Ulf Hansson <[email protected]>
  Uwe Kleine-König <[email protected]>
  Vasiliy Kovalev <[email protected]>
  Vasily Gorbik <[email protected]>
  Vladimir Oltean <[email protected]>
  Vlastimil Babka <[email protected]>
  William Tu <[email protected]>
  Wolfram Sang <[email protected]>
  Xiao Ni <[email protected]>
  Yang Jihong <[email protected]>
  yangerkun <[email protected]>
  Yangxi Xiang <[email protected]>
  Yonghong Song <[email protected]>
  Yu Kuai <[email protected]>
  yuan linyu <[email protected]>
  Zhang Shurong <[email protected]>
  Zhang Yi <[email protected]>
  Zheng Wang <[email protected]>
  Zhong Jinghua <[email protected]>
  Zi Yan <[email protected]>
  Ziyang Xuan <[email protected]>

jobs:
 build-amd64-xsm                                              pass    
 build-arm64-xsm                                              pass    
 build-i386-xsm                                               pass    
 build-amd64                                                  pass    
 build-arm64                                                  pass    
 build-armhf                                                  pass    
 build-i386                                                   pass    
 build-amd64-libvirt                                          pass    
 build-arm64-libvirt                                          pass    
 build-armhf-libvirt                                          pass    
 build-i386-libvirt                                           pass    
 build-amd64-pvops                                            pass    
 build-arm64-pvops                                            pass    
 build-armhf-pvops                                            pass    
 build-i386-pvops                                             pass    
 test-amd64-amd64-xl                                          pass    
 test-amd64-coresched-amd64-xl                                pass    
 test-arm64-arm64-xl                                          pass    
 test-armhf-armhf-xl                                          pass    
 test-amd64-i386-xl                                           pass    
 test-amd64-coresched-i386-xl                                 pass    
 test-amd64-amd64-libvirt-qemuu-debianhvm-amd64-xsm           pass    
 test-amd64-i386-libvirt-qemuu-debianhvm-amd64-xsm            pass    
 test-amd64-amd64-xl-qemut-stubdom-debianhvm-amd64-xsm        pass    
 test-amd64-i386-xl-qemut-stubdom-debianhvm-amd64-xsm         pass    
 test-amd64-amd64-xl-qemut-debianhvm-i386-xsm                 pass    
 test-amd64-i386-xl-qemut-debianhvm-i386-xsm                  pass    
 test-amd64-amd64-xl-qemuu-debianhvm-i386-xsm                 pass    
 test-amd64-i386-xl-qemuu-debianhvm-i386-xsm                  pass    
 test-amd64-amd64-libvirt-xsm                                 pass    
 test-arm64-arm64-libvirt-xsm                                 pass    
 test-amd64-i386-libvirt-xsm                                  pass    
 test-amd64-amd64-xl-xsm                                      pass    
 test-arm64-arm64-xl-xsm                                      pass    
 test-amd64-i386-xl-xsm                                       pass    
 test-amd64-amd64-qemuu-nested-amd                            fail    
 test-amd64-amd64-xl-pvhv2-amd                                pass    
 test-amd64-i386-qemut-rhel6hvm-amd                           pass    
 test-amd64-i386-qemuu-rhel6hvm-amd                           pass    
 test-amd64-amd64-dom0pvh-xl-amd                              pass    
 test-amd64-amd64-xl-qemut-debianhvm-amd64                    pass    
 test-amd64-i386-xl-qemut-debianhvm-amd64                     pass    
 test-amd64-amd64-xl-qemuu-debianhvm-amd64                    pass    
 test-amd64-i386-xl-qemuu-debianhvm-amd64                     pass    
 test-amd64-i386-qemuu-freebsd10-amd64                        pass    
 test-amd64-amd64-qemuu-freebsd11-amd64                       pass    
 test-amd64-amd64-qemuu-freebsd12-amd64                       pass    
 test-amd64-amd64-xl-qemuu-ovmf-amd64                         pass    
 test-amd64-i386-xl-qemuu-ovmf-amd64                          pass    
 test-amd64-amd64-xl-qemut-win7-amd64                         fail    
 test-amd64-i386-xl-qemut-win7-amd64                          fail    
 test-amd64-amd64-xl-qemuu-win7-amd64                         fail    
 test-amd64-i386-xl-qemuu-win7-amd64                          fail    
 test-amd64-amd64-xl-qemut-ws16-amd64                         fail    
 test-amd64-i386-xl-qemut-ws16-amd64                          fail    
 test-amd64-amd64-xl-qemuu-ws16-amd64                         fail    
 test-amd64-i386-xl-qemuu-ws16-amd64                          fail    
 test-armhf-armhf-xl-arndale                                  pass    
 test-amd64-amd64-examine-bios                                pass    
 test-amd64-i386-examine-bios                                 pass    
 test-amd64-amd64-xl-credit1                                  pass    
 test-arm64-arm64-xl-credit1                                  pass    
 test-armhf-armhf-xl-credit1                                  fail    
 test-amd64-amd64-xl-credit2                                  pass    
 test-arm64-arm64-xl-credit2                                  pass    
 test-armhf-armhf-xl-credit2                                  fail    
 test-amd64-amd64-xl-qemuu-dmrestrict-amd64-dmrestrict        pass    
 test-amd64-i386-xl-qemuu-dmrestrict-amd64-dmrestrict         pass    
 test-amd64-amd64-examine                                     pass    
 test-arm64-arm64-examine                                     pass    
 test-armhf-armhf-examine                                     pass    
 test-amd64-i386-examine                                      pass    
 test-amd64-i386-qemuu-freebsd10-i386                         pass    
 test-amd64-amd64-qemuu-nested-intel                          pass    
 test-amd64-amd64-xl-pvhv2-intel                              pass    
 test-amd64-i386-qemut-rhel6hvm-intel                         pass    
 test-amd64-i386-qemuu-rhel6hvm-intel                         pass    
 test-amd64-amd64-dom0pvh-xl-intel                            pass    
 test-amd64-amd64-libvirt                                     pass    
 test-armhf-armhf-libvirt                                     pass    
 test-amd64-i386-libvirt                                      pass    
 test-amd64-amd64-xl-multivcpu                                pass    
 test-armhf-armhf-xl-multivcpu                                fail    
 test-amd64-amd64-pair                                        pass    
 test-amd64-i386-pair                                         pass    
 test-amd64-amd64-libvirt-pair                                pass    
 test-amd64-i386-libvirt-pair                                 pass    
 test-amd64-amd64-xl-pvshim                                   pass    
 test-amd64-i386-xl-pvshim                                    fail    
 test-amd64-amd64-pygrub                                      pass    
 test-amd64-i386-libvirt-qcow2                                fail    
 test-amd64-amd64-xl-qcow2                                    pass    
 test-armhf-armhf-xl-qcow2                                    pass    
 test-arm64-arm64-libvirt-raw                                 fail    
 test-amd64-i386-libvirt-raw                                  fail    
 test-amd64-amd64-xl-raw                                      pass    
 test-armhf-armhf-xl-raw                                      pass    
 test-amd64-amd64-xl-rtds                                     pass    
 test-armhf-armhf-xl-rtds                                     pass    
 test-amd64-amd64-xl-qemuu-debianhvm-amd64-shadow             pass    
 test-amd64-i386-xl-qemuu-debianhvm-amd64-shadow              pass    
 test-amd64-amd64-xl-shadow                                   pass    
 test-amd64-i386-xl-shadow                                    pass    
 test-arm64-arm64-xl-thunderx                                 pass    
 test-amd64-amd64-examine-uefi                                pass    
 test-amd64-i386-examine-uefi                                 pass    
 test-amd64-amd64-libvirt-vhd                                 pass    
 test-armhf-armhf-libvirt-vhd                                 pass    
 test-arm64-arm64-xl-vhd                                      pass    
 test-amd64-i386-xl-vhd                                       fail    


------------------------------------------------------------
sg-report-flight on osstest.test-lab.xenproject.org
logs: /home/logs/logs
images: /home/logs/images

Logs, config files, etc. are available at
    http://logs.test-lab.xenproject.org/osstest/logs

Explanation of these reports, and of osstest in general, is at
    http://xenbits.xen.org/gitweb/?p=osstest.git;a=blob;f=README.email;hb=master
    http://xenbits.xen.org/gitweb/?p=osstest.git;a=blob;f=README;hb=master

Test harness code can be found at
    http://xenbits.xen.org/gitweb?p=osstest.git;a=summary

broken-job build-arm64-pvops broken
broken-job build-arm64-xsm broken
broken-job build-arm64-libvirt broken

Not pushing.

(No revision log; it would be 6848 lines long.)

Reply via email to