flight 185990 linux-linus real [real]
flight 185991 linux-linus real-retest [real]
http://logs.test-lab.xenproject.org/osstest/logs/185990/
http://logs.test-lab.xenproject.org/osstest/logs/185991/

Failures :-/ but no regressions.

Tests which are failing intermittently (not blocking):
 test-armhf-armhf-libvirt     10 host-ping-check-xen fail pass in 185991-retest
 test-armhf-armhf-xl-credit1   8 xen-boot            fail pass in 185991-retest

Tests which did not succeed, but are not blocking:
 test-armhf-armhf-libvirt 16 saverestore-support-check fail in 185991 like 
185986
 test-armhf-armhf-libvirt    15 migrate-support-check fail in 185991 never pass
 test-armhf-armhf-xl-credit1 15 migrate-support-check fail in 185991 never pass
 test-armhf-armhf-xl-credit1 16 saverestore-support-check fail in 185991 never 
pass
 test-amd64-amd64-xl-qemut-win7-amd64 19 guest-stop            fail like 185986
 test-amd64-amd64-xl-qemuu-win7-amd64 19 guest-stop            fail like 185986
 test-amd64-amd64-xl-qemuu-ws16-amd64 19 guest-stop            fail like 185986
 test-armhf-armhf-xl           8 xen-boot                     fail  like 185986
 test-armhf-armhf-libvirt-vhd  8 xen-boot                     fail  like 185986
 test-amd64-amd64-xl-qemut-ws16-amd64 19 guest-stop            fail like 185986
 test-amd64-amd64-qemuu-nested-amd 20 debian-hvm-install/l1/l2 fail like 185986
 test-amd64-amd64-libvirt     15 migrate-support-check        fail   never pass
 test-amd64-amd64-libvirt-xsm 15 migrate-support-check        fail   never pass
 test-arm64-arm64-xl          15 migrate-support-check        fail   never pass
 test-arm64-arm64-xl          16 saverestore-support-check    fail   never pass
 test-arm64-arm64-xl-credit1  15 migrate-support-check        fail   never pass
 test-arm64-arm64-xl-credit1  16 saverestore-support-check    fail   never pass
 test-arm64-arm64-xl-xsm      15 migrate-support-check        fail   never pass
 test-arm64-arm64-xl-xsm      16 saverestore-support-check    fail   never pass
 test-arm64-arm64-xl-thunderx 15 migrate-support-check        fail   never pass
 test-arm64-arm64-xl-thunderx 16 saverestore-support-check    fail   never pass
 test-arm64-arm64-xl-credit2  15 migrate-support-check        fail   never pass
 test-amd64-amd64-libvirt-qemuu-debianhvm-amd64-xsm 13 migrate-support-check 
fail never pass
 test-arm64-arm64-xl-credit2  16 saverestore-support-check    fail   never pass
 test-arm64-arm64-libvirt-xsm 15 migrate-support-check        fail   never pass
 test-arm64-arm64-libvirt-xsm 16 saverestore-support-check    fail   never pass
 test-armhf-armhf-xl-arndale  15 migrate-support-check        fail   never pass
 test-armhf-armhf-xl-arndale  16 saverestore-support-check    fail   never pass
 test-amd64-amd64-libvirt-qcow2 14 migrate-support-check        fail never pass
 test-amd64-amd64-libvirt-raw 14 migrate-support-check        fail   never pass
 test-amd64-amd64-libvirt-vhd 14 migrate-support-check        fail   never pass
 test-arm64-arm64-xl-vhd      14 migrate-support-check        fail   never pass
 test-arm64-arm64-xl-vhd      15 saverestore-support-check    fail   never pass
 test-armhf-armhf-xl-rtds     15 migrate-support-check        fail   never pass
 test-armhf-armhf-xl-rtds     16 saverestore-support-check    fail   never pass
 test-armhf-armhf-xl-credit2  15 migrate-support-check        fail   never pass
 test-armhf-armhf-xl-credit2  16 saverestore-support-check    fail   never pass
 test-armhf-armhf-xl-multivcpu 15 migrate-support-check        fail  never pass
 test-armhf-armhf-xl-multivcpu 16 saverestore-support-check    fail  never pass
 test-arm64-arm64-libvirt-raw 14 migrate-support-check        fail   never pass
 test-arm64-arm64-libvirt-raw 15 saverestore-support-check    fail   never pass
 test-armhf-armhf-xl-qcow2    14 migrate-support-check        fail   never pass
 test-armhf-armhf-xl-qcow2    15 saverestore-support-check    fail   never pass
 test-armhf-armhf-xl-raw      14 migrate-support-check        fail   never pass
 test-armhf-armhf-xl-raw      15 saverestore-support-check    fail   never pass

version targeted for testing:
 linux                6d1346f1bcbf2724dee8af013cdab9f7b581435b
baseline version:
 linux                a38297e3fb012ddfa7ce0321a7e5a8daeb1872b6

Last test of basis   185986  2024-05-12 23:41:44 Z    1 days
Testing same since   185990  2024-05-13 16:43:50 Z    0 days    1 attempts

------------------------------------------------------------
People who touched revisions under test:
  "Jason J. Herne" <[email protected]>
  Abel Vesa <[email protected]>
  Adam Ford <[email protected]>
  Akhil R <[email protected]>
  Alain Volmat <[email protected]>
  Alexander Egorenkov <[email protected]>
  Alexander Gordeev <[email protected]>
  Alexander Stein <[email protected]>
  Alexander Stein <[email protected]> # TQMa9352LA/CA
  Alexandre Torgue <[email protected]>
  Alexey Minnekhanov <[email protected]>
  Alice Guo <[email protected]>
  Alim Akhtar <[email protected]>
  Anand Moon <[email protected]>
  Andre Przywara <[email protected]>
  Andreas Kemnade <[email protected]>
  Andrejs Cainikovs <[email protected]>
  Andrew Davis <[email protected]>
  André Draszik <[email protected]>
  Andy Yan <[email protected]>
  AngeloGioacchino Del Regno <[email protected]>
  Anton Bambura <[email protected]>
  Aren Moynihan <[email protected]>
  Arnd Bergmann <[email protected]>
  Arthur Demchenkov <[email protected]>
  Artur Weber <[email protected]>
  Arınç ÜNAL <[email protected]>
  Balint Dobszay <[email protected]>
  Bartosz Golaszewski <[email protected]>
  Bhavya Kapoor <[email protected]>
  Biju Das <[email protected]>
  Bjorn Andersson <[email protected]>
  Bjorn Andersson <[email protected]>
  Boris Brezillon <[email protected]>
  Brandon Brnich <[email protected]>
  Caleb Connolly <[email protected]>
  Carlos Song <[email protected]>
  Catalin Udma <[email protected]>
  Chen Wang <[email protected]>
  Chris Morgan <[email protected]>
  Christian Borntraeger <[email protected]>
  Christian Marangi <[email protected]>
  Christopher Obbard <[email protected]>
  Chukun Pan <[email protected]>
  Chun-Kuang Hu <[email protected]>
  Ciprian Costea <[email protected]>
  Claudio Imbrenda <[email protected]>
  Claudiu Beznea <[email protected]>
  Connor Abbott <[email protected]>
  Conor Dooley <[email protected]>
  Cristian Marussi <[email protected]>
  Dan Carpenter <[email protected]>
  Daniel Danzberger <[email protected]>
  Danila Tikhonov <[email protected]>
  Dario Binacchi <[email protected]>
  Dasnavis Sabiya <[email protected]>
  Dave Stevenson <[email protected]>
  David Heidelberg <[email protected]>
  David Hildenbrand <[email protected]>
  David Jander <[email protected]>
  Denis Burkov <[email protected]>
  Diederik de Haas <[email protected]>
  Dinh Nguyen <[email protected]>
  Diogo Ivo <[email protected]>
  Dmitry Baryshkov <[email protected]>
  Dmitry Yashin <[email protected]>
  Dong Aisheng <[email protected]>
  Douglas Anderson <[email protected]>
  Dragan Simic <[email protected]>
  Duy Nguyen <[email protected]>
  Elliot Berman <[email protected]>
  Elliot Berman <[email protected]> # sm8650-qrd
  Erico Nunes <[email protected]>
  Fabio Estevam <[email protected]>
  Florian Fainelli <[email protected]>
  Folker Schwesinger <[email protected]>
  Francesco Dolcini <[email protected]>
  Frank Li <[email protected]>
  Frank Oltmanns <[email protected]>
  Gabor Juhos <[email protected]>
  Gabriel Fernandez <[email protected]>
  Garrett Giordano <[email protected]>
  Gatien Chevallier <[email protected]>
  Geert Uytterhoeven <[email protected]>
  Ghennadi Procopciuc <[email protected]>
  Ghennadi Procopciuc <[email protected]>
  Gilles Talis <[email protected]>
  Gregory CLEMENT <[email protected]>
  Guo Ren <[email protected]>
  Haibo Chen <[email protected]>
  Heiko Carstens <[email protected]>
  Heiko Stuebner <[email protected]>
  Heiko Stuebner <[email protected]>
  Hiago De Franco <[email protected]>
  Holger Dengler <[email protected]>
  Hugues Fruchet <[email protected]>
  Hui Liu <[email protected]>
  Huisong Li <[email protected]>
  Ian Ray <[email protected]>
  Icenowy Zheng <[email protected]>
  Inochi Amaoto <[email protected]>
  Ivan T. Ivanov <[email protected]>
  Jacopo Mondi <[email protected]>
  Jai Luthra <[email protected]>
  Jan Kiszka <[email protected]>
  Janosch Frank <[email protected]>
  Jason J. Herne <[email protected]>
  Jason-ch Chen <[email protected]>
  Jason-JH.Lin <[email protected]>
  Jean Delvare <[email protected]>
  Jean-Michel Hautbois <[email protected]>
  Jens Wiklander <[email protected]>
  Jernej Skrabec <[email protected]>
  Jianfeng Liu <[email protected]>
  Jianhua Lu <[email protected]>
  Jimmy Hon <[email protected]>
  Jing Luo <[email protected]>
  Jisheng Zhang <[email protected]>
  Joe Mason <[email protected]>
  Johan Hovold <[email protected]>
  Jon Hunter <[email protected]>
  Jonathan Cameron <[email protected]>
  Josua Mayer <[email protected]>
  Joy Zou <[email protected]>
  Judith Mendez <[email protected]>
  Jun Nie <[email protected]>
  Justin Stitt <[email protected]>
  Kathiravan Thirumoorthy <[email protected]> # IPQ9574 and IPQ5332
  Komal Bajaj <[email protected]>
  Konrad Dybcio <[email protected]>
  Konrad Dybcio <[email protected]>
  Krishna Kurapati <[email protected]>
  Krishna Kurapati PSSNV <[email protected]>
  Krzysztof Kozlowski <[email protected]>
  Krzysztof Kozlowski <[email protected]>
  Lad Prabhakar <[email protected]>
  Laurent Pinchart <[email protected]>
  Li Zhijian <[email protected]>
  Ling Xu <[email protected]>
  Linus Torvalds <[email protected]>
  Linus Walleij <[email protected]>
  Loic Poulain <[email protected]>
  Lorenzo Bianconi <[email protected]>
  Luca Ceresoli <[email protected]>
  Luca Weiss <[email protected]>
  Luca Weiss <[email protected]>
  Lucas Stach <[email protected]>
  Luke Wang <[email protected]>
  Manivannan Sadhasivam <[email protected]>
  Marek Vasut <[email protected]>
  Markus Schneider-Pargmann <[email protected]>
  Matthew Rosato <[email protected]>
  Matthew Wilcox (Oracle) <[email protected]>
  Maulik Shah <[email protected]>
  Max Krummenacher <[email protected]>
  Maxime Ripard <[email protected]>
  Maximilian Luz <[email protected]>
  Michael Grzeschik <[email protected]>
  Michael Riesch <[email protected]>
  Michael Walle <[email protected]>
  Miles Alan <[email protected]>
  Mirela Rabulea <[email protected]>
  Mohammad Shehar Yaar Tausif <[email protected]>
  Muhammed Efe Cetin <[email protected]>
  Mukesh Ojha <[email protected]>
  Nathan Morrisson <[email protected]>
  Neil Armstrong <[email protected]>
  Nicolas Chauvet <[email protected]>
  Niklas Cassel <[email protected]>
  Niklas Schnelle <[email protected]>
  Niklas Söderlund <[email protected]>
  Nina Schoetterl-Glausch <[email protected]>
  Nishanth Menon <[email protected]>
  Nícolas F. R. A. Prado <[email protected]>
  Oleksii Moisieiev <[email protected]>
  Ondrej Jirman <[email protected]>
  Palmer Dabbelt <[email protected]>
  Pankaj Gupta <[email protected]>
  Parthiban Nallathambi <[email protected]>
  Patrice Chotard <[email protected]>
  Patrick Delaunay <[email protected]>
  Paweł Owoc <[email protected]>
  Peng Fan <[email protected]>
  Peter Griffin <[email protected]>
  Peter Oberparleiter <[email protected]>
  Philipp Zabel <[email protected]>
  Poovendhan Selvaraj <[email protected]>
  Rafał Miłecki <[email protected]>
  Raphael Gallais-Pou <[email protected]>
  Raymond Hackley <[email protected]>
  Richard Acayan <[email protected]>
  Ritesh Kumar <[email protected]>
  Rob Herring (Arm) <[email protected]>
  Rob Herring <[email protected]>
  Robert Nelson <[email protected]>
  Roger Quadros <[email protected]>
  Rong Zhang <[email protected]>
  Ryan Walklin <[email protected]>
  Sam Protsenko <[email protected]>
  Sascha Hauer <[email protected]>
  Sebastian Raase <[email protected]>
  Sebastian Reichel <[email protected]>
  Sebastian Reichel <[email protected]>
  Shawn Guo <[email protected]>
  Shengjiu Wang <[email protected]>
  Sicelo A. Mhlongo <[email protected]>
  Siddharth Manthan <[email protected]>
  Stanislav Jakubek <[email protected]>
  Steen Hegelund <[email protected]>
  Stefan Eichenberger <[email protected]>
  Stefan Wahren <[email protected]>
  Stefan Wahren <[email protected]>
  Stephan Gerhold <[email protected]>
  Stephen Boyd <[email protected]>
  Stephen Boyd <[email protected]>
  Sudeep Holla <[email protected]>
  Sukrut Bellary <[email protected]>
  Sumanth Korikkar <[email protected]>
  Sumit Garg <[email protected]>
  Sven Schnelle <[email protected]>
  Thanh Le <[email protected]>
  Thanh Quan <[email protected]>
  Thierry Reding <[email protected]>
  Thomas Richter <[email protected]>
  Tim Harvey <[email protected]>
  Tom Brautaset <[email protected]>
  Tommaso Merciai <[email protected]>
  Tony Lindgren <[email protected]>
  Tudor Ambarus <[email protected]>
  Udipto Goswami <[email protected]>
  Udit Kumar <[email protected]>
  Ulf Hansson <[email protected]>
  Umang Chheda <[email protected]>
  Umang Jain <[email protected]>
  Uwe Kleine-König <[email protected]>
  Uwe Kleine-König <[email protected]>
  Varun Sethi <[email protected]>
  Vasily Gorbik <[email protected]>
  Vignesh Raghavendra <[email protected]>
  Vineeth Vijayan <[email protected]>
  Vitor Soares <[email protected]>
  Volodymyr Babchuk <[email protected]>
  Wadim Mueller <[email protected]>
  wangkaiyuan <[email protected]>
  Wei Fang <[email protected]>
  Wei Xu <[email protected]>
  Xilin Wu <[email protected]> # on QCS8550 AYN Odin 2
  Xu Yang <[email protected]>
  Yang Xiwen <[email protected]>
  Yangyu Chen <[email protected]>
  Yannick Fertre <[email protected]>
  Yoshihiro Shimoda <[email protected]>
  Zev Weiss <[email protected]>

jobs:
 build-amd64-xsm                                              pass    
 build-arm64-xsm                                              pass    
 build-i386-xsm                                               pass    
 build-amd64                                                  pass    
 build-arm64                                                  pass    
 build-armhf                                                  pass    
 build-i386                                                   pass    
 build-amd64-libvirt                                          pass    
 build-arm64-libvirt                                          pass    
 build-armhf-libvirt                                          pass    
 build-i386-libvirt                                           pass    
 build-amd64-pvops                                            pass    
 build-arm64-pvops                                            pass    
 build-armhf-pvops                                            pass    
 build-i386-pvops                                             pass    
 test-amd64-amd64-xl                                          pass    
 test-amd64-coresched-amd64-xl                                pass    
 test-arm64-arm64-xl                                          pass    
 test-armhf-armhf-xl                                          fail    
 test-amd64-amd64-libvirt-qemuu-debianhvm-amd64-xsm           pass    
 test-amd64-amd64-xl-qemut-stubdom-debianhvm-amd64-xsm        pass    
 test-amd64-amd64-xl-qemut-debianhvm-i386-xsm                 pass    
 test-amd64-amd64-xl-qemuu-debianhvm-i386-xsm                 pass    
 test-amd64-amd64-libvirt-xsm                                 pass    
 test-arm64-arm64-libvirt-xsm                                 pass    
 test-amd64-amd64-xl-xsm                                      pass    
 test-arm64-arm64-xl-xsm                                      pass    
 test-amd64-amd64-qemuu-nested-amd                            fail    
 test-amd64-amd64-xl-pvhv2-amd                                pass    
 test-amd64-amd64-dom0pvh-xl-amd                              pass    
 test-amd64-amd64-xl-qemut-debianhvm-amd64                    pass    
 test-amd64-amd64-xl-qemuu-debianhvm-amd64                    pass    
 test-amd64-amd64-qemuu-freebsd11-amd64                       pass    
 test-amd64-amd64-qemuu-freebsd12-amd64                       pass    
 test-amd64-amd64-xl-qemuu-ovmf-amd64                         pass    
 test-amd64-amd64-xl-qemut-win7-amd64                         fail    
 test-amd64-amd64-xl-qemuu-win7-amd64                         fail    
 test-amd64-amd64-xl-qemut-ws16-amd64                         fail    
 test-amd64-amd64-xl-qemuu-ws16-amd64                         fail    
 test-armhf-armhf-xl-arndale                                  pass    
 test-amd64-amd64-examine-bios                                pass    
 test-amd64-amd64-xl-credit1                                  pass    
 test-arm64-arm64-xl-credit1                                  pass    
 test-armhf-armhf-xl-credit1                                  fail    
 test-amd64-amd64-xl-credit2                                  pass    
 test-arm64-arm64-xl-credit2                                  pass    
 test-armhf-armhf-xl-credit2                                  pass    
 test-amd64-amd64-xl-qemuu-dmrestrict-amd64-dmrestrict        pass    
 test-amd64-amd64-examine                                     pass    
 test-arm64-arm64-examine                                     pass    
 test-armhf-armhf-examine                                     pass    
 test-amd64-amd64-qemuu-nested-intel                          pass    
 test-amd64-amd64-xl-pvhv2-intel                              pass    
 test-amd64-amd64-dom0pvh-xl-intel                            pass    
 test-amd64-amd64-libvirt                                     pass    
 test-armhf-armhf-libvirt                                     fail    
 test-amd64-amd64-xl-multivcpu                                pass    
 test-armhf-armhf-xl-multivcpu                                pass    
 test-amd64-amd64-pair                                        pass    
 test-amd64-amd64-libvirt-pair                                pass    
 test-amd64-amd64-xl-pvshim                                   pass    
 test-amd64-amd64-pygrub                                      pass    
 test-amd64-amd64-libvirt-qcow2                               pass    
 test-amd64-amd64-xl-qcow2                                    pass    
 test-armhf-armhf-xl-qcow2                                    pass    
 test-amd64-amd64-libvirt-raw                                 pass    
 test-arm64-arm64-libvirt-raw                                 pass    
 test-amd64-amd64-xl-raw                                      pass    
 test-armhf-armhf-xl-raw                                      pass    
 test-amd64-amd64-xl-rtds                                     pass    
 test-armhf-armhf-xl-rtds                                     pass    
 test-amd64-amd64-xl-qemuu-debianhvm-amd64-shadow             pass    
 test-amd64-amd64-xl-shadow                                   pass    
 test-arm64-arm64-xl-thunderx                                 pass    
 test-amd64-amd64-examine-uefi                                pass    
 test-amd64-amd64-libvirt-vhd                                 pass    
 test-armhf-armhf-libvirt-vhd                                 fail    
 test-amd64-amd64-xl-vhd                                      pass    
 test-arm64-arm64-xl-vhd                                      pass    


------------------------------------------------------------
sg-report-flight on osstest.test-lab.xenproject.org
logs: /home/logs/logs
images: /home/logs/images

Logs, config files, etc. are available at
    http://logs.test-lab.xenproject.org/osstest/logs

Explanation of these reports, and of osstest in general, is at
    http://xenbits.xen.org/gitweb/?p=osstest.git;a=blob;f=README.email;hb=master
    http://xenbits.xen.org/gitweb/?p=osstest.git;a=blob;f=README;hb=master

Test harness code can be found at
    http://xenbits.xen.org/gitweb?p=osstest.git;a=summary


Pushing revision :

hint: The 'hooks/update' hook was ignored because it's not set as executable.
hint: You can disable this warning with `git config advice.ignoredHook false`.
hint: The 'hooks/post-receive' hook was ignored because it's not set as 
executable.
hint: You can disable this warning with `git config advice.ignoredHook false`.
hint: The 'hooks/post-update' hook was ignored because it's not set as 
executable.
hint: You can disable this warning with `git config advice.ignoredHook false`.
To xenbits.xen.org:/home/xen/git/linux-pvops.git
   a38297e3fb01..6d1346f1bcbf  6d1346f1bcbf2724dee8af013cdab9f7b581435b -> 
tested/linux-linus

Reply via email to