flight 185992 linux-linus real [real]
flight 185995 linux-linus real-retest [real]
http://logs.test-lab.xenproject.org/osstest/logs/185992/
http://logs.test-lab.xenproject.org/osstest/logs/185995/

Regressions :-(

Tests which did not succeed and are blocking,
including tests which could not be run:
 test-armhf-armhf-libvirt      8 xen-boot                 fail REGR. vs. 185990

Tests which are failing intermittently (not blocking):
 test-armhf-armhf-xl-credit2   8 xen-boot            fail pass in 185995-retest
 test-armhf-armhf-xl-raw       8 xen-boot            fail pass in 185995-retest

Tests which did not succeed, but are not blocking:
 test-armhf-armhf-xl-credit2 15 migrate-support-check fail in 185995 never pass
 test-armhf-armhf-xl-credit2 16 saverestore-support-check fail in 185995 never 
pass
 test-armhf-armhf-xl-raw     14 migrate-support-check fail in 185995 never pass
 test-armhf-armhf-xl-raw 15 saverestore-support-check fail in 185995 never pass
 test-amd64-amd64-xl-qemut-win7-amd64 19 guest-stop            fail like 185990
 test-amd64-amd64-xl-qemuu-win7-amd64 19 guest-stop            fail like 185990
 test-amd64-amd64-xl-qemuu-ws16-amd64 19 guest-stop            fail like 185990
 test-armhf-armhf-xl-credit1   8 xen-boot                     fail  like 185990
 test-amd64-amd64-xl-qemut-ws16-amd64 19 guest-stop            fail like 185990
 test-amd64-amd64-qemuu-nested-amd 20 debian-hvm-install/l1/l2 fail like 185990
 test-amd64-amd64-libvirt     15 migrate-support-check        fail   never pass
 test-amd64-amd64-libvirt-xsm 15 migrate-support-check        fail   never pass
 test-arm64-arm64-xl          15 migrate-support-check        fail   never pass
 test-arm64-arm64-xl          16 saverestore-support-check    fail   never pass
 test-arm64-arm64-xl-thunderx 15 migrate-support-check        fail   never pass
 test-arm64-arm64-xl-xsm      15 migrate-support-check        fail   never pass
 test-arm64-arm64-xl-thunderx 16 saverestore-support-check    fail   never pass
 test-arm64-arm64-xl-xsm      16 saverestore-support-check    fail   never pass
 test-arm64-arm64-xl-credit2  15 migrate-support-check        fail   never pass
 test-amd64-amd64-libvirt-qemuu-debianhvm-amd64-xsm 13 migrate-support-check 
fail never pass
 test-arm64-arm64-xl-credit2  16 saverestore-support-check    fail   never pass
 test-arm64-arm64-xl-credit1  15 migrate-support-check        fail   never pass
 test-arm64-arm64-xl-credit1  16 saverestore-support-check    fail   never pass
 test-arm64-arm64-libvirt-xsm 15 migrate-support-check        fail   never pass
 test-arm64-arm64-libvirt-xsm 16 saverestore-support-check    fail   never pass
 test-armhf-armhf-xl-arndale  15 migrate-support-check        fail   never pass
 test-armhf-armhf-xl-arndale  16 saverestore-support-check    fail   never pass
 test-amd64-amd64-libvirt-qcow2 14 migrate-support-check        fail never pass
 test-amd64-amd64-libvirt-raw 14 migrate-support-check        fail   never pass
 test-amd64-amd64-libvirt-vhd 14 migrate-support-check        fail   never pass
 test-arm64-arm64-xl-vhd      14 migrate-support-check        fail   never pass
 test-arm64-arm64-xl-vhd      15 saverestore-support-check    fail   never pass
 test-armhf-armhf-xl-rtds     15 migrate-support-check        fail   never pass
 test-armhf-armhf-xl-rtds     16 saverestore-support-check    fail   never pass
 test-armhf-armhf-xl          15 migrate-support-check        fail   never pass
 test-armhf-armhf-xl          16 saverestore-support-check    fail   never pass
 test-armhf-armhf-xl-multivcpu 15 migrate-support-check        fail  never pass
 test-armhf-armhf-xl-multivcpu 16 saverestore-support-check    fail  never pass
 test-armhf-armhf-libvirt-vhd 14 migrate-support-check        fail   never pass
 test-armhf-armhf-libvirt-vhd 15 saverestore-support-check    fail   never pass
 test-arm64-arm64-libvirt-raw 14 migrate-support-check        fail   never pass
 test-arm64-arm64-libvirt-raw 15 saverestore-support-check    fail   never pass
 test-armhf-armhf-xl-qcow2    14 migrate-support-check        fail   never pass
 test-armhf-armhf-xl-qcow2    15 saverestore-support-check    fail   never pass

version targeted for testing:
 linux                a7c840ba5fa78d7761b9fedc33d69cef44986d79
baseline version:
 linux                6d1346f1bcbf2724dee8af013cdab9f7b581435b

Last test of basis   185990  2024-05-13 16:43:50 Z    0 days
Testing same since   185992  2024-05-14 00:41:54 Z    0 days    1 attempts

------------------------------------------------------------
People who touched revisions under test:
  Adam Guerin <[email protected]>
  Ai Chao <[email protected]>
  Akhil R <[email protected]>
  Akira Yokosawa <[email protected]>
  Al Viro <[email protected]>
  Aleksandr Mishin <[email protected]>
  Alexander Lobakin <[email protected]>
  Alexey Dobriyan (Yandex) <[email protected]>
  Alexey Dobriyan <[email protected]>
  Alice Ryhl <[email protected]>
  Allen Pais <[email protected]>
  Andrea Parri <[email protected]>
  Andy Shevchenko <[email protected]>
  Animesh Agarwal <[email protected]>
  Anuj Gupta <[email protected]>
  Ard Biesheuvel <[email protected]>
  Arnd Bergmann <[email protected]>
  Arnd Bergmann <[email protected]>
  Avadhut Naik <[email protected]>
  Bagas Sanjaya <[email protected]>
  Benno Lossin <[email protected]>
  Bilbao, Carlos <[email protected]>
  Bill O'Donnell <[email protected]>
  Bird, Tim <[email protected]>
  Boqun Feng <[email protected]>
  Breno Leitao <[email protected]>
  Brian Kubisiak <[email protected]>
  Carlos Bilbao <[email protected]>
  Chang S. Bae <[email protected]>
  Chen Jun <[email protected]>
  Chen Ni <[email protected]>
  Chenghai Huang <[email protected]>
  Christian Brauner <[email protected]>
  Christoph Hellwig <[email protected]>
  Christophe JAILLET <[email protected]>
  Chuck Lever <[email protected]>
  Colin Ian King <[email protected]>
  Coly Li <[email protected]>
  Conor Dooley <[email protected]>
  Corentin Labbe <[email protected]>
  Damian Muszynski <[email protected]>
  Damien Le Moal <[email protected]>
  Dan Carpenter <[email protected]>
  Daniel Jordan <[email protected]>
  Danilo Krummrich <[email protected]>
  David Gstir <[email protected]>
  David Howells <[email protected]>
  David Oberhollenzer <[email protected]>
  David Rientjes <[email protected]>
  David Sterba <[email protected]>
  David Wei <[email protected]>
  Dawid Osuchowski <[email protected]>
  Dennis Lam <[email protected]>
  Dennis Maisenbacher <[email protected]>
  Dirk Behme <[email protected]>
  Dongliang Mu <[email protected]>
  Dustin L. Howett <[email protected]>
  Edward Adam Davis <[email protected]>
  Eric Biggers <[email protected]>
  Eric Sandeen <[email protected]>
  Erick Archer <[email protected]>
  Federico Vaga <[email protected]>
  Florian-Ewald Mueller <[email protected]>
  Frank Li <[email protected]>
  Frederic Weisbecker <[email protected]>
  Gabriel Krisman Bertazi <[email protected]>
  Geert Uytterhoeven <[email protected]>
  Giovanni Cabiddu <[email protected]>
  Guenter Roeck <[email protected]>
  Gustavo A. R. Silva <[email protected]>
  Haifeng Xu <[email protected]>
  Hailey Mothershead <[email protected]>
  Hans Holmberg <[email protected]>
  Haoyang Liu <[email protected]>
  Herbert Xu <[email protected]>
  Hyunmin Lee <[email protected]>
  Ilya Denisyev <[email protected]>
  INAGAKI Hiroshi <[email protected]>
  Ivan Orlov <[email protected]>
  Ivan Orlov <[email protected]>
  Jack Wang <[email protected]>
  Jakub Kicinski <[email protected]>
  James Bottomley <[email protected]>
  Jarkko Sakkinen <[email protected]>
  Jarkko Sakkinen <[email protected]>
  Jarkko Sakkinen <[email protected]> # for TRUSTED_KEYS_TPM
  Jens Axboe <[email protected]>
  Jerry Snitselaar <[email protected]>
  Jeungwoo Yoo <[email protected]>
  Jia Jie Ho <[email protected]>
  Jianfeng Wang <[email protected]>
  Jiapeng Chong <[email protected]>
  Jini Susan George <[email protected]>
  Joachim Vandersmissen <[email protected]>
  Joel Fernandes (Google) <[email protected]>
  Joel Granados <[email protected]>
  Johannes Berg <[email protected]>
  Johannes Thumshirn <[email protected]>
  Johannes Weiner <[email protected]>
  John Garry <[email protected]>
  Jonathan Corbet <[email protected]>
  Justin Stitt <[email protected]>
  Karel Balej <[email protected]>
  Karthikeyan Ramasubramanian <[email protected]>
  Kees Cook <[email protected]>
  Kefeng Wang <[email protected]>
  Keith Busch <[email protected]>
  Kemeng Shi <[email protected]>
  Kent Overstreet <[email protected]>
  Krzysztof Błaszkowski <[email protected]>
  Krzysztof Kozlowski <[email protected]>
  Laura Nao <[email protected]>
  Li Hua <[email protected]>
  Li Nan <[email protected]>
  Li Zhijian <[email protected]>
  linke li <[email protected]>
  Linus Torvalds <[email protected]>
  Lothar Rubusch <[email protected]>
  Luca Weiss <[email protected]>
  Lucas Segarra Fernandez <[email protected]>
  Luis Henriques (SUSE) <[email protected]>
  Luis Henriques <[email protected]>
  Lukas Bulwahn <[email protected]>
  Lukas Wunner <[email protected]>
  Maki Hatano <[email protected]>
  Marco Elver <[email protected]>
  Marek Vasut <[email protected]>
  Mario Limonciello <[email protected]>
  Mark Rutland <[email protected]>
  Matt Turner <[email protected]>
  Matthew Mirvish <[email protected]>
  Matthew Wilcox (Oracle) <[email protected]>
  Max Filippov <[email protected]>
  Maxime Méré <[email protected]>
  Maíra Canal <[email protected]>
  Michael Ellerman <[email protected]>
  Michael Haener <[email protected]>
  Miguel Ojeda <[email protected]>
  Mikko Perttunen <[email protected]>
  Ming Lei <[email protected]>
  Nathan Chancellor <[email protected]>
  Neeraj Upadhyay (AMD) <[email protected]>
  Neeraj Upadhyay <[email protected]>
  Nell Shamrell-Harrington <[email protected]>
  Nhat Pham <[email protected]>
  Nikita Kiryushin <[email protected]>
  Niklas Schnelle <[email protected]>
  Pankaj Gupta <[email protected]>
  Paul E. McKenney <[email protected]>
  Pavel Begunkov <[email protected]>
  Prashant Malani <[email protected]>
  Raghav Narang <[email protected]>
  Remington Brasga <[email protected]>
  Richard Weinberger <[email protected]>
  Roman Smirnov <[email protected]>
  Ruyi Zhang <[email protected]>
  Ryusuke Konishi <[email protected]>
  Sangyun Kim <[email protected]>
  Sarat Mandava <[email protected]>
  Saurav Shah <[email protected]>
  Silvio Gissi <[email protected]>
  Siming Wan <[email protected]>
  Song Liu <[email protected]>
  Stefan Berger <[email protected]>
  Steven Rostedt (Google) <[email protected]>
  [email protected]
  Tejun Heo <[email protected]>
  Thierry Reding <[email protected]>
  Thomas Weißschuh <[email protected]>
  Thorsten Blum <[email protected]>
  Thorsten Leemhuis <[email protected]>
  Tim Bird <[email protected]>
  Tim Chen <[email protected]>
  Tom Lendacky <[email protected]>
  Tom Zanussi <[email protected]>
  Tyler Hicks (Microsoft) <[email protected]>
  Tzung-Bi Shih <[email protected]>
  Uladzislau Rezki (Sony) <[email protected]>
  Usama Arif <[email protected]>
  Utkarsh Tripathi <[email protected]>
  Uwe Kleine-König <[email protected]>
  Vignesh Balasubramanian <[email protected]>
  Vijay Nag <[email protected]>
  Vitaly Chikunov <[email protected]>
  Vlastimil Babka <[email protected]>
  Wedson Almeida Filho <[email protected]>
  Wenkai Lin <[email protected]>
  Wolfram Sang <[email protected]>
  Xin Zeng <[email protected]>
  Xiongwei Song <[email protected]>
  Xiu Jianfeng <[email protected]>
  Yang Li <[email protected]>
  Yanteng Si <[email protected]>
  Yu Kuai <[email protected]>
  Yujie Liu <[email protected]>
  Zenghui Yu <[email protected]>
  Zhang Yi <[email protected]>
  Zhu Yanjun <[email protected]>
  Zqiang <[email protected]>

jobs:
 build-amd64-xsm                                              pass    
 build-arm64-xsm                                              pass    
 build-i386-xsm                                               pass    
 build-amd64                                                  pass    
 build-arm64                                                  pass    
 build-armhf                                                  pass    
 build-i386                                                   pass    
 build-amd64-libvirt                                          pass    
 build-arm64-libvirt                                          pass    
 build-armhf-libvirt                                          pass    
 build-i386-libvirt                                           pass    
 build-amd64-pvops                                            pass    
 build-arm64-pvops                                            pass    
 build-armhf-pvops                                            pass    
 build-i386-pvops                                             pass    
 test-amd64-amd64-xl                                          pass    
 test-amd64-coresched-amd64-xl                                pass    
 test-arm64-arm64-xl                                          pass    
 test-armhf-armhf-xl                                          pass    
 test-amd64-amd64-libvirt-qemuu-debianhvm-amd64-xsm           pass    
 test-amd64-amd64-xl-qemut-stubdom-debianhvm-amd64-xsm        pass    
 test-amd64-amd64-xl-qemut-debianhvm-i386-xsm                 pass    
 test-amd64-amd64-xl-qemuu-debianhvm-i386-xsm                 pass    
 test-amd64-amd64-libvirt-xsm                                 pass    
 test-arm64-arm64-libvirt-xsm                                 pass    
 test-amd64-amd64-xl-xsm                                      pass    
 test-arm64-arm64-xl-xsm                                      pass    
 test-amd64-amd64-qemuu-nested-amd                            fail    
 test-amd64-amd64-xl-pvhv2-amd                                pass    
 test-amd64-amd64-dom0pvh-xl-amd                              pass    
 test-amd64-amd64-xl-qemut-debianhvm-amd64                    pass    
 test-amd64-amd64-xl-qemuu-debianhvm-amd64                    pass    
 test-amd64-amd64-qemuu-freebsd11-amd64                       pass    
 test-amd64-amd64-qemuu-freebsd12-amd64                       pass    
 test-amd64-amd64-xl-qemuu-ovmf-amd64                         pass    
 test-amd64-amd64-xl-qemut-win7-amd64                         fail    
 test-amd64-amd64-xl-qemuu-win7-amd64                         fail    
 test-amd64-amd64-xl-qemut-ws16-amd64                         fail    
 test-amd64-amd64-xl-qemuu-ws16-amd64                         fail    
 test-armhf-armhf-xl-arndale                                  pass    
 test-amd64-amd64-examine-bios                                pass    
 test-amd64-amd64-xl-credit1                                  pass    
 test-arm64-arm64-xl-credit1                                  pass    
 test-armhf-armhf-xl-credit1                                  fail    
 test-amd64-amd64-xl-credit2                                  pass    
 test-arm64-arm64-xl-credit2                                  pass    
 test-armhf-armhf-xl-credit2                                  fail    
 test-amd64-amd64-xl-qemuu-dmrestrict-amd64-dmrestrict        pass    
 test-amd64-amd64-examine                                     pass    
 test-arm64-arm64-examine                                     pass    
 test-armhf-armhf-examine                                     pass    
 test-amd64-amd64-qemuu-nested-intel                          pass    
 test-amd64-amd64-xl-pvhv2-intel                              pass    
 test-amd64-amd64-dom0pvh-xl-intel                            pass    
 test-amd64-amd64-libvirt                                     pass    
 test-armhf-armhf-libvirt                                     fail    
 test-amd64-amd64-xl-multivcpu                                pass    
 test-armhf-armhf-xl-multivcpu                                pass    
 test-amd64-amd64-pair                                        pass    
 test-amd64-amd64-libvirt-pair                                pass    
 test-amd64-amd64-xl-pvshim                                   pass    
 test-amd64-amd64-pygrub                                      pass    
 test-amd64-amd64-libvirt-qcow2                               pass    
 test-amd64-amd64-xl-qcow2                                    pass    
 test-armhf-armhf-xl-qcow2                                    pass    
 test-amd64-amd64-libvirt-raw                                 pass    
 test-arm64-arm64-libvirt-raw                                 pass    
 test-amd64-amd64-xl-raw                                      pass    
 test-armhf-armhf-xl-raw                                      fail    
 test-amd64-amd64-xl-rtds                                     pass    
 test-armhf-armhf-xl-rtds                                     pass    
 test-amd64-amd64-xl-qemuu-debianhvm-amd64-shadow             pass    
 test-amd64-amd64-xl-shadow                                   pass    
 test-arm64-arm64-xl-thunderx                                 pass    
 test-amd64-amd64-examine-uefi                                pass    
 test-amd64-amd64-libvirt-vhd                                 pass    
 test-armhf-armhf-libvirt-vhd                                 pass    
 test-amd64-amd64-xl-vhd                                      pass    
 test-arm64-arm64-xl-vhd                                      pass    


------------------------------------------------------------
sg-report-flight on osstest.test-lab.xenproject.org
logs: /home/logs/logs
images: /home/logs/images

Logs, config files, etc. are available at
    http://logs.test-lab.xenproject.org/osstest/logs

Explanation of these reports, and of osstest in general, is at
    http://xenbits.xen.org/gitweb/?p=osstest.git;a=blob;f=README.email;hb=master
    http://xenbits.xen.org/gitweb/?p=osstest.git;a=blob;f=README;hb=master

Test harness code can be found at
    http://xenbits.xen.org/gitweb?p=osstest.git;a=summary


Not pushing.

(No revision log; it would be 15941 lines long.)

Reply via email to