flight 186028 linux-6.1 real [real]
http://logs.test-lab.xenproject.org/osstest/logs/186028/

Failures :-/ but no regressions.

Tests which did not succeed, but are not blocking:
 test-armhf-armhf-libvirt     16 saverestore-support-check    fail  like 185901
 test-amd64-amd64-xl-qemuu-win7-amd64 19 guest-stop            fail like 185901
 test-amd64-amd64-xl-qemuu-ws16-amd64 19 guest-stop            fail like 185901
 test-amd64-amd64-xl-qemut-win7-amd64 19 guest-stop            fail like 185901
 test-amd64-amd64-xl-qemut-ws16-amd64 19 guest-stop            fail like 185901
 test-amd64-amd64-qemuu-nested-amd 20 debian-hvm-install/l1/l2 fail like 185901
 test-arm64-arm64-xl-thunderx 15 migrate-support-check        fail   never pass
 test-arm64-arm64-xl-thunderx 16 saverestore-support-check    fail   never pass
 test-amd64-amd64-libvirt     15 migrate-support-check        fail   never pass
 test-amd64-amd64-libvirt-xsm 15 migrate-support-check        fail   never pass
 test-amd64-amd64-libvirt-qcow2 14 migrate-support-check        fail never pass
 test-amd64-amd64-libvirt-qemuu-debianhvm-amd64-xsm 13 migrate-support-check 
fail never pass
 test-amd64-amd64-libvirt-raw 14 migrate-support-check        fail   never pass
 test-amd64-amd64-libvirt-vhd 14 migrate-support-check        fail   never pass
 test-arm64-arm64-xl          15 migrate-support-check        fail   never pass
 test-arm64-arm64-xl          16 saverestore-support-check    fail   never pass
 test-arm64-arm64-xl-credit2  15 migrate-support-check        fail   never pass
 test-arm64-arm64-xl-credit2  16 saverestore-support-check    fail   never pass
 test-arm64-arm64-libvirt-xsm 15 migrate-support-check        fail   never pass
 test-arm64-arm64-libvirt-xsm 16 saverestore-support-check    fail   never pass
 test-armhf-armhf-xl-raw      14 migrate-support-check        fail   never pass
 test-armhf-armhf-xl-raw      15 saverestore-support-check    fail   never pass
 test-arm64-arm64-xl-credit1  15 migrate-support-check        fail   never pass
 test-arm64-arm64-xl-xsm      15 migrate-support-check        fail   never pass
 test-arm64-arm64-xl-credit1  16 saverestore-support-check    fail   never pass
 test-arm64-arm64-xl-xsm      16 saverestore-support-check    fail   never pass
 test-armhf-armhf-xl-rtds     15 migrate-support-check        fail   never pass
 test-armhf-armhf-xl-credit2  15 migrate-support-check        fail   never pass
 test-armhf-armhf-xl-rtds     16 saverestore-support-check    fail   never pass
 test-armhf-armhf-xl-credit2  16 saverestore-support-check    fail   never pass
 test-armhf-armhf-xl-credit1  15 migrate-support-check        fail   never pass
 test-armhf-armhf-xl-multivcpu 15 migrate-support-check        fail  never pass
 test-armhf-armhf-xl-credit1  16 saverestore-support-check    fail   never pass
 test-armhf-armhf-xl-multivcpu 16 saverestore-support-check    fail  never pass
 test-armhf-armhf-libvirt     15 migrate-support-check        fail   never pass
 test-armhf-armhf-xl          15 migrate-support-check        fail   never pass
 test-armhf-armhf-xl          16 saverestore-support-check    fail   never pass
 test-armhf-armhf-xl-arndale  15 migrate-support-check        fail   never pass
 test-armhf-armhf-xl-arndale  16 saverestore-support-check    fail   never pass
 test-arm64-arm64-libvirt-raw 14 migrate-support-check        fail   never pass
 test-arm64-arm64-libvirt-raw 15 saverestore-support-check    fail   never pass
 test-arm64-arm64-xl-vhd      14 migrate-support-check        fail   never pass
 test-arm64-arm64-xl-vhd      15 saverestore-support-check    fail   never pass
 test-armhf-armhf-libvirt-vhd 14 migrate-support-check        fail   never pass
 test-armhf-armhf-libvirt-vhd 15 saverestore-support-check    fail   never pass
 test-armhf-armhf-xl-qcow2    14 migrate-support-check        fail   never pass
 test-armhf-armhf-xl-qcow2    15 saverestore-support-check    fail   never pass

version targeted for testing:
 linux                4078fa637fcd80c8487680ec2e4ef7c58308e9aa
baseline version:
 linux                909ba1f1b4146de529469910c1bd0b1248964536

Last test of basis   185901  2024-05-02 15:12:21 Z   15 days
Testing same since   186028  2024-05-17 10:16:47 Z    0 days    1 attempts

------------------------------------------------------------
People who touched revisions under test:
  Adam Goldman <[email protected]>
  Al Viro <[email protected]>
  Alan Stern <[email protected]>
  Aleksa Savic <[email protected]>
  Alex Deucher <[email protected]>
  Alexander Gordeev <[email protected]>
  Alexander Potapenko <[email protected]>
  Alexander Stein <[email protected]>
  Alexander Usyskin <[email protected]>
  Alexandra Winter <[email protected]>
  Alexei Starovoitov <[email protected]>
  Allen Pais <[email protected]>
  Aman Dhoot <[email protected]>
  Amit Sunil Dhamne <[email protected]>
  Anand Jain <[email protected]>
  Andrea Righi <[email protected]>
  Andrea Righi <[email protected]> # non-hostprogs
  Andreas Gruenbacher <[email protected]>
  Andrei Matei <[email protected]>
  Andrew Donnellan <[email protected]>
  Andrew Morton <[email protected]>
  Andrew Price <[email protected]>
  Andrey Ryabinin <[email protected]>
  Andrii Nakryiko <[email protected]>
  Andy Shevchenko <[email protected]>
  AngeloGioacchino Del Regno <[email protected]>
  Anton Protopopov <[email protected]>
  Arjan van de Ven <[email protected]>
  Arnaldo Carvalho de Melo <[email protected]>
  Arnd Bergmann <[email protected]>
  Asahi Lina <[email protected]>
  Asbjørn Sloth Tønnesen <[email protected]>
  Aurabindo Pillai <[email protected]>
  Badhri Jagan Sridharan <[email protected]>
  Bartosz Golaszewski <[email protected]>
  Benno Lossin <[email protected]>
  Billy Tsai <[email protected]>
  Boris Burkov <[email protected]>
  Borislav Petkov (AMD) <[email protected]>
  Boy Wu <[email protected]>
  Boy.Wu <[email protected]>
  Bui Quang Minh <[email protected]>
  Bumyong Lee <[email protected]>
  Chad Wagner <[email protected]>
  Chen Ni <[email protected]>
  Chen-Yu Tsai <[email protected]>
  Chris Wulff <[email protected]>
  Christian A. Ehrhardt <[email protected]>
  Christian König <[email protected]>
  Christoph Paasch <[email protected]>
  Claudio Imbrenda <[email protected]>
  Conor Dooley <[email protected]>
  Damien Le Moal <[email protected]>
  Dan Carpenter <[email protected]>
  Daniel Borkmann <[email protected]>
  Daniel Okazaki <[email protected]>
  Daniel Wheeler <[email protected]>
  Daniel Xu <[email protected]>
  David Bauer <[email protected]>
  David Lechner <[email protected]>
  David Rientjes <[email protected]>
  David S. Miller <[email protected]>
  David Sterba <[email protected]>
  Devyn Liu <[email protected]>
  Dmitry Antipov <[email protected]>
  Dominique Martinet <[email protected]>
  Doug Berger <[email protected]>
  Doug Smythies <[email protected]>
  Douglas Anderson <[email protected]>
  Duoming Zhou <[email protected]>
  Eric Curtin <[email protected]>
  Eric Dumazet <[email protected]>
  Eric Van Hensbergen <[email protected]>
  Felix Fietkau <[email protected]>
  Florian Fainelli <[email protected]>
  Florian Fainelli <[email protected]>
  Gabe Teeger <[email protected]>
  Gaurav Batra <[email protected]>
  Geert Uytterhoeven <[email protected]>
  George Shen <[email protected]>
  Greg Kroah-Hartman <[email protected]>
  Guenter Roeck <[email protected]>
  Guillaume Nault <[email protected]>
  Hans de Goede <[email protected]>
  Heiko Carstens <[email protected]>
  Heiner Kallweit <[email protected]>
  Igor Artemiev <[email protected]>
  Ivan Babrou <[email protected]>
  Jakub Kicinski <[email protected]>
  James Chapman <[email protected]>
  Jan Dakinevich <[email protected]>
  Jarkko Sakkinen <[email protected]>
  Jason Xing <[email protected]>
  Javier Carrasco <[email protected]>
  Jeff Johnson <[email protected]>
  Jeff Layton <[email protected]>
  Jens Axboe <[email protected]>
  Jens Remus <[email protected]>
  Jeremy Bongio <[email protected]>
  Jernej Skrabec <[email protected]>
  Jerome Brunet <[email protected]>
  Jesper Dangaard Brouer <[email protected]>
  Jian Shen <[email protected]>
  Jiaxun Yang <[email protected]>
  Jijie Shao <[email protected]>
  Jim Cromie <[email protected]>
  Joakim Sindholt <[email protected]>
  Joao Paulo Goncalves <[email protected]>
  Joerg Roedel <[email protected]>
  Johan Hovold <[email protected]>
  Johannes Berg <[email protected]>
  John Stultz <[email protected]>
  Jon Hunter <[email protected]>
  Jonathan Cameron <[email protected]>
  Josef Bacik <[email protected]>
  Julian Taylor <[email protected]>
  Justin Ernst <[email protected]>
  Justin Tee <[email protected]>
  Karthikeyan Ramasubramanian <[email protected]>
  Kefeng Wang <[email protected]>
  Keith Busch <[email protected]>
  Kent Gibson <[email protected]>
  kernelci.org bot <[email protected]>
  Kirill A. Shutemov <[email protected]>
  Krzysztof Kozlowski <[email protected]>
  Kuniyuki Iwashima <[email protected]>
  Lakshmi Yadlapati <[email protected]>
  Leah Rumancik <[email protected]>
  Len Brown <[email protected]>
  Li Nan <[email protected]>
  Li Zetao <[email protected]>
  Lijo Lazar <[email protected]>
  linke li <[email protected]>
  Linus Torvalds <[email protected]>
  Linus Walleij <[email protected]>
  Luiz Augusto von Dentz <[email protected]>
  Lukasz Majewski <[email protected]>
  Lyude Paul <[email protected]>
  Maarten Vanraes <[email protected]>
  Mans Rullgard <[email protected]>
  Marc Zyngier <[email protected]>
  Marek Behún <[email protected]>
  Marek Vasut <[email protected]>
  Mario Limonciello <[email protected]>
  Marius Zachmann <[email protected]>
  Mark Brown <[email protected]>
  Martin K. Petersen <[email protected]>
  Martin KaFai Lau <[email protected]>
  Martin Rodriguez Reboredo <[email protected]>
  Masahiro Yamada <[email protected]>
  Matthieu Baerts (NGI0) <[email protected]>
  Matti Vaittinen <[email protected]>
  Maurizio Lombardi <[email protected]>
  Maxime Ripard <[email protected]>
  Miaohe Lin <[email protected]>
  Michael Ellerman <[email protected]>
  Michael Kelley <[email protected]>
  Miguel Ojeda <[email protected]>
  Mika Westerberg <[email protected]>
  Mike Kravetz <[email protected]>
  Mike Rapoport (IBM) <[email protected]>
  Nageswara R Sastry <[email protected]>
  Namhyung Kim <[email protected]>
  Namjae Jeon <[email protected]>
  Nayna Jain <[email protected]>
  Neal Cardwell <[email protected]>
  Neil Armstrong <[email protected]>
  Neil Armstrong <[email protected]> # on SM8550-QRD
  Nikhil Rao <[email protected]>
  Nikolay Aleksandrov <[email protected]>
  Nilesh Javali <[email protected]>
  Oliver Upton <[email protected]>
  Oscar Salvador <[email protected]>
  Paolo Abeni <[email protected]>
  Paul Davey <[email protected]>
  Paul Menzel <[email protected]> # Dell XPS 13
  Pavel Machek (CIP) <[email protected]>
  Peiyang Wang <[email protected]>
  Peng Liu <[email protected]>
  Peter Korsgaard <[email protected]>
  Peter Ujfalusi <[email protected]>
  Peter Wang <[email protected]>
  Peter Xu <[email protected]>
  Phil Elwell <[email protected]>
  Pierre-Louis Bossart <[email protected]>
  Qu Wenruo <[email protected]>
  Ramona Gradinariu <[email protected]>
  Raphael Nestler <[email protected]> # non-hostprogs
  Richard Gobert <[email protected]>
  Rick Edgecombe <[email protected]>
  Rik van Riel <[email protected]>
  Roded Zats <[email protected]>
  Rodrigo Vivi <[email protected]>
  Ron Economos <[email protected]>
  Ronald Wahl <[email protected]> # KS8851 SPI
  Russell Currey <[email protected]>
  Russell King (Oracle) <[email protected]>
  Rémi Denis-Courmont <[email protected]>
  Salvatore Bonaccorso <[email protected]>
  Sameer Pujar <[email protected]>
  Sasha Levin <[email protected]>
  Saurav Kashyap <[email protected]>
  Sebastian Andrzej Siewior <[email protected]>
  Sebastian Reichel <[email protected]>
  SeongJae Park <[email protected]>
  Shin'ichiro Kawasaki <[email protected]>
  Shuah Khan <[email protected]>
  Shyam Prasad N <[email protected]>
  Sidhartha Kumar <[email protected]>
  Silvio Gissi <[email protected]>
  Song Liu <[email protected]>
  Srinivas Kandagatla <[email protected]>
  Stanislav Fomichev <[email protected]>
  Steffen Klassert <[email protected]>
  Stephen Boyd <[email protected]>
  Steve French <[email protected]>
  Sungwoo Kim <[email protected]>
  Takashi Iwai <[email protected]>
  Takashi Sakamoto <[email protected]>
  Tejun Heo <[email protected]>
  Thadeu Lima de Souza Cascardo <[email protected]>
  Thanassis Avgerinos <[email protected]>
  Thierry Reding <[email protected]>
  Thinh Nguyen <[email protected]>
  Thomas Bertschinger <[email protected]>
  Thomas Bogendoerfer <[email protected]>
  Thomas Gleixner <[email protected]>
  Tim Jiang <[email protected]>
  Toke Høiland-Jørgensen <[email protected]>
  Tomas Winkler <[email protected]>
  Tony Luck <[email protected]>
  Trond Myklebust <[email protected]>
  Uwe Kleine-König <[email protected]>
  Vanillan Wang <[email protected]>
  Viken Dadhaniya <[email protected]>
  Ville Syrjälä <[email protected]>
  Vinod Koul <[email protected]>
  Vlastimil Babka <[email protected]>
  Wedson Almeida Filho <[email protected]>
  Wei Liu <[email protected]>
  Wei Yang <[email protected]>
  Wen Gu <[email protected]>
  Wyes Karny <[email protected]>
  Xin Long <[email protected]>
  Xu Kuohai <[email protected]>
  Yang Yingliang <[email protected]>
  Yann Sionneau <[email protected]>
  Yann Sionneau<[email protected]>
  Yi Zhang <[email protected]>
  Yonglong Liu <[email protected]>
  Zack Rusin <[email protected]>
  Zeng Heng <[email protected]>

jobs:
 build-amd64-xsm                                              pass    
 build-arm64-xsm                                              pass    
 build-i386-xsm                                               pass    
 build-amd64                                                  pass    
 build-arm64                                                  pass    
 build-armhf                                                  pass    
 build-i386                                                   pass    
 build-amd64-libvirt                                          pass    
 build-arm64-libvirt                                          pass    
 build-armhf-libvirt                                          pass    
 build-i386-libvirt                                           pass    
 build-amd64-pvops                                            pass    
 build-arm64-pvops                                            pass    
 build-armhf-pvops                                            pass    
 build-i386-pvops                                             pass    
 test-amd64-amd64-xl                                          pass    
 test-amd64-coresched-amd64-xl                                pass    
 test-arm64-arm64-xl                                          pass    
 test-armhf-armhf-xl                                          pass    
 test-amd64-amd64-libvirt-qemuu-debianhvm-amd64-xsm           pass    
 test-amd64-amd64-xl-qemut-stubdom-debianhvm-amd64-xsm        pass    
 test-amd64-amd64-xl-qemut-debianhvm-i386-xsm                 pass    
 test-amd64-amd64-xl-qemuu-debianhvm-i386-xsm                 pass    
 test-amd64-amd64-libvirt-xsm                                 pass    
 test-arm64-arm64-libvirt-xsm                                 pass    
 test-amd64-amd64-xl-xsm                                      pass    
 test-arm64-arm64-xl-xsm                                      pass    
 test-amd64-amd64-qemuu-nested-amd                            fail    
 test-amd64-amd64-xl-pvhv2-amd                                pass    
 test-amd64-amd64-dom0pvh-xl-amd                              pass    
 test-amd64-amd64-xl-qemut-debianhvm-amd64                    pass    
 test-amd64-amd64-xl-qemuu-debianhvm-amd64                    pass    
 test-amd64-amd64-qemuu-freebsd11-amd64                       pass    
 test-amd64-amd64-qemuu-freebsd12-amd64                       pass    
 test-amd64-amd64-xl-qemuu-ovmf-amd64                         pass    
 test-amd64-amd64-xl-qemut-win7-amd64                         fail    
 test-amd64-amd64-xl-qemuu-win7-amd64                         fail    
 test-amd64-amd64-xl-qemut-ws16-amd64                         fail    
 test-amd64-amd64-xl-qemuu-ws16-amd64                         fail    
 test-armhf-armhf-xl-arndale                                  pass    
 test-amd64-amd64-examine-bios                                pass    
 test-amd64-amd64-xl-credit1                                  pass    
 test-arm64-arm64-xl-credit1                                  pass    
 test-armhf-armhf-xl-credit1                                  pass    
 test-amd64-amd64-xl-credit2                                  pass    
 test-arm64-arm64-xl-credit2                                  pass    
 test-armhf-armhf-xl-credit2                                  pass    
 test-amd64-amd64-xl-qemuu-dmrestrict-amd64-dmrestrict        pass    
 test-amd64-amd64-examine                                     pass    
 test-arm64-arm64-examine                                     pass    
 test-armhf-armhf-examine                                     pass    
 test-amd64-amd64-qemuu-nested-intel                          pass    
 test-amd64-amd64-xl-pvhv2-intel                              pass    
 test-amd64-amd64-dom0pvh-xl-intel                            pass    
 test-amd64-amd64-libvirt                                     pass    
 test-armhf-armhf-libvirt                                     pass    
 test-amd64-amd64-xl-multivcpu                                pass    
 test-armhf-armhf-xl-multivcpu                                pass    
 test-amd64-amd64-pair                                        pass    
 test-amd64-amd64-libvirt-pair                                pass    
 test-amd64-amd64-xl-pvshim                                   pass    
 test-amd64-amd64-pygrub                                      pass    
 test-amd64-amd64-libvirt-qcow2                               pass    
 test-amd64-amd64-xl-qcow2                                    pass    
 test-armhf-armhf-xl-qcow2                                    pass    
 test-amd64-amd64-libvirt-raw                                 pass    
 test-arm64-arm64-libvirt-raw                                 pass    
 test-amd64-amd64-xl-raw                                      pass    
 test-armhf-armhf-xl-raw                                      pass    
 test-amd64-amd64-xl-rtds                                     pass    
 test-armhf-armhf-xl-rtds                                     pass    
 test-amd64-amd64-xl-qemuu-debianhvm-amd64-shadow             pass    
 test-amd64-amd64-xl-shadow                                   pass    
 test-arm64-arm64-xl-thunderx                                 pass    
 test-amd64-amd64-examine-uefi                                pass    
 test-amd64-amd64-libvirt-vhd                                 pass    
 test-armhf-armhf-libvirt-vhd                                 pass    
 test-amd64-amd64-xl-vhd                                      pass    
 test-arm64-arm64-xl-vhd                                      pass    


------------------------------------------------------------
sg-report-flight on osstest.test-lab.xenproject.org
logs: /home/logs/logs
images: /home/logs/images

Logs, config files, etc. are available at
    http://logs.test-lab.xenproject.org/osstest/logs

Explanation of these reports, and of osstest in general, is at
    http://xenbits.xen.org/gitweb/?p=osstest.git;a=blob;f=README.email;hb=master
    http://xenbits.xen.org/gitweb/?p=osstest.git;a=blob;f=README;hb=master

Test harness code can be found at
    http://xenbits.xen.org/gitweb?p=osstest.git;a=summary


Pushing revision :

hint: The 'hooks/update' hook was ignored because it's not set as executable.
hint: You can disable this warning with `git config advice.ignoredHook false`.
hint: The 'hooks/post-receive' hook was ignored because it's not set as 
executable.
hint: You can disable this warning with `git config advice.ignoredHook false`.
hint: The 'hooks/post-update' hook was ignored because it's not set as 
executable.
hint: You can disable this warning with `git config advice.ignoredHook false`.
To xenbits.xen.org:/home/xen/git/linux-pvops.git
   909ba1f1b414..4078fa637fcd  4078fa637fcd80c8487680ec2e4ef7c58308e9aa -> 
tested/linux-6.1

Reply via email to