flight 186032 linux-linus real [real]
flight 186034 linux-linus real-retest [real]
http://logs.test-lab.xenproject.org/osstest/logs/186032/
http://logs.test-lab.xenproject.org/osstest/logs/186034/

Regressions :-(

Tests which did not succeed and are blocking,
including tests which could not be run:
 test-armhf-armhf-libvirt-vhd  8 xen-boot                 fail REGR. vs. 186030

Tests which did not succeed, but are not blocking:
 test-armhf-armhf-xl-arndale   8 xen-boot                     fail  like 186023
 test-amd64-amd64-xl-qemut-debianhvm-i386-xsm 12 debian-hvm-install fail like 
186023
 test-armhf-armhf-xl-multivcpu  8 xen-boot                     fail like 186023
 test-amd64-amd64-xl-qemut-win7-amd64 19 guest-stop            fail like 186030
 test-amd64-amd64-xl-qemuu-win7-amd64 19 guest-stop            fail like 186030
 test-amd64-amd64-xl-qemuu-ws16-amd64 19 guest-stop            fail like 186030
 test-armhf-armhf-xl-qcow2     8 xen-boot                     fail  like 186030
 test-armhf-armhf-libvirt     16 saverestore-support-check    fail  like 186030
 test-amd64-amd64-qemuu-nested-amd 20 debian-hvm-install/l1/l2 fail like 186030
 test-amd64-amd64-xl-qemut-ws16-amd64 19 guest-stop            fail like 186030
 test-amd64-amd64-libvirt     15 migrate-support-check        fail   never pass
 test-amd64-amd64-libvirt-xsm 15 migrate-support-check        fail   never pass
 test-arm64-arm64-xl-thunderx 15 migrate-support-check        fail   never pass
 test-arm64-arm64-xl-thunderx 16 saverestore-support-check    fail   never pass
 test-amd64-amd64-libvirt-qemuu-debianhvm-amd64-xsm 13 migrate-support-check 
fail never pass
 test-arm64-arm64-xl          15 migrate-support-check        fail   never pass
 test-arm64-arm64-xl          16 saverestore-support-check    fail   never pass
 test-arm64-arm64-xl-credit2  15 migrate-support-check        fail   never pass
 test-arm64-arm64-xl-credit2  16 saverestore-support-check    fail   never pass
 test-arm64-arm64-libvirt-xsm 15 migrate-support-check        fail   never pass
 test-arm64-arm64-libvirt-xsm 16 saverestore-support-check    fail   never pass
 test-arm64-arm64-xl-xsm      15 migrate-support-check        fail   never pass
 test-arm64-arm64-xl-xsm      16 saverestore-support-check    fail   never pass
 test-arm64-arm64-xl-credit1  15 migrate-support-check        fail   never pass
 test-arm64-arm64-xl-credit1  16 saverestore-support-check    fail   never pass
 test-amd64-amd64-libvirt-qcow2 14 migrate-support-check        fail never pass
 test-amd64-amd64-libvirt-raw 14 migrate-support-check        fail   never pass
 test-amd64-amd64-libvirt-vhd 14 migrate-support-check        fail   never pass
 test-arm64-arm64-xl-vhd      14 migrate-support-check        fail   never pass
 test-arm64-arm64-xl-vhd      15 saverestore-support-check    fail   never pass
 test-armhf-armhf-xl-credit2  15 migrate-support-check        fail   never pass
 test-armhf-armhf-xl-credit2  16 saverestore-support-check    fail   never pass
 test-armhf-armhf-xl-rtds     15 migrate-support-check        fail   never pass
 test-armhf-armhf-xl-rtds     16 saverestore-support-check    fail   never pass
 test-armhf-armhf-xl          15 migrate-support-check        fail   never pass
 test-armhf-armhf-xl          16 saverestore-support-check    fail   never pass
 test-armhf-armhf-libvirt     15 migrate-support-check        fail   never pass
 test-armhf-armhf-xl-credit1  15 migrate-support-check        fail   never pass
 test-armhf-armhf-xl-credit1  16 saverestore-support-check    fail   never pass
 test-arm64-arm64-libvirt-raw 14 migrate-support-check        fail   never pass
 test-arm64-arm64-libvirt-raw 15 saverestore-support-check    fail   never pass
 test-armhf-armhf-xl-raw      14 migrate-support-check        fail   never pass
 test-armhf-armhf-xl-raw      15 saverestore-support-check    fail   never pass

version targeted for testing:
 linux                4b377b4868ef17b040065bd468668c707d2477a5
baseline version:
 linux                ea5f6ad9ad9645733b72ab53a98e719b460d36a6

Last test of basis   186030  2024-05-17 11:41:19 Z    1 days
Testing same since   186032  2024-05-18 02:43:32 Z    0 days    1 attempts

------------------------------------------------------------
People who touched revisions under test:
  Alexei Starovoitov <[email protected]>
  Andi Shyti <[email protected]>
  Andrew Donnellan <[email protected]>
  Andrew Jeffery <[email protected]>
  Andrii Nakryiko <[email protected]>
  Andy Shevchenko <[email protected]>
  Aneesh Kumar K.V (Arm) <[email protected]>
  Aneesh Kumar K.V (IBM) <[email protected]>
  Anup Patel <[email protected]>
  Ard Biesheuvel <[email protected]>
  Arnd Bergmann <[email protected]>
  Arun Ramadoss <[email protected]>
  Baoquan He <[email protected]>
  Beau Belgrave <[email protected]>
  Benjamin Gray <[email protected]>
  Bjorn Helgaas <[email protected]>
  Catalin Marinas <[email protected]>
  Chris Lew <[email protected]>
  Chris Morgan <[email protected]>
  Christophe JAILLET <[email protected]>
  Christophe Leroy <[email protected]>
  Colin Ian King <[email protected]>
  Conor Dooley <[email protected]>
  Daniel Borkmann <[email protected]>
  Daniel Bristot de Oliveira <[email protected]>
  Daniel Jurgens <[email protected]>
  Dave Thaler <[email protected]>
  David Hildenbrand <[email protected]>
  David S. Miller <[email protected]>
  Dharma Balasubiramani <[email protected]>
  Dmitry Torokhov <[email protected]>
  Dr. David Alan Gilbert <[email protected]>
  Eric Dumazet <[email protected]>
  Fan Yu <[email protected]>
  Florian Fainelli <[email protected]>
  Frank Li <[email protected]>
  Ganesh Goudar <[email protected]>
  Geert Uytterhoeven <[email protected]>
  Geoff Levand <[email protected]>
  Ghanshyam Agrawal <[email protected]>
  Greg Kurz <[email protected]>
  Guo Ren <[email protected]>
  GUO Zihua <[email protected]>
  Hangbin Liu <[email protected]>
  Hao Ge <[email protected]>
  Hari Bathini <[email protected]>
  Helge Deller <[email protected]>
  Helge Deller <[email protected]>
  Herve Codina <[email protected]>
  Jakub Kicinski <[email protected]>
  Jason Wang <[email protected]>
  Jay Vosburgh <[email protected]>
  Jeffrey Hugo <[email protected]>
  Jiawen Wu <[email protected]>
  Jiri Olsa <[email protected]>
  Joel Granados <[email protected]>
  Joel Savitz <[email protected]>
  Joel Stanley <[email protected]>
  John David Anglin <[email protected]>
  John Fastabend <[email protected]>
  John Kacur <[email protected]>
  Jonathan Haslam <[email protected]>
  Kees Cook <[email protected]>
  Krzysztof Kozlowski <[email protected]>
  Krzysztof Kozlowski <[email protected]>
  Krzysztof Kozlowski <[email protected]>
  Kui-Feng Lee <[email protected]>
  Kumar Kartikeya Dwivedi <[email protected]>
  Kunwu Chan <[email protected]>
  Li Yang <[email protected]>
  Lidong Zhong <[email protected]>
  Linus Torvalds <[email protected]>
  Linus Walleij <[email protected]>
  Madhavan Srinivasan <[email protected]>
  Mahesh Salgaonkar <[email protected]>
  Mark Brown <[email protected]>
  Martin KaFai Lau <[email protected]>
  Masahiro Yamada <[email protected]>
  Masami Hiramatsu (Google) <[email protected]>
  Matthias Schiffer <[email protected]>
  Michael Ellerman <[email protected]>
  Michael S. Tsirkin <[email protected]>
  Michal Schmidt <[email protected]>
  Miquel Raynal <[email protected]>
  Muhammad Usama Anjum <[email protected]>
  Nathan Chancellor <[email protected]>
  Nathan Lynch <[email protected]>
  Naveen N Rao <[email protected]>
  Nicholas Miehlbradt <[email protected]>
  Nikolay Aleksandrov <[email protected]>
  Oleksij Rempel <[email protected]>
  Oreoluwa Babatunde <[email protected]>
  Paul E. McKenney <[email protected]>
  Paul Mackerras <[email protected]>
  Peter Zijlstra (Intel) <[email protected]>
  Puranjay Mohan <[email protected]>
  Rafał Miłecki <[email protected]>
  Ran Wang <[email protected]>
  Randy Dunlap <[email protected]>
  Rasmus Villemoes <[email protected]>
  Ravi Gunasekaran <[email protected]>
  Ritesh Harjani (IBM) <[email protected]>
  Rob Herring (Arm) <[email protected]>
  Rob Herring <[email protected]>
  Roger Quadros <[email protected]>
  Ronald Wahl <[email protected]>
  Russell King (Oracle) <[email protected]>
  Sachin Sant <[email protected]>
  Sagar Cheluvegowda <[email protected]>
  Saravana Kannan <[email protected]>
  Sergey Shtylyov <[email protected]>
  Shirisha Ganta <[email protected]>
  Shresth Prasad <[email protected]>
  Shrikanth Hegde <[email protected]>
  Sourabh Jain <[email protected]>
  Stephen Brennan <[email protected]>
  Stephen Rothwell <[email protected]>
  Steven Rostedt (Google) <[email protected]>
  sundar <[email protected]>
  Suzuki K Poulose <[email protected]>
  Thierry Reding <[email protected]>
  Thomas Weißschuh <[email protected]>
  Thorsten Blum <[email protected]>
  Tom Parkin <[email protected]>
  Tony Battersby <[email protected]>
  Vaibhav Jain <[email protected]>
  Valentin Schneider <[email protected]>
  Valentina Fernandez <[email protected]>
  Vincent Donnefort <[email protected]>
  Vinod Koul <[email protected]>
  Wadim Mueller <[email protected]>
  Xiaowei Bao <[email protected]>
  xu xin <[email protected]>
  Yang Li <[email protected]>
  Ye Bin <[email protected]>
  Yuntao Wang <[email protected]>
  Yuran Pereira <[email protected]>
  Zhao Chenhui <[email protected]>
  Zheng Yejian <[email protected]>
  Zi Shen Lim <[email protected]>

jobs:
 build-amd64-xsm                                              pass    
 build-arm64-xsm                                              pass    
 build-i386-xsm                                               pass    
 build-amd64                                                  pass    
 build-arm64                                                  pass    
 build-armhf                                                  pass    
 build-i386                                                   pass    
 build-amd64-libvirt                                          pass    
 build-arm64-libvirt                                          pass    
 build-armhf-libvirt                                          pass    
 build-i386-libvirt                                           pass    
 build-amd64-pvops                                            pass    
 build-arm64-pvops                                            pass    
 build-armhf-pvops                                            pass    
 build-i386-pvops                                             pass    
 test-amd64-amd64-xl                                          pass    
 test-amd64-coresched-amd64-xl                                pass    
 test-arm64-arm64-xl                                          pass    
 test-armhf-armhf-xl                                          pass    
 test-amd64-amd64-libvirt-qemuu-debianhvm-amd64-xsm           pass    
 test-amd64-amd64-xl-qemut-stubdom-debianhvm-amd64-xsm        pass    
 test-amd64-amd64-xl-qemut-debianhvm-i386-xsm                 fail    
 test-amd64-amd64-xl-qemuu-debianhvm-i386-xsm                 pass    
 test-amd64-amd64-libvirt-xsm                                 pass    
 test-arm64-arm64-libvirt-xsm                                 pass    
 test-amd64-amd64-xl-xsm                                      pass    
 test-arm64-arm64-xl-xsm                                      pass    
 test-amd64-amd64-qemuu-nested-amd                            fail    
 test-amd64-amd64-xl-pvhv2-amd                                pass    
 test-amd64-amd64-dom0pvh-xl-amd                              pass    
 test-amd64-amd64-xl-qemut-debianhvm-amd64                    pass    
 test-amd64-amd64-xl-qemuu-debianhvm-amd64                    pass    
 test-amd64-amd64-qemuu-freebsd11-amd64                       pass    
 test-amd64-amd64-qemuu-freebsd12-amd64                       pass    
 test-amd64-amd64-xl-qemuu-ovmf-amd64                         pass    
 test-amd64-amd64-xl-qemut-win7-amd64                         fail    
 test-amd64-amd64-xl-qemuu-win7-amd64                         fail    
 test-amd64-amd64-xl-qemut-ws16-amd64                         fail    
 test-amd64-amd64-xl-qemuu-ws16-amd64                         fail    
 test-armhf-armhf-xl-arndale                                  fail    
 test-amd64-amd64-examine-bios                                pass    
 test-amd64-amd64-xl-credit1                                  pass    
 test-arm64-arm64-xl-credit1                                  pass    
 test-armhf-armhf-xl-credit1                                  pass    
 test-amd64-amd64-xl-credit2                                  pass    
 test-arm64-arm64-xl-credit2                                  pass    
 test-armhf-armhf-xl-credit2                                  pass    
 test-amd64-amd64-xl-qemuu-dmrestrict-amd64-dmrestrict        pass    
 test-amd64-amd64-examine                                     pass    
 test-arm64-arm64-examine                                     pass    
 test-armhf-armhf-examine                                     pass    
 test-amd64-amd64-qemuu-nested-intel                          pass    
 test-amd64-amd64-xl-pvhv2-intel                              pass    
 test-amd64-amd64-dom0pvh-xl-intel                            pass    
 test-amd64-amd64-libvirt                                     pass    
 test-armhf-armhf-libvirt                                     pass    
 test-amd64-amd64-xl-multivcpu                                pass    
 test-armhf-armhf-xl-multivcpu                                fail    
 test-amd64-amd64-pair                                        pass    
 test-amd64-amd64-libvirt-pair                                pass    
 test-amd64-amd64-xl-pvshim                                   pass    
 test-amd64-amd64-pygrub                                      pass    
 test-amd64-amd64-libvirt-qcow2                               pass    
 test-amd64-amd64-xl-qcow2                                    pass    
 test-armhf-armhf-xl-qcow2                                    fail    
 test-amd64-amd64-libvirt-raw                                 pass    
 test-arm64-arm64-libvirt-raw                                 pass    
 test-amd64-amd64-xl-raw                                      pass    
 test-armhf-armhf-xl-raw                                      pass    
 test-amd64-amd64-xl-rtds                                     pass    
 test-armhf-armhf-xl-rtds                                     pass    
 test-amd64-amd64-xl-qemuu-debianhvm-amd64-shadow             pass    
 test-amd64-amd64-xl-shadow                                   pass    
 test-arm64-arm64-xl-thunderx                                 pass    
 test-amd64-amd64-examine-uefi                                pass    
 test-amd64-amd64-libvirt-vhd                                 pass    
 test-armhf-armhf-libvirt-vhd                                 fail    
 test-amd64-amd64-xl-vhd                                      pass    
 test-arm64-arm64-xl-vhd                                      pass    


------------------------------------------------------------
sg-report-flight on osstest.test-lab.xenproject.org
logs: /home/logs/logs
images: /home/logs/images

Logs, config files, etc. are available at
    http://logs.test-lab.xenproject.org/osstest/logs

Explanation of these reports, and of osstest in general, is at
    http://xenbits.xen.org/gitweb/?p=osstest.git;a=blob;f=README.email;hb=master
    http://xenbits.xen.org/gitweb/?p=osstest.git;a=blob;f=README;hb=master

Test harness code can be found at
    http://xenbits.xen.org/gitweb?p=osstest.git;a=summary


Not pushing.

(No revision log; it would be 6589 lines long.)

Reply via email to