flight 186040 linux-linus real [real] http://logs.test-lab.xenproject.org/osstest/logs/186040/
Regressions :-( Tests which did not succeed and are blocking, including tests which could not be run: test-armhf-armhf-xl 8 xen-boot fail REGR. vs. 186036 Tests which are failing intermittently (not blocking): test-armhf-armhf-xl-arndale 8 xen-boot fail in 186038 pass in 186040 test-amd64-amd64-xl-qcow2 21 guest-start/debian.repeat fail in 186038 pass in 186040 test-armhf-armhf-xl-credit1 8 xen-boot fail in 186038 pass in 186040 test-armhf-armhf-xl-qcow2 8 xen-boot fail pass in 186038 test-armhf-armhf-libvirt-vhd 8 xen-boot fail pass in 186038 Regressions which are regarded as allowable (not blocking): test-armhf-armhf-xl-rtds 8 xen-boot fail REGR. vs. 186036 Tests which did not succeed, but are not blocking: test-armhf-armhf-libvirt-vhd 14 migrate-support-check fail in 186038 never pass test-armhf-armhf-libvirt-vhd 15 saverestore-support-check fail in 186038 never pass test-armhf-armhf-xl-qcow2 14 migrate-support-check fail in 186038 never pass test-armhf-armhf-xl-qcow2 15 saverestore-support-check fail in 186038 never pass test-amd64-amd64-xl-qemut-win7-amd64 19 guest-stop fail like 186036 test-amd64-amd64-xl-qemuu-win7-amd64 19 guest-stop fail like 186036 test-amd64-amd64-xl-qemuu-ws16-amd64 19 guest-stop fail like 186036 test-armhf-armhf-libvirt 16 saverestore-support-check fail like 186036 test-amd64-amd64-qemuu-nested-amd 20 debian-hvm-install/l1/l2 fail like 186036 test-amd64-amd64-xl-qemut-ws16-amd64 19 guest-stop fail like 186036 test-amd64-amd64-libvirt 15 migrate-support-check fail never pass test-amd64-amd64-libvirt-xsm 15 migrate-support-check fail never pass test-amd64-amd64-libvirt-qemuu-debianhvm-amd64-xsm 13 migrate-support-check fail never pass test-arm64-arm64-xl 15 migrate-support-check fail never pass test-arm64-arm64-xl 16 saverestore-support-check fail never pass test-arm64-arm64-libvirt-xsm 15 migrate-support-check fail never pass test-arm64-arm64-libvirt-xsm 16 saverestore-support-check fail never pass test-arm64-arm64-xl-xsm 15 migrate-support-check fail never pass test-arm64-arm64-xl-xsm 16 saverestore-support-check fail never pass test-arm64-arm64-xl-credit1 15 migrate-support-check fail never pass test-arm64-arm64-xl-credit1 16 saverestore-support-check fail never pass test-armhf-armhf-xl-arndale 15 migrate-support-check fail never pass test-armhf-armhf-xl-arndale 16 saverestore-support-check fail never pass test-arm64-arm64-xl-credit2 15 migrate-support-check fail never pass test-arm64-arm64-xl-credit2 16 saverestore-support-check fail never pass test-arm64-arm64-xl-thunderx 15 migrate-support-check fail never pass test-arm64-arm64-xl-thunderx 16 saverestore-support-check fail never pass test-amd64-amd64-libvirt-qcow2 14 migrate-support-check fail never pass test-amd64-amd64-libvirt-raw 14 migrate-support-check fail never pass test-amd64-amd64-libvirt-vhd 14 migrate-support-check fail never pass test-arm64-arm64-xl-vhd 14 migrate-support-check fail never pass test-arm64-arm64-xl-vhd 15 saverestore-support-check fail never pass test-armhf-armhf-xl-credit2 15 migrate-support-check fail never pass test-armhf-armhf-xl-credit2 16 saverestore-support-check fail never pass test-armhf-armhf-xl-multivcpu 15 migrate-support-check fail never pass test-armhf-armhf-xl-multivcpu 16 saverestore-support-check fail never pass test-armhf-armhf-libvirt 15 migrate-support-check fail never pass test-armhf-armhf-xl-credit1 15 migrate-support-check fail never pass test-armhf-armhf-xl-credit1 16 saverestore-support-check fail never pass test-arm64-arm64-libvirt-raw 14 migrate-support-check fail never pass test-arm64-arm64-libvirt-raw 15 saverestore-support-check fail never pass test-armhf-armhf-xl-raw 14 migrate-support-check fail never pass test-armhf-armhf-xl-raw 15 saverestore-support-check fail never pass version targeted for testing: linux 0450d2083be6bdcd18c9535ac50c55266499b2df baseline version: linux 25f4874662fb0d43fc1d934dd7802b740ed2ab5f Last test of basis 186036 2024-05-18 21:13:52 Z 0 days Testing same since 186038 2024-05-19 03:51:42 Z 0 days 2 attempts ------------------------------------------------------------ People who touched revisions under test: Aleksandr Aprelkov <[email protected]> Baokun Li <[email protected]> Christoph Hellwig <[email protected]> Chuck Lever <[email protected]> Colin Ian King <[email protected]> Dan Carpenter <[email protected]> Disha Goel <[email protected]> Guenter Roeck <[email protected]> Guoqing Jiang <[email protected]> Jan Kara <[email protected]> Jeff Layton <[email protected]> Justin Stitt <[email protected]> Kefeng Wang <[email protected]> Kemeng Shi <[email protected]> Kent Overstreet <[email protected]> Li kunyu <[email protected]> Linus Torvalds <[email protected]> Lorenzo Bianconi <[email protected]> Luis Henriques <[email protected]> Matthew Wilcox (Oracle) <[email protected]> Max Kellermann <[email protected]> Michael Forney <[email protected]> NeilBrown <[email protected]> Ritesh Harjani (IBM) <[email protected]> Stephen Smalley <[email protected]> Steve French <[email protected]> Theodore Ts'o <[email protected]> Thorsten Blum <[email protected]> Trond Myklebust <[email protected]> Vladimir Benes <[email protected]> Ye Bin <[email protected]> Zhang Yi <[email protected]> jobs: build-amd64-xsm pass build-arm64-xsm pass build-i386-xsm pass build-amd64 pass build-arm64 pass build-armhf pass build-i386 pass build-amd64-libvirt pass build-arm64-libvirt pass build-armhf-libvirt pass build-i386-libvirt pass build-amd64-pvops pass build-arm64-pvops pass build-armhf-pvops pass build-i386-pvops pass test-amd64-amd64-xl pass test-amd64-coresched-amd64-xl pass test-arm64-arm64-xl pass test-armhf-armhf-xl fail test-amd64-amd64-libvirt-qemuu-debianhvm-amd64-xsm pass test-amd64-amd64-xl-qemut-stubdom-debianhvm-amd64-xsm pass test-amd64-amd64-xl-qemut-debianhvm-i386-xsm pass test-amd64-amd64-xl-qemuu-debianhvm-i386-xsm pass test-amd64-amd64-libvirt-xsm pass test-arm64-arm64-libvirt-xsm pass test-amd64-amd64-xl-xsm pass test-arm64-arm64-xl-xsm pass test-amd64-amd64-qemuu-nested-amd fail test-amd64-amd64-xl-pvhv2-amd pass test-amd64-amd64-dom0pvh-xl-amd pass test-amd64-amd64-xl-qemut-debianhvm-amd64 pass test-amd64-amd64-xl-qemuu-debianhvm-amd64 pass test-amd64-amd64-qemuu-freebsd11-amd64 pass test-amd64-amd64-qemuu-freebsd12-amd64 pass test-amd64-amd64-xl-qemuu-ovmf-amd64 pass test-amd64-amd64-xl-qemut-win7-amd64 fail test-amd64-amd64-xl-qemuu-win7-amd64 fail test-amd64-amd64-xl-qemut-ws16-amd64 fail test-amd64-amd64-xl-qemuu-ws16-amd64 fail test-armhf-armhf-xl-arndale pass test-amd64-amd64-examine-bios pass test-amd64-amd64-xl-credit1 pass test-arm64-arm64-xl-credit1 pass test-armhf-armhf-xl-credit1 pass test-amd64-amd64-xl-credit2 pass test-arm64-arm64-xl-credit2 pass test-armhf-armhf-xl-credit2 pass test-amd64-amd64-xl-qemuu-dmrestrict-amd64-dmrestrict pass test-amd64-amd64-examine pass test-arm64-arm64-examine pass test-armhf-armhf-examine pass test-amd64-amd64-qemuu-nested-intel pass test-amd64-amd64-xl-pvhv2-intel pass test-amd64-amd64-dom0pvh-xl-intel pass test-amd64-amd64-libvirt pass test-armhf-armhf-libvirt pass test-amd64-amd64-xl-multivcpu pass test-armhf-armhf-xl-multivcpu pass test-amd64-amd64-pair pass test-amd64-amd64-libvirt-pair pass test-amd64-amd64-xl-pvshim pass test-amd64-amd64-pygrub pass test-amd64-amd64-libvirt-qcow2 pass test-amd64-amd64-xl-qcow2 pass test-armhf-armhf-xl-qcow2 fail test-amd64-amd64-libvirt-raw pass test-arm64-arm64-libvirt-raw pass test-amd64-amd64-xl-raw pass test-armhf-armhf-xl-raw pass test-amd64-amd64-xl-rtds pass test-armhf-armhf-xl-rtds fail test-amd64-amd64-xl-qemuu-debianhvm-amd64-shadow pass test-amd64-amd64-xl-shadow pass test-arm64-arm64-xl-thunderx pass test-amd64-amd64-examine-uefi pass test-amd64-amd64-libvirt-vhd pass test-armhf-armhf-libvirt-vhd fail test-amd64-amd64-xl-vhd pass test-arm64-arm64-xl-vhd pass ------------------------------------------------------------ sg-report-flight on osstest.test-lab.xenproject.org logs: /home/logs/logs images: /home/logs/images Logs, config files, etc. are available at http://logs.test-lab.xenproject.org/osstest/logs Explanation of these reports, and of osstest in general, is at http://xenbits.xen.org/gitweb/?p=osstest.git;a=blob;f=README.email;hb=master http://xenbits.xen.org/gitweb/?p=osstest.git;a=blob;f=README;hb=master Test harness code can be found at http://xenbits.xen.org/gitweb?p=osstest.git;a=summary Not pushing. (No revision log; it would be 1600 lines long.)
