flight 186052 linux-linus real [real] flight 186061 linux-linus real-retest [real] http://logs.test-lab.xenproject.org/osstest/logs/186052/ http://logs.test-lab.xenproject.org/osstest/logs/186061/
Failures :-/ but no regressions. Tests which are failing intermittently (not blocking): test-arm64-arm64-xl-thunderx 8 xen-boot fail pass in 186061-retest test-armhf-armhf-xl-credit2 8 xen-boot fail pass in 186061-retest Tests which did not succeed, but are not blocking: test-arm64-arm64-xl-thunderx 15 migrate-support-check fail in 186061 never pass test-arm64-arm64-xl-thunderx 16 saverestore-support-check fail in 186061 never pass test-armhf-armhf-xl-credit2 15 migrate-support-check fail in 186061 never pass test-armhf-armhf-xl-credit2 16 saverestore-support-check fail in 186061 never pass test-armhf-armhf-xl-qcow2 8 xen-boot fail like 186044 test-armhf-armhf-libvirt 8 xen-boot fail like 186044 test-amd64-amd64-xl-qemut-win7-amd64 19 guest-stop fail like 186047 test-amd64-amd64-xl-qemuu-win7-amd64 19 guest-stop fail like 186047 test-amd64-amd64-xl-qemuu-ws16-amd64 19 guest-stop fail like 186047 test-armhf-armhf-xl-credit1 8 xen-boot fail like 186047 test-amd64-amd64-qemuu-nested-amd 20 debian-hvm-install/l1/l2 fail like 186047 test-amd64-amd64-xl-qemut-ws16-amd64 19 guest-stop fail like 186047 test-amd64-amd64-libvirt 15 migrate-support-check fail never pass test-amd64-amd64-libvirt-xsm 15 migrate-support-check fail never pass test-amd64-amd64-libvirt-qemuu-debianhvm-amd64-xsm 13 migrate-support-check fail never pass test-arm64-arm64-xl 15 migrate-support-check fail never pass test-arm64-arm64-xl 16 saverestore-support-check fail never pass test-arm64-arm64-libvirt-xsm 15 migrate-support-check fail never pass test-arm64-arm64-libvirt-xsm 16 saverestore-support-check fail never pass test-arm64-arm64-xl-xsm 15 migrate-support-check fail never pass test-arm64-arm64-xl-xsm 16 saverestore-support-check fail never pass test-arm64-arm64-xl-credit1 15 migrate-support-check fail never pass test-arm64-arm64-xl-credit1 16 saverestore-support-check fail never pass test-arm64-arm64-xl-credit2 15 migrate-support-check fail never pass test-arm64-arm64-xl-credit2 16 saverestore-support-check fail never pass test-armhf-armhf-xl-rtds 15 migrate-support-check fail never pass test-armhf-armhf-xl-rtds 16 saverestore-support-check fail never pass test-amd64-amd64-libvirt-qcow2 14 migrate-support-check fail never pass test-amd64-amd64-libvirt-raw 14 migrate-support-check fail never pass test-armhf-armhf-xl-arndale 15 migrate-support-check fail never pass test-armhf-armhf-xl-arndale 16 saverestore-support-check fail never pass test-amd64-amd64-libvirt-vhd 14 migrate-support-check fail never pass test-arm64-arm64-xl-vhd 14 migrate-support-check fail never pass test-arm64-arm64-xl-vhd 15 saverestore-support-check fail never pass test-armhf-armhf-libvirt-vhd 14 migrate-support-check fail never pass test-armhf-armhf-libvirt-vhd 15 saverestore-support-check fail never pass test-armhf-armhf-xl-multivcpu 15 migrate-support-check fail never pass test-armhf-armhf-xl-multivcpu 16 saverestore-support-check fail never pass test-armhf-armhf-xl 15 migrate-support-check fail never pass test-armhf-armhf-xl 16 saverestore-support-check fail never pass test-arm64-arm64-libvirt-raw 14 migrate-support-check fail never pass test-arm64-arm64-libvirt-raw 15 saverestore-support-check fail never pass test-armhf-armhf-xl-raw 14 migrate-support-check fail never pass test-armhf-armhf-xl-raw 15 saverestore-support-check fail never pass version targeted for testing: linux 8f6a15f095a63a83b096d9b29aaff4f0fbe6f6e6 baseline version: linux eb6a9339efeb6f3d2b5c86fdf2382cdc293eca2c Last test of basis 186047 2024-05-20 15:13:33 Z 0 days Testing same since 186052 2024-05-21 01:42:42 Z 0 days 1 attempts ------------------------------------------------------------ People who touched revisions under test: "Darrick J. Wong" <[email protected]> Abhinav Jain <[email protected]> Alex Williamson <[email protected]> Alexander Lobakin <[email protected]> Alexander Stein <[email protected]> Allison Henderson <[email protected]> Amir Goldstein <[email protected]> Andi Shyti <[email protected]> Andrew Geissler <[email protected]> Andrew Jeffery <[email protected]> André Draszik <[email protected]> Andy Shevchenko <[email protected]> Andy Shevchenko <[email protected]> Animesh Agarwal <[email protected]> Anjelique Melendez <[email protected]> Ard Biesheuvel <[email protected]> Arnd Bergmann <[email protected]> Arnd Bergmann <[email protected]> Baruch Siach <[email protected]> Bryan O'Donoghue <[email protected]> Chandan Babu R <[email protected]> Chao Yu <[email protected]> Chen Ni <[email protected]> Chen-Yu Tsai <[email protected]> Christoph Hellwig <[email protected]> Christophe JAILLET <[email protected]> Colin Ian King <[email protected]> Conor Dooley <[email protected]> Daeho Jeong <[email protected]> Dan Carpenter <[email protected]> Danila Tikhonov <[email protected]> Darrick J. Wong <[email protected]> Dave Chinner <[email protected]> David Collins <[email protected]> David Ober <[email protected]> Dawei Li <[email protected]> Delphine CC Chiu <[email protected]> Duoming Zhou <[email protected]> Eddie James <[email protected]> Emil Renner Berthing <[email protected]> Eng Lee Teh <[email protected]> Eric Dumazet <[email protected]> Eric Sandeen <[email protected]> Florian Fainelli <[email protected]> foryun.ma <[email protected]> Geert Uytterhoeven <[email protected]> Guenter Roeck <[email protected]> Gustavo A. R. Silva <[email protected]> Hamish Martin <[email protected]> Hannah Peuckmann <[email protected]> Hans Hu <[email protected]> Heiko Stuebner <[email protected]> Heiner Kallweit <[email protected]> Herbert Xu <[email protected]> Herman van Hazendonk <[email protected]> Jaegeuk Kim <[email protected]> Jan Kara <[email protected]> Jarkko Nikula <[email protected]> Jean Delvare <[email protected]> Ji Sheng Teoh <[email protected]> Jiapeng Chong <[email protected]> Jiaxun Yang <[email protected]> Jisheng Zhang <[email protected]> Joel Stanley <[email protected]> Jonathan Cameron <[email protected]> Judith Mendez <[email protected]> Julia Lawall <[email protected]> Justin Stitt <[email protected]> Justin Swartz <[email protected]> Kefeng Wang <[email protected]> Kelly Hung <[email protected]> Kelvin Zhang <[email protected]> Krzystof Kozlowski <[email protected]> Krzysztof Kozlowski <[email protected]> Krzysztof Kozlowski <[email protected]> Lad Prabhakar <[email protected]> Liao Yuanhong <[email protected]> Linus Torvalds <[email protected]> Linus Walleij <[email protected]> Luca Weiss <[email protected]> Lukas Bulwahn <[email protected]> Lukas Bulwahn <[email protected]> Marek Szyprowski <[email protected]> Mark Pearson <[email protected]> Mark Tinguely <[email protected]> Matthew Wilcox (Oracle) <[email protected]> Matthijs Kooijman <[email protected]> Matti Vaittinen <[email protected]> Michael Kelley <[email protected]> Michal Simek <[email protected]> Nathan Chancellor <[email protected]> Neil Armstrong <[email protected]> Nikita Kiryushin <[email protected]> Niklas Schnelle <[email protected]> Ninad Palsule <[email protected]> Nipun Gupta <[email protected]> Paul Barker <[email protected]> Paul Cercueil <[email protected]> Peng Fan <[email protected]> Peter Korsgaard <[email protected]> Peter Rosin <[email protected]> Peter Yin <[email protected]> Piyush Malgujar <[email protected]> Rafał Miłecki <[email protected]> Reinette Chatre <[email protected]> Renze Nicolai <[email protected]> Ricardo Ribalda <[email protected]> Ritesh Harjani (IBM) <[email protected]> Rob Herring (Arm) <[email protected]> Rob Herring <[email protected]> Robin Murphy <[email protected]> Roman Smirnov <[email protected]> Sai Pavan Boddu <[email protected]> Sebastian Reichel <[email protected]> Serge Semin <[email protected]> Shanth Murthy <[email protected]> Shengyu Qu <[email protected]> Shin'ichiro Kawasaki <[email protected]> Shuah Khan <[email protected]> Siarhei Volkau <[email protected]> Songyang Li <[email protected]> Stefan Berger <[email protected]> Stefan Wahren <[email protected]> Steven Price <[email protected]> Suneel Garapati <[email protected]> Tao Ren <[email protected]> Tengfei Fan <[email protected]> Thomas Bogendoerfer <[email protected]> Thomas Bonnefille <[email protected]> Thomas Richard <[email protected]> Thomas Zimmermann <[email protected]> Thorsten Blum <[email protected]> Wenjie Qi <[email protected]> Wim Van Sebroeck <[email protected]> Wolfram Sang <[email protected]> Wu Bo <[email protected]> Xianwei Zhao <[email protected]> Xin Zeng <[email protected]> Yahui Cao <[email protected]> Yang Chen <[email protected]> Ye Bin <[email protected]> Yeongjin Gil <[email protected]> Yi Zhang <[email protected]> Yifan Zhao <[email protected]> Yongzhen Zhang <[email protected]> Yunlei He <[email protected]> Yury Norov <[email protected]> Zelong Dong <[email protected]> Zev Weiss <[email protected]> Zhang Yi <[email protected]> Zhiguo Niu <[email protected]> jobs: build-amd64-xsm pass build-arm64-xsm pass build-i386-xsm pass build-amd64 pass build-arm64 pass build-armhf pass build-i386 pass build-amd64-libvirt pass build-arm64-libvirt pass build-armhf-libvirt pass build-i386-libvirt pass build-amd64-pvops pass build-arm64-pvops pass build-armhf-pvops pass build-i386-pvops pass test-amd64-amd64-xl pass test-amd64-coresched-amd64-xl pass test-arm64-arm64-xl pass test-armhf-armhf-xl pass test-amd64-amd64-libvirt-qemuu-debianhvm-amd64-xsm pass test-amd64-amd64-xl-qemut-stubdom-debianhvm-amd64-xsm pass test-amd64-amd64-xl-qemut-debianhvm-i386-xsm pass test-amd64-amd64-xl-qemuu-debianhvm-i386-xsm pass test-amd64-amd64-libvirt-xsm pass test-arm64-arm64-libvirt-xsm pass test-amd64-amd64-xl-xsm pass test-arm64-arm64-xl-xsm pass test-amd64-amd64-qemuu-nested-amd fail test-amd64-amd64-xl-pvhv2-amd pass test-amd64-amd64-dom0pvh-xl-amd pass test-amd64-amd64-xl-qemut-debianhvm-amd64 pass test-amd64-amd64-xl-qemuu-debianhvm-amd64 pass test-amd64-amd64-qemuu-freebsd11-amd64 pass test-amd64-amd64-qemuu-freebsd12-amd64 pass test-amd64-amd64-xl-qemuu-ovmf-amd64 pass test-amd64-amd64-xl-qemut-win7-amd64 fail test-amd64-amd64-xl-qemuu-win7-amd64 fail test-amd64-amd64-xl-qemut-ws16-amd64 fail test-amd64-amd64-xl-qemuu-ws16-amd64 fail test-armhf-armhf-xl-arndale pass test-amd64-amd64-examine-bios pass test-amd64-amd64-xl-credit1 pass test-arm64-arm64-xl-credit1 pass test-armhf-armhf-xl-credit1 fail test-amd64-amd64-xl-credit2 pass test-arm64-arm64-xl-credit2 pass test-armhf-armhf-xl-credit2 fail test-amd64-amd64-xl-qemuu-dmrestrict-amd64-dmrestrict pass test-amd64-amd64-examine pass test-arm64-arm64-examine pass test-armhf-armhf-examine pass test-amd64-amd64-qemuu-nested-intel pass test-amd64-amd64-xl-pvhv2-intel pass test-amd64-amd64-dom0pvh-xl-intel pass test-amd64-amd64-libvirt pass test-armhf-armhf-libvirt fail test-amd64-amd64-xl-multivcpu pass test-armhf-armhf-xl-multivcpu pass test-amd64-amd64-pair pass test-amd64-amd64-libvirt-pair pass test-amd64-amd64-xl-pvshim pass test-amd64-amd64-pygrub pass test-amd64-amd64-libvirt-qcow2 pass test-amd64-amd64-xl-qcow2 pass test-armhf-armhf-xl-qcow2 fail test-amd64-amd64-libvirt-raw pass test-arm64-arm64-libvirt-raw pass test-amd64-amd64-xl-raw pass test-armhf-armhf-xl-raw pass test-amd64-amd64-xl-rtds pass test-armhf-armhf-xl-rtds pass test-amd64-amd64-xl-qemuu-debianhvm-amd64-shadow pass test-amd64-amd64-xl-shadow pass test-arm64-arm64-xl-thunderx fail test-amd64-amd64-examine-uefi pass test-amd64-amd64-libvirt-vhd pass test-armhf-armhf-libvirt-vhd pass test-amd64-amd64-xl-vhd pass test-arm64-arm64-xl-vhd pass ------------------------------------------------------------ sg-report-flight on osstest.test-lab.xenproject.org logs: /home/logs/logs images: /home/logs/images Logs, config files, etc. are available at http://logs.test-lab.xenproject.org/osstest/logs Explanation of these reports, and of osstest in general, is at http://xenbits.xen.org/gitweb/?p=osstest.git;a=blob;f=README.email;hb=master http://xenbits.xen.org/gitweb/?p=osstest.git;a=blob;f=README;hb=master Test harness code can be found at http://xenbits.xen.org/gitweb?p=osstest.git;a=summary Pushing revision : hint: The 'hooks/update' hook was ignored because it's not set as executable. hint: You can disable this warning with `git config advice.ignoredHook false`. hint: The 'hooks/post-receive' hook was ignored because it's not set as executable. hint: You can disable this warning with `git config advice.ignoredHook false`. hint: The 'hooks/post-update' hook was ignored because it's not set as executable. hint: You can disable this warning with `git config advice.ignoredHook false`. To xenbits.xen.org:/home/xen/git/linux-pvops.git eb6a9339efeb..8f6a15f095a6 8f6a15f095a63a83b096d9b29aaff4f0fbe6f6e6 -> tested/linux-linus
