flight 186103 linux-linus real [real]
http://logs.test-lab.xenproject.org/osstest/logs/186103/
Regressions :-(
Tests which did not succeed and are blocking,
including tests which could not be run:
build-amd64-xsm 6 xen-build fail REGR. vs. 186052
build-amd64 6 xen-build fail REGR. vs. 186052
build-i386 6 xen-build fail REGR. vs. 186052
build-i386-xsm 6 xen-build fail REGR. vs. 186052
build-armhf 6 xen-build fail REGR. vs. 186052
Tests which did not succeed, but are not blocking:
test-amd64-amd64-xl-vhd 1 build-check(1) blocked n/a
test-amd64-amd64-xl-shadow 1 build-check(1) blocked n/a
test-amd64-amd64-xl-rtds 1 build-check(1) blocked n/a
test-amd64-amd64-xl-raw 1 build-check(1) blocked n/a
test-amd64-amd64-xl-qemuu-ws16-amd64 1 build-check(1) blocked n/a
test-amd64-amd64-xl-qemuu-win7-amd64 1 build-check(1) blocked n/a
test-amd64-amd64-xl-qemuu-ovmf-amd64 1 build-check(1) blocked n/a
test-amd64-amd64-xl-qemuu-dmrestrict-amd64-dmrestrict 1 build-check(1) blocked
n/a
test-amd64-amd64-xl-qemuu-debianhvm-i386-xsm 1 build-check(1) blocked n/a
test-amd64-amd64-xl-qemuu-debianhvm-amd64-shadow 1 build-check(1) blocked n/a
test-amd64-amd64-xl-qemuu-debianhvm-amd64 1 build-check(1) blocked n/a
test-amd64-amd64-xl-qemut-ws16-amd64 1 build-check(1) blocked n/a
build-amd64-libvirt 1 build-check(1) blocked n/a
test-amd64-amd64-xl-qemut-win7-amd64 1 build-check(1) blocked n/a
test-amd64-amd64-xl-qemut-stubdom-debianhvm-amd64-xsm 1 build-check(1) blocked
n/a
test-amd64-amd64-xl-qemut-debianhvm-i386-xsm 1 build-check(1) blocked n/a
test-amd64-amd64-xl-qemut-debianhvm-amd64 1 build-check(1) blocked n/a
test-amd64-amd64-xl-qcow2 1 build-check(1) blocked n/a
build-armhf-libvirt 1 build-check(1) blocked n/a
test-amd64-amd64-xl-pvshim 1 build-check(1) blocked n/a
build-i386-libvirt 1 build-check(1) blocked n/a
test-amd64-amd64-xl-pvhv2-intel 1 build-check(1) blocked n/a
test-amd64-amd64-dom0pvh-xl-amd 1 build-check(1) blocked n/a
test-amd64-amd64-xl-pvhv2-amd 1 build-check(1) blocked n/a
test-amd64-amd64-dom0pvh-xl-intel 1 build-check(1) blocked n/a
test-amd64-amd64-xl-multivcpu 1 build-check(1) blocked n/a
test-amd64-amd64-examine 1 build-check(1) blocked n/a
test-amd64-amd64-examine-bios 1 build-check(1) blocked n/a
test-amd64-amd64-examine-uefi 1 build-check(1) blocked n/a
test-amd64-amd64-xl-credit2 1 build-check(1) blocked n/a
test-amd64-amd64-libvirt 1 build-check(1) blocked n/a
test-amd64-amd64-libvirt-pair 1 build-check(1) blocked n/a
test-amd64-amd64-xl-credit1 1 build-check(1) blocked n/a
test-amd64-amd64-libvirt-qcow2 1 build-check(1) blocked n/a
test-amd64-amd64-libvirt-qemuu-debianhvm-amd64-xsm 1 build-check(1) blocked n/a
test-amd64-amd64-xl 1 build-check(1) blocked n/a
test-amd64-amd64-libvirt-raw 1 build-check(1) blocked n/a
test-amd64-amd64-libvirt-vhd 1 build-check(1) blocked n/a
test-amd64-amd64-qemuu-nested-intel 1 build-check(1) blocked n/a
test-amd64-amd64-libvirt-xsm 1 build-check(1) blocked n/a
test-amd64-amd64-pair 1 build-check(1) blocked n/a
test-amd64-amd64-qemuu-nested-amd 1 build-check(1) blocked n/a
test-amd64-amd64-pygrub 1 build-check(1) blocked n/a
test-amd64-amd64-qemuu-freebsd11-amd64 1 build-check(1) blocked n/a
test-amd64-amd64-qemuu-freebsd12-amd64 1 build-check(1) blocked n/a
test-amd64-amd64-xl-xsm 1 build-check(1) blocked n/a
test-amd64-coresched-amd64-xl 1 build-check(1) blocked n/a
test-armhf-armhf-examine 1 build-check(1) blocked n/a
test-armhf-armhf-libvirt 1 build-check(1) blocked n/a
test-armhf-armhf-libvirt-vhd 1 build-check(1) blocked n/a
test-armhf-armhf-xl 1 build-check(1) blocked n/a
test-armhf-armhf-xl-arndale 1 build-check(1) blocked n/a
test-armhf-armhf-xl-credit1 1 build-check(1) blocked n/a
test-armhf-armhf-xl-credit2 1 build-check(1) blocked n/a
test-armhf-armhf-xl-multivcpu 1 build-check(1) blocked n/a
test-armhf-armhf-xl-qcow2 1 build-check(1) blocked n/a
test-armhf-armhf-xl-raw 1 build-check(1) blocked n/a
test-armhf-armhf-xl-rtds 1 build-check(1) blocked n/a
test-arm64-arm64-xl 15 migrate-support-check fail never pass
test-arm64-arm64-xl 16 saverestore-support-check fail never pass
test-arm64-arm64-libvirt-xsm 15 migrate-support-check fail never pass
test-arm64-arm64-libvirt-xsm 16 saverestore-support-check fail never pass
test-arm64-arm64-xl-xsm 15 migrate-support-check fail never pass
test-arm64-arm64-xl-xsm 16 saverestore-support-check fail never pass
test-arm64-arm64-xl-credit1 15 migrate-support-check fail never pass
test-arm64-arm64-xl-credit1 16 saverestore-support-check fail never pass
test-arm64-arm64-xl-credit2 15 migrate-support-check fail never pass
test-arm64-arm64-xl-credit2 16 saverestore-support-check fail never pass
test-arm64-arm64-xl-thunderx 15 migrate-support-check fail never pass
test-arm64-arm64-xl-thunderx 16 saverestore-support-check fail never pass
test-arm64-arm64-xl-vhd 14 migrate-support-check fail never pass
test-arm64-arm64-xl-vhd 15 saverestore-support-check fail never pass
test-arm64-arm64-libvirt-raw 14 migrate-support-check fail never pass
test-arm64-arm64-libvirt-raw 15 saverestore-support-check fail never pass
version targeted for testing:
linux c760b3725e52403dc1b28644fb09c47a83cacea6
baseline version:
linux 8f6a15f095a63a83b096d9b29aaff4f0fbe6f6e6
Last test of basis 186052 2024-05-21 01:42:42 Z 2 days
Failing since 186065 2024-05-21 16:10:24 Z 2 days 3 attempts
Testing same since 186103 2024-05-23 05:27:56 Z 0 days 1 attempts
------------------------------------------------------------
435 people touched revisions under test,
not listing them all
jobs:
build-amd64-xsm fail
build-arm64-xsm pass
build-i386-xsm fail
build-amd64 fail
build-arm64 pass
build-armhf fail
build-i386 fail
build-amd64-libvirt blocked
build-arm64-libvirt pass
build-armhf-libvirt blocked
build-i386-libvirt blocked
build-amd64-pvops pass
build-arm64-pvops pass
build-armhf-pvops pass
build-i386-pvops pass
test-amd64-amd64-xl blocked
test-amd64-coresched-amd64-xl blocked
test-arm64-arm64-xl pass
test-armhf-armhf-xl blocked
test-amd64-amd64-libvirt-qemuu-debianhvm-amd64-xsm blocked
test-amd64-amd64-xl-qemut-stubdom-debianhvm-amd64-xsm blocked
test-amd64-amd64-xl-qemut-debianhvm-i386-xsm blocked
test-amd64-amd64-xl-qemuu-debianhvm-i386-xsm blocked
test-amd64-amd64-libvirt-xsm blocked
test-arm64-arm64-libvirt-xsm pass
test-amd64-amd64-xl-xsm blocked
test-arm64-arm64-xl-xsm pass
test-amd64-amd64-qemuu-nested-amd blocked
test-amd64-amd64-xl-pvhv2-amd blocked
test-amd64-amd64-dom0pvh-xl-amd blocked
test-amd64-amd64-xl-qemut-debianhvm-amd64 blocked
test-amd64-amd64-xl-qemuu-debianhvm-amd64 blocked
test-amd64-amd64-qemuu-freebsd11-amd64 blocked
test-amd64-amd64-qemuu-freebsd12-amd64 blocked
test-amd64-amd64-xl-qemuu-ovmf-amd64 blocked
test-amd64-amd64-xl-qemut-win7-amd64 blocked
test-amd64-amd64-xl-qemuu-win7-amd64 blocked
test-amd64-amd64-xl-qemut-ws16-amd64 blocked
test-amd64-amd64-xl-qemuu-ws16-amd64 blocked
test-armhf-armhf-xl-arndale blocked
test-amd64-amd64-examine-bios blocked
test-amd64-amd64-xl-credit1 blocked
test-arm64-arm64-xl-credit1 pass
test-armhf-armhf-xl-credit1 blocked
test-amd64-amd64-xl-credit2 blocked
test-arm64-arm64-xl-credit2 pass
test-armhf-armhf-xl-credit2 blocked
test-amd64-amd64-xl-qemuu-dmrestrict-amd64-dmrestrict blocked
test-amd64-amd64-examine blocked
test-arm64-arm64-examine pass
test-armhf-armhf-examine blocked
test-amd64-amd64-qemuu-nested-intel blocked
test-amd64-amd64-xl-pvhv2-intel blocked
test-amd64-amd64-dom0pvh-xl-intel blocked
test-amd64-amd64-libvirt blocked
test-armhf-armhf-libvirt blocked
test-amd64-amd64-xl-multivcpu blocked
test-armhf-armhf-xl-multivcpu blocked
test-amd64-amd64-pair blocked
test-amd64-amd64-libvirt-pair blocked
test-amd64-amd64-xl-pvshim blocked
test-amd64-amd64-pygrub blocked
test-amd64-amd64-libvirt-qcow2 blocked
test-amd64-amd64-xl-qcow2 blocked
test-armhf-armhf-xl-qcow2 blocked
test-amd64-amd64-libvirt-raw blocked
test-arm64-arm64-libvirt-raw pass
test-amd64-amd64-xl-raw blocked
test-armhf-armhf-xl-raw blocked
test-amd64-amd64-xl-rtds blocked
test-armhf-armhf-xl-rtds blocked
test-amd64-amd64-xl-qemuu-debianhvm-amd64-shadow blocked
test-amd64-amd64-xl-shadow blocked
test-arm64-arm64-xl-thunderx pass
test-amd64-amd64-examine-uefi blocked
test-amd64-amd64-libvirt-vhd blocked
test-armhf-armhf-libvirt-vhd blocked
test-amd64-amd64-xl-vhd blocked
test-arm64-arm64-xl-vhd pass
------------------------------------------------------------
sg-report-flight on osstest.test-lab.xenproject.org
logs: /home/logs/logs
images: /home/logs/images
Logs, config files, etc. are available at
http://logs.test-lab.xenproject.org/osstest/logs
Explanation of these reports, and of osstest in general, is at
http://xenbits.xen.org/gitweb/?p=osstest.git;a=blob;f=README.email;hb=master
http://xenbits.xen.org/gitweb/?p=osstest.git;a=blob;f=README;hb=master
Test harness code can be found at
http://xenbits.xen.org/gitweb?p=osstest.git;a=summary
Not pushing.
(No revision log; it would be 36039 lines long.)