flight 186155 linux-linus real [real] http://logs.test-lab.xenproject.org/osstest/logs/186155/
Regressions :-( Tests which did not succeed and are blocking, including tests which could not be run: test-amd64-amd64-xl-credit1 22 guest-start/debian.repeat fail REGR. vs. 186148 build-armhf 6 xen-build fail REGR. vs. 186148 Tests which did not succeed, but are not blocking: build-armhf-libvirt 1 build-check(1) blocked n/a test-armhf-armhf-examine 1 build-check(1) blocked n/a test-armhf-armhf-libvirt 1 build-check(1) blocked n/a test-armhf-armhf-libvirt-vhd 1 build-check(1) blocked n/a test-armhf-armhf-xl 1 build-check(1) blocked n/a test-armhf-armhf-xl-arndale 1 build-check(1) blocked n/a test-armhf-armhf-xl-credit1 1 build-check(1) blocked n/a test-armhf-armhf-xl-credit2 1 build-check(1) blocked n/a test-armhf-armhf-xl-multivcpu 1 build-check(1) blocked n/a test-armhf-armhf-xl-qcow2 1 build-check(1) blocked n/a test-armhf-armhf-xl-raw 1 build-check(1) blocked n/a test-armhf-armhf-xl-rtds 1 build-check(1) blocked n/a test-amd64-amd64-xl-qemut-win7-amd64 19 guest-stop fail like 186148 test-amd64-amd64-xl-qemuu-win7-amd64 19 guest-stop fail like 186148 test-amd64-amd64-xl-qemuu-ws16-amd64 19 guest-stop fail like 186148 test-amd64-amd64-xl-qemut-ws16-amd64 19 guest-stop fail like 186148 test-amd64-amd64-qemuu-nested-amd 20 debian-hvm-install/l1/l2 fail like 186148 test-amd64-amd64-libvirt 15 migrate-support-check fail never pass test-amd64-amd64-libvirt-xsm 15 migrate-support-check fail never pass test-amd64-amd64-libvirt-qemuu-debianhvm-amd64-xsm 13 migrate-support-check fail never pass test-arm64-arm64-xl 15 migrate-support-check fail never pass test-arm64-arm64-xl 16 saverestore-support-check fail never pass test-arm64-arm64-libvirt-xsm 15 migrate-support-check fail never pass test-arm64-arm64-libvirt-xsm 16 saverestore-support-check fail never pass test-arm64-arm64-xl-xsm 15 migrate-support-check fail never pass test-arm64-arm64-xl-xsm 16 saverestore-support-check fail never pass test-arm64-arm64-xl-credit1 15 migrate-support-check fail never pass test-arm64-arm64-xl-credit1 16 saverestore-support-check fail never pass test-arm64-arm64-xl-credit2 15 migrate-support-check fail never pass test-arm64-arm64-xl-credit2 16 saverestore-support-check fail never pass test-arm64-arm64-xl-thunderx 15 migrate-support-check fail never pass test-arm64-arm64-xl-thunderx 16 saverestore-support-check fail never pass test-amd64-amd64-libvirt-qcow2 14 migrate-support-check fail never pass test-amd64-amd64-libvirt-raw 14 migrate-support-check fail never pass test-amd64-amd64-libvirt-vhd 14 migrate-support-check fail never pass test-arm64-arm64-xl-vhd 14 migrate-support-check fail never pass test-arm64-arm64-xl-vhd 15 saverestore-support-check fail never pass test-arm64-arm64-libvirt-raw 14 migrate-support-check fail never pass test-arm64-arm64-libvirt-raw 15 saverestore-support-check fail never pass version targeted for testing: linux 6fbf71854e2ddea7c99397772fbbb3783bfe15b5 baseline version: linux 56fb6f92854f29dcb6c3dc3ba92eeda1b615e88c Last test of basis 186148 2024-05-25 18:11:58 Z 1 days Failing since 186152 2024-05-26 05:15:42 Z 0 days 2 attempts Testing same since 186155 2024-05-26 19:13:32 Z 0 days 1 attempts ------------------------------------------------------------ People who touched revisions under test: Al Viro <[email protected]> Alexandre Belloni <[email protected]> Allen Pais <[email protected]> Allen Pais <[email protected]> Andrew Morton <[email protected]> Andrey Konovalov <[email protected]> Arnaldo Carvalho de Melo <[email protected]> Arnd Bergmann <[email protected]> Artem Ikonnikov <[email protected]> Billy Tsai <[email protected]> Borislav Petkov (AMD) <[email protected]> Carsten Tolkmit <[email protected]> Chengming Zhou <[email protected]> Christian Heusel <[email protected]> Christophe JAILLET <[email protected]> Corey Minyard <[email protected]> Corey Minyard <[email protected]> David Hildenbrand <[email protected]> David Howells <[email protected]> Dev Jain <[email protected]> dicken.ding <[email protected]> Dongli Zhang <[email protected]> Duoming Zhou <[email protected]> Frank Li <[email protected]> Guenter Roeck <[email protected]> Hailong.Liu <[email protected]> Herbert Xu <[email protected]> Ilya Dryomov <[email protected]> Javier Carrasco <[email protected]> Jeff Layton <[email protected]> Johannes Berg <[email protected]> Josh Poimboeuf <[email protected]> Klara Modin <[email protected]> Konstantin Komarov <[email protected]> Krzysztof Kozlowski <[email protected]> Krzysztof Kozlowski <[email protected]> Kunwu Chan <[email protected]> Lenko Donchev <[email protected]> Linus Torvalds <[email protected]> Masahiro Yamada <[email protected]> Mia Lin <[email protected]> Miaohe Lin <[email protected]> Michael Ellerman <[email protected]> Michal Hocko <[email protected]> Mike Rapoport (IBM) <[email protected]> Mukesh Kumar Savaliya <[email protected]> Namjae Jeon <[email protected]> Nandor Kracser <[email protected]> Nico Pache <[email protected]> Niklas Schnelle <[email protected]> Palmer Dabbelt <[email protected]> Randy Dunlap <[email protected]> Richard Weinberger <[email protected]> Roberto Sassu <[email protected]> Ryusuke Konishi <[email protected]> Satya Priya Kakitapalli <[email protected]> Steve French <[email protected]> Suren Baghdasaryan <[email protected]> Thomas Gleixner <[email protected]> Tiwei Bie <[email protected]> Tony Luck <[email protected]> Tzung-Bi Shih <[email protected]> Uwe Kleine-König <[email protected]> Wang Yong <[email protected]> Waqar Hameed <[email protected]> Will Deacon <[email protected]> Xiubo Li <[email protected]> Yuanyuan Zhong <[email protected]> Yueh-Shun Li <[email protected]> jobs: build-amd64-xsm pass build-arm64-xsm pass build-i386-xsm pass build-amd64 pass build-arm64 pass build-armhf fail build-i386 pass build-amd64-libvirt pass build-arm64-libvirt pass build-armhf-libvirt blocked build-i386-libvirt pass build-amd64-pvops pass build-arm64-pvops pass build-armhf-pvops pass build-i386-pvops pass test-amd64-amd64-xl pass test-amd64-coresched-amd64-xl pass test-arm64-arm64-xl pass test-armhf-armhf-xl blocked test-amd64-amd64-libvirt-qemuu-debianhvm-amd64-xsm pass test-amd64-amd64-xl-qemut-stubdom-debianhvm-amd64-xsm pass test-amd64-amd64-xl-qemut-debianhvm-i386-xsm pass test-amd64-amd64-xl-qemuu-debianhvm-i386-xsm pass test-amd64-amd64-libvirt-xsm pass test-arm64-arm64-libvirt-xsm pass test-amd64-amd64-xl-xsm pass test-arm64-arm64-xl-xsm pass test-amd64-amd64-qemuu-nested-amd fail test-amd64-amd64-xl-pvhv2-amd pass test-amd64-amd64-dom0pvh-xl-amd pass test-amd64-amd64-xl-qemut-debianhvm-amd64 pass test-amd64-amd64-xl-qemuu-debianhvm-amd64 pass test-amd64-amd64-qemuu-freebsd11-amd64 pass test-amd64-amd64-qemuu-freebsd12-amd64 pass test-amd64-amd64-xl-qemuu-ovmf-amd64 pass test-amd64-amd64-xl-qemut-win7-amd64 fail test-amd64-amd64-xl-qemuu-win7-amd64 fail test-amd64-amd64-xl-qemut-ws16-amd64 fail test-amd64-amd64-xl-qemuu-ws16-amd64 fail test-armhf-armhf-xl-arndale blocked test-amd64-amd64-examine-bios pass test-amd64-amd64-xl-credit1 fail test-arm64-arm64-xl-credit1 pass test-armhf-armhf-xl-credit1 blocked test-amd64-amd64-xl-credit2 pass test-arm64-arm64-xl-credit2 pass test-armhf-armhf-xl-credit2 blocked test-amd64-amd64-xl-qemuu-dmrestrict-amd64-dmrestrict pass test-amd64-amd64-examine pass test-arm64-arm64-examine pass test-armhf-armhf-examine blocked test-amd64-amd64-qemuu-nested-intel pass test-amd64-amd64-xl-pvhv2-intel pass test-amd64-amd64-dom0pvh-xl-intel pass test-amd64-amd64-libvirt pass test-armhf-armhf-libvirt blocked test-amd64-amd64-xl-multivcpu pass test-armhf-armhf-xl-multivcpu blocked test-amd64-amd64-pair pass test-amd64-amd64-libvirt-pair pass test-amd64-amd64-xl-pvshim pass test-amd64-amd64-pygrub pass test-amd64-amd64-libvirt-qcow2 pass test-amd64-amd64-xl-qcow2 pass test-armhf-armhf-xl-qcow2 blocked test-amd64-amd64-libvirt-raw pass test-arm64-arm64-libvirt-raw pass test-amd64-amd64-xl-raw pass test-armhf-armhf-xl-raw blocked test-amd64-amd64-xl-rtds pass test-armhf-armhf-xl-rtds blocked test-amd64-amd64-xl-qemuu-debianhvm-amd64-shadow pass test-amd64-amd64-xl-shadow pass test-arm64-arm64-xl-thunderx pass test-amd64-amd64-examine-uefi pass test-amd64-amd64-libvirt-vhd pass test-armhf-armhf-libvirt-vhd blocked test-amd64-amd64-xl-vhd pass test-arm64-arm64-xl-vhd pass ------------------------------------------------------------ sg-report-flight on osstest.test-lab.xenproject.org logs: /home/logs/logs images: /home/logs/images Logs, config files, etc. are available at http://logs.test-lab.xenproject.org/osstest/logs Explanation of these reports, and of osstest in general, is at http://xenbits.xen.org/gitweb/?p=osstest.git;a=blob;f=README.email;hb=master http://xenbits.xen.org/gitweb/?p=osstest.git;a=blob;f=README;hb=master Test harness code can be found at http://xenbits.xen.org/gitweb?p=osstest.git;a=summary Not pushing. (No revision log; it would be 2966 lines long.)
