flight 186370 linux-6.1 real [real] flight 186373 linux-6.1 real-retest [real] http://logs.test-lab.xenproject.org/osstest/logs/186370/ http://logs.test-lab.xenproject.org/osstest/logs/186373/
Failures :-/ but no regressions. Tests which are failing intermittently (not blocking): test-armhf-armhf-xl-multivcpu 10 host-ping-check-xen fail pass in 186373-retest Tests which did not succeed, but are not blocking: test-armhf-armhf-xl-multivcpu 15 migrate-support-check fail in 186373 never pass test-armhf-armhf-xl-multivcpu 16 saverestore-support-check fail in 186373 never pass test-armhf-armhf-libvirt 16 saverestore-support-check fail like 186320 test-amd64-amd64-xl-qemuu-win7-amd64 19 guest-stop fail like 186320 test-amd64-amd64-xl-qemuu-ws16-amd64 19 guest-stop fail like 186320 test-amd64-amd64-xl-qemut-win7-amd64 19 guest-stop fail like 186320 test-amd64-amd64-xl-qemut-ws16-amd64 19 guest-stop fail like 186320 test-amd64-amd64-qemuu-nested-amd 20 debian-hvm-install/l1/l2 fail like 186320 test-arm64-arm64-xl-thunderx 15 migrate-support-check fail never pass test-arm64-arm64-xl-thunderx 16 saverestore-support-check fail never pass test-amd64-amd64-libvirt 15 migrate-support-check fail never pass test-amd64-amd64-libvirt-xsm 15 migrate-support-check fail never pass test-amd64-amd64-libvirt-qemuu-debianhvm-amd64-xsm 13 migrate-support-check fail never pass test-arm64-arm64-xl-credit1 15 migrate-support-check fail never pass test-arm64-arm64-xl-credit1 16 saverestore-support-check fail never pass test-arm64-arm64-xl 15 migrate-support-check fail never pass test-arm64-arm64-xl 16 saverestore-support-check fail never pass test-arm64-arm64-libvirt-xsm 15 migrate-support-check fail never pass test-arm64-arm64-libvirt-xsm 16 saverestore-support-check fail never pass test-arm64-arm64-xl-xsm 15 migrate-support-check fail never pass test-arm64-arm64-xl-xsm 16 saverestore-support-check fail never pass test-arm64-arm64-xl-credit2 15 migrate-support-check fail never pass test-arm64-arm64-xl-credit2 16 saverestore-support-check fail never pass test-armhf-armhf-xl-rtds 15 migrate-support-check fail never pass test-armhf-armhf-xl-rtds 16 saverestore-support-check fail never pass test-armhf-armhf-xl-credit2 15 migrate-support-check fail never pass test-armhf-armhf-xl-credit2 16 saverestore-support-check fail never pass test-armhf-armhf-xl-credit1 15 migrate-support-check fail never pass test-armhf-armhf-xl 15 migrate-support-check fail never pass test-armhf-armhf-xl-credit1 16 saverestore-support-check fail never pass test-armhf-armhf-xl 16 saverestore-support-check fail never pass test-armhf-armhf-libvirt 15 migrate-support-check fail never pass test-amd64-amd64-libvirt-qcow2 14 migrate-support-check fail never pass test-armhf-armhf-xl-arndale 15 migrate-support-check fail never pass test-armhf-armhf-xl-arndale 16 saverestore-support-check fail never pass test-amd64-amd64-libvirt-vhd 14 migrate-support-check fail never pass test-amd64-amd64-libvirt-raw 14 migrate-support-check fail never pass test-arm64-arm64-libvirt-raw 14 migrate-support-check fail never pass test-arm64-arm64-libvirt-raw 15 saverestore-support-check fail never pass test-armhf-armhf-xl-qcow2 14 migrate-support-check fail never pass test-armhf-armhf-xl-qcow2 15 saverestore-support-check fail never pass test-arm64-arm64-xl-vhd 14 migrate-support-check fail never pass test-arm64-arm64-xl-vhd 15 saverestore-support-check fail never pass test-armhf-armhf-xl-raw 14 migrate-support-check fail never pass test-armhf-armhf-xl-raw 15 saverestore-support-check fail never pass test-armhf-armhf-libvirt-vhd 14 migrate-support-check fail never pass test-armhf-armhf-libvirt-vhd 15 saverestore-support-check fail never pass version targeted for testing: linux eb44d83053d66372327e69145e8d2fa7400a4991 baseline version: linux ae9f2a70d69e9c840ee1eda201f09662ca7e2038 Last test of basis 186320 2024-06-12 09:12:33 Z 4 days Testing same since 186370 2024-06-16 12:15:05 Z 0 days 1 attempts ------------------------------------------------------------ People who touched revisions under test: Adrian Hunter <[email protected]> Alex Deucher <[email protected]> Alexander Potapenko <[email protected]> Alexander Shishkin <[email protected]> Alexandre Belloni <[email protected]> Andreas Larsson <[email protected]> Andrew Morton <[email protected]> Animesh Manna <[email protected]> Anna Schumaker <[email protected]> Arnd Bergmann <[email protected]> Avri Altman <[email protected]> Baokun Li <[email protected]> Bitterblue Smith <[email protected]> Bjorn Andersson <[email protected]> Bob Zhou <[email protected]> Borislav Petkov (AMD) <[email protected]> Brian Johannesmeyer <[email protected]> Cai Xinchen <[email protected]> Chaitanya Kumar Borah <[email protected]> Chao Yu <[email protected]> Christian Brauner <[email protected]> Christian König <[email protected]> Christoffer Sandberg <[email protected]> Coly Li <[email protected]> Damien Le Moal <[email protected]> Dan Gora <[email protected]> Daniel Borkmann <[email protected]> Daniel Lezcano <[email protected]> Daniel Thompson <[email protected]> Daniel Vetter <[email protected]> David Hildenbrand <[email protected]> David Howells <[email protected]> David S. Miller <[email protected]> David Sterba <[email protected]> Dhananjay Ugwekar <[email protected]> Dominique Martinet <[email protected]> Elliot Berman <[email protected]> # sm8650-qrd Enzo Matsumiya <[email protected]> Eric Dumazet <[email protected]> Fan Yu <[email protected]> Florian Fainelli <[email protected]> Frank Li <[email protected]> Frank van der Linden <[email protected]> Gautham R. Shenoy <[email protected]> Greg Kroah-Hartman <[email protected]> Guenter Roeck <[email protected]> Hans de Goede <[email protected]> Hans Verkuil <[email protected]> Haorong Lu <[email protected]> Harald Freudenberger <[email protected]> Heiko Carstens <[email protected]> Helge Deller <[email protected]> Helge Deller <[email protected]> Herbert Xu <[email protected]> Ilpo Järvinen <[email protected]> Ingo Molnar <[email protected]> Jaegeuk Kim <[email protected]> Jakub Kicinski <[email protected]> Jens Axboe <[email protected]> Johan Hovold <[email protected]> John David Anglin <[email protected]> Jon Hunter <[email protected]> Jorge Ramirez-Ortiz <[email protected]> Judith Mendez <[email protected]> Justin Stitt <[email protected]> Kai Vehmanen <[email protected]> Konrad Dybcio <[email protected]> Krzysztof Kozlowski <[email protected]> Krzysztof Kozlowski <[email protected]> Lee Jones <[email protected]> Li Ma <[email protected]> Liam R. Howlett <[email protected]> Linux Kernel Functional Testing <[email protected]> Luiz Augusto von Dentz <[email protected]> Marc Dionne <[email protected]> Marc Hartmayer <[email protected]> Marc Zyngier <[email protected]> Mario Limonciello <[email protected]> Marius Fleischer <[email protected]> Mark Brown <[email protected]> Martin K. Petersen <[email protected]> Mat Martineau <[email protected]> Mateusz Jończyk <[email protected]> Matthew Mirvish <[email protected]> Matthieu Baerts (NGI0) <[email protected]> Maulik Shah <[email protected]> Mauro Carvalho Chehab <[email protected]> Michael Ellerman <[email protected]> Miguel Ojeda <[email protected]> Mike Gilbert <[email protected]> Nathan Chancellor <[email protected]> Nick Bowler <[email protected]> Nikita Zhandarovich <[email protected]> Oliver Upton <[email protected]> Omar Sandoval <[email protected]> Palmer Dabbelt <[email protected]> Paolo Abeni <[email protected]> Paul E. McKenney <[email protected]> Pavel Machek (CIP) <[email protected]> Peng Zhang <[email protected]> Peter Jung <[email protected]> Peter Schneider <[email protected]> Ping-Ke Shih <[email protected]> Puranjay Mohan <[email protected]> Rafael J. Wysocki <[email protected]> Rodrigo Vivi <[email protected]> Roman Gushchin <[email protected]> Ron Economos <[email protected]> Ryan Roberts <[email protected]> Ryusuke Konishi <[email protected]> Sakari Ailus <[email protected]> Salvatore Bonaccorso <[email protected]> Sam Ravnborg <[email protected]> SeongJae Park <[email protected]> Sergey Shtylyov <[email protected]> Shradha Gupta <[email protected]> Shuah Khan <[email protected]> Sidhartha Kumar <[email protected]> Song Liu <[email protected]> Stefan Berger <[email protected]> Steve French <[email protected]> Theodore Ts'o <[email protected]> Thierry Reding <[email protected]> Tomi Valkeinen <[email protected]> Trond Myklebust <[email protected]> Ulf Hansson <[email protected]> Vitaly Chikunov <[email protected]> Werner Sembach <[email protected]> Wim Van Sebroeck <[email protected]> xu xin <[email protected]> Yang Xiwen <[email protected]> Yu Kuai <[email protected]> Zheyu Ma <[email protected]> jobs: build-amd64-xsm pass build-arm64-xsm pass build-i386-xsm pass build-amd64 pass build-arm64 pass build-armhf pass build-i386 pass build-amd64-libvirt pass build-arm64-libvirt pass build-armhf-libvirt pass build-i386-libvirt pass build-amd64-pvops pass build-arm64-pvops pass build-armhf-pvops pass build-i386-pvops pass test-amd64-amd64-xl pass test-amd64-coresched-amd64-xl pass test-arm64-arm64-xl pass test-armhf-armhf-xl pass test-amd64-amd64-libvirt-qemuu-debianhvm-amd64-xsm pass test-amd64-amd64-xl-qemut-stubdom-debianhvm-amd64-xsm pass test-amd64-amd64-xl-qemut-debianhvm-i386-xsm pass test-amd64-amd64-xl-qemuu-debianhvm-i386-xsm pass test-amd64-amd64-libvirt-xsm pass test-arm64-arm64-libvirt-xsm pass test-amd64-amd64-xl-xsm pass test-arm64-arm64-xl-xsm pass test-amd64-amd64-qemuu-nested-amd fail test-amd64-amd64-xl-pvhv2-amd pass test-amd64-amd64-dom0pvh-xl-amd pass test-amd64-amd64-xl-qemut-debianhvm-amd64 pass test-amd64-amd64-xl-qemuu-debianhvm-amd64 pass test-amd64-amd64-qemuu-freebsd11-amd64 pass test-amd64-amd64-qemuu-freebsd12-amd64 pass test-amd64-amd64-xl-qemuu-ovmf-amd64 pass test-amd64-amd64-xl-qemut-win7-amd64 fail test-amd64-amd64-xl-qemuu-win7-amd64 fail test-amd64-amd64-xl-qemut-ws16-amd64 fail test-amd64-amd64-xl-qemuu-ws16-amd64 fail test-armhf-armhf-xl-arndale pass test-amd64-amd64-examine-bios pass test-amd64-amd64-xl-credit1 pass test-arm64-arm64-xl-credit1 pass test-armhf-armhf-xl-credit1 pass test-amd64-amd64-xl-credit2 pass test-arm64-arm64-xl-credit2 pass test-armhf-armhf-xl-credit2 pass test-amd64-amd64-xl-qemuu-dmrestrict-amd64-dmrestrict pass test-amd64-amd64-examine pass test-arm64-arm64-examine pass test-armhf-armhf-examine pass test-amd64-amd64-qemuu-nested-intel pass test-amd64-amd64-xl-pvhv2-intel pass test-amd64-amd64-dom0pvh-xl-intel pass test-amd64-amd64-libvirt pass test-armhf-armhf-libvirt pass test-amd64-amd64-xl-multivcpu pass test-armhf-armhf-xl-multivcpu fail test-amd64-amd64-pair pass test-amd64-amd64-libvirt-pair pass test-amd64-amd64-xl-pvshim pass test-amd64-amd64-pygrub pass test-amd64-amd64-libvirt-qcow2 pass test-amd64-amd64-xl-qcow2 pass test-armhf-armhf-xl-qcow2 pass test-amd64-amd64-libvirt-raw pass test-arm64-arm64-libvirt-raw pass test-amd64-amd64-xl-raw pass test-armhf-armhf-xl-raw pass test-amd64-amd64-xl-rtds pass test-armhf-armhf-xl-rtds pass test-amd64-amd64-xl-qemuu-debianhvm-amd64-shadow pass test-amd64-amd64-xl-shadow pass test-arm64-arm64-xl-thunderx pass test-amd64-amd64-examine-uefi pass test-amd64-amd64-libvirt-vhd pass test-armhf-armhf-libvirt-vhd pass test-amd64-amd64-xl-vhd pass test-arm64-arm64-xl-vhd pass ------------------------------------------------------------ sg-report-flight on osstest.test-lab.xenproject.org logs: /home/logs/logs images: /home/logs/images Logs, config files, etc. are available at http://logs.test-lab.xenproject.org/osstest/logs Explanation of these reports, and of osstest in general, is at http://xenbits.xen.org/gitweb/?p=osstest.git;a=blob;f=README.email;hb=master http://xenbits.xen.org/gitweb/?p=osstest.git;a=blob;f=README;hb=master Test harness code can be found at http://xenbits.xen.org/gitweb?p=osstest.git;a=summary Pushing revision : hint: The 'hooks/update' hook was ignored because it's not set as executable. hint: You can disable this warning with `git config advice.ignoredHook false`. hint: The 'hooks/post-receive' hook was ignored because it's not set as executable. hint: You can disable this warning with `git config advice.ignoredHook false`. hint: The 'hooks/post-update' hook was ignored because it's not set as executable. hint: You can disable this warning with `git config advice.ignoredHook false`. To xenbits.xen.org:/home/xen/git/linux-pvops.git ae9f2a70d69e..eb44d83053d6 eb44d83053d66372327e69145e8d2fa7400a4991 -> tested/linux-6.1
