flight 186763 linux-6.1 real [real]
http://logs.test-lab.xenproject.org/osstest/logs/186763/

Failures :-/ but no regressions.

Tests which did not succeed, but are not blocking:
 test-armhf-armhf-libvirt     16 saverestore-support-check    fail  like 186712
 test-amd64-amd64-xl-qemuu-win7-amd64 19 guest-stop            fail like 186712
 test-amd64-amd64-xl-qemuu-ws16-amd64 19 guest-stop            fail like 186712
 test-amd64-amd64-xl-qemut-win7-amd64 19 guest-stop            fail like 186712
 test-amd64-amd64-xl-qemut-ws16-amd64 19 guest-stop            fail like 186712
 test-amd64-amd64-qemuu-nested-amd 20 debian-hvm-install/l1/l2 fail like 186712
 test-amd64-amd64-libvirt     15 migrate-support-check        fail   never pass
 test-amd64-amd64-libvirt-xsm 15 migrate-support-check        fail   never pass
 test-amd64-amd64-libvirt-qemuu-debianhvm-amd64-xsm 13 migrate-support-check 
fail never pass
 test-arm64-arm64-xl          15 migrate-support-check        fail   never pass
 test-arm64-arm64-libvirt-xsm 15 migrate-support-check        fail   never pass
 test-arm64-arm64-xl          16 saverestore-support-check    fail   never pass
 test-arm64-arm64-libvirt-xsm 16 saverestore-support-check    fail   never pass
 test-arm64-arm64-xl-xsm      15 migrate-support-check        fail   never pass
 test-arm64-arm64-xl-xsm      16 saverestore-support-check    fail   never pass
 test-arm64-arm64-xl-credit1  15 migrate-support-check        fail   never pass
 test-arm64-arm64-xl-credit1  16 saverestore-support-check    fail   never pass
 test-arm64-arm64-xl-thunderx 15 migrate-support-check        fail   never pass
 test-arm64-arm64-xl-thunderx 16 saverestore-support-check    fail   never pass
 test-armhf-armhf-xl          15 migrate-support-check        fail   never pass
 test-armhf-armhf-xl-multivcpu 15 migrate-support-check        fail  never pass
 test-armhf-armhf-xl          16 saverestore-support-check    fail   never pass
 test-armhf-armhf-xl-multivcpu 16 saverestore-support-check    fail  never pass
 test-armhf-armhf-xl-rtds     15 migrate-support-check        fail   never pass
 test-armhf-armhf-xl-rtds     16 saverestore-support-check    fail   never pass
 test-armhf-armhf-xl-arndale  15 migrate-support-check        fail   never pass
 test-armhf-armhf-xl-credit2  15 migrate-support-check        fail   never pass
 test-armhf-armhf-xl-arndale  16 saverestore-support-check    fail   never pass
 test-armhf-armhf-xl-credit2  16 saverestore-support-check    fail   never pass
 test-armhf-armhf-libvirt     15 migrate-support-check        fail   never pass
 test-armhf-armhf-xl-credit1  15 migrate-support-check        fail   never pass
 test-armhf-armhf-xl-credit1  16 saverestore-support-check    fail   never pass
 test-arm64-arm64-xl-credit2  15 migrate-support-check        fail   never pass
 test-arm64-arm64-xl-credit2  16 saverestore-support-check    fail   never pass
 test-amd64-amd64-libvirt-qcow2 14 migrate-support-check        fail never pass
 test-amd64-amd64-libvirt-vhd 14 migrate-support-check        fail   never pass
 test-amd64-amd64-libvirt-raw 14 migrate-support-check        fail   never pass
 test-arm64-arm64-libvirt-raw 14 migrate-support-check        fail   never pass
 test-arm64-arm64-libvirt-raw 15 saverestore-support-check    fail   never pass
 test-armhf-armhf-xl-qcow2    14 migrate-support-check        fail   never pass
 test-armhf-armhf-xl-qcow2    15 saverestore-support-check    fail   never pass
 test-arm64-arm64-xl-vhd      14 migrate-support-check        fail   never pass
 test-arm64-arm64-xl-vhd      15 saverestore-support-check    fail   never pass
 test-armhf-armhf-xl-raw      14 migrate-support-check        fail   never pass
 test-armhf-armhf-xl-raw      15 saverestore-support-check    fail   never pass
 test-armhf-armhf-libvirt-vhd 14 migrate-support-check        fail   never pass
 test-armhf-armhf-libvirt-vhd 15 saverestore-support-check    fail   never pass

version targeted for testing:
 linux                266ee8e06d5baa186a0b5b8727eb99ae2d00dc9c
baseline version:
 linux                7753af06eebfb56b44673bbfcb0b78d73a54ede9

Last test of basis   186712  2024-07-06 07:09:54 Z    5 days
Testing same since   186763  2024-07-11 11:12:22 Z    0 days    1 attempts

------------------------------------------------------------
People who touched revisions under test:
  Ajay Singh <[email protected]>
  Aleksandr Mishin <[email protected]>
  Alex Deucher <[email protected]>
  Alex Hung <[email protected]>
  Alexander Gordeev <[email protected]>
  Alexis Lothoré <[email protected]>
  Andi Shyti <[email protected]>
  Andrew Morton <[email protected]>
  Andrii Nakryiko <[email protected]>
  AngeloGioacchino Del Regno <[email protected]>
  Armin Wolf <[email protected]>
  Bjorn Andersson <[email protected]>
  Chao Yu <[email protected]>
  Chenghai Huang <[email protected]>
  Chris Mi <[email protected]>
  Christian Borntraeger <[email protected]>
  Christian Brauner <[email protected]>
  Christian König <[email protected]>
  Christoph Hellwig <[email protected]>
  Corinna Vinschen <[email protected]>
  Damien Le Moal <[email protected]>
  Dave Jiang <[email protected]>
  David S. Miller <[email protected]>
  David Sterba <[email protected]>
  Diederik de Haas <[email protected]>
  Dima Ruinskiy <[email protected]>
  Dmitry Antipov <[email protected]>
  Dmitry Torokhov <[email protected]>
  Dragan Simic <[email protected]>
  Edward Adam Davis <[email protected]>
  Eric Dumazet <[email protected]>
  Erick Archer <[email protected]>
  Erico Nunes <[email protected]>
  Fedor Pchelkin <[email protected]>
  Felix Fietkau <[email protected]>
  Florian Westphal <[email protected]>
  Gautam Menghani <[email protected]>
  George Stark <[email protected]>
  Ghadi Elie Rahme <[email protected]>
  Greg Kroah-Hartman <[email protected]>
  Greg Kurz <[email protected]>
  Guangwu Zhang <[email protected]>
  GUO Zihua <[email protected]>
  Hailey Mothershead <[email protected]>
  Hamza Mahfooz <[email protected]>
  Hans de Goede <[email protected]>
  Hans Verkuil <[email protected]>
  Heiko Carstens <[email protected]>
  Heiko Stuebner <[email protected]>
  Heiner Kallweit <[email protected]>
  Herbert Xu <[email protected]>
  hmtheboy154 <[email protected]>
  Holger Dengler <[email protected]>
  Jaegeuk Kim <[email protected]>
  Jakub Kicinski <[email protected]>
  Jan Kara <[email protected]>
  Jay Vosburgh <[email protected]>
  Jean Delvare <[email protected]>
  Jeff Layton <[email protected]>
  Jens Axboe <[email protected]>
  Jerry Dai <[email protected]>
  Jian-Hong Pan <[email protected]>
  Jianbo Liu <[email protected]>
  Jim Wylder <[email protected]>
  Jimmy Assarsson <[email protected]>
  Jinliang Zheng <[email protected]>
  John Johansen <[email protected]>
  John Meneghini <[email protected]>
  John Schoenick <[email protected]>
  Jon Hunter <[email protected]>
  Jose E. Marchesi <[email protected]>
  Jozef Hopko <[email protected]>
  Justin Stitt <[email protected]>
  Kalle Valo <[email protected]>
  Keith Busch <[email protected]>
  Kelsey Steele <[email protected]>
  kemal <[email protected]>
  kernelci.org bot <[email protected]>
  Konstantin Komarov <[email protected]>
  Kundan Kumar <[email protected]>
  Lee Jones <[email protected]>
  Len Brown <[email protected]>
  Leon Romanovsky <[email protected]>
  Lu Yao <[email protected]>
  Luca Weiss <[email protected]>
  Luiz Augusto von Dentz <[email protected]>
  Lyude Paul <[email protected]>
  Ma Jun <[email protected]>
  Ma Ke <[email protected]>
  Mahesh Salgaonkar <[email protected]>
  Marc Kleine-Budde <[email protected]>
  Mark Brown <[email protected]>
  Martin K. Petersen <[email protected]>
  Masahiro Yamada <[email protected]>
  Mathias Nyman <[email protected]>
  Matthew Schwartz <[email protected]>
  Matthias Schiffer <[email protected]>
  Mauro Carvalho Chehab <[email protected]>
  Michael Bunk <[email protected]>
  Michael Ellerman <[email protected]>
  Michael Guralnik <[email protected]>
  Michael Krummsdorf <[email protected]>
  Michal Hocko <[email protected]>
  Mickaël Salaün <[email protected]>
  Mike Marshall <[email protected]>
  Miles Chen <[email protected]>
  Mingming Su <[email protected]>
  Miquel Raynal <[email protected]>
  Naama Meir <[email protected]>
  Naohiro Aota <[email protected]>
  Nathan Chancellor <[email protected]>
  Neal Cardwell <[email protected]>
  Nicholas Piggin <[email protected]>
  Niklas Neronin <[email protected]>
  Nilay Shroff <[email protected]>
  Pablo Neira Ayuso <[email protected]>
  Palmer Dabbelt <[email protected]>
  Paolo Abeni <[email protected]>
  Paul Moore <[email protected]>
  Pavel Machek (CIP) <[email protected]>
  Phillip Potter <[email protected]>
  Pin-yen Lin <[email protected]>
  Piotr Wojtaszczyk <[email protected]>
  Qiang Yu <[email protected]>
  Ricardo Ribalda <[email protected]>
  Richard Weinberger <[email protected]>
  Roberto Sassu <[email protected]>
  Robin Murphy <[email protected]>
  Ron Economos <[email protected]>
  Ryusuke Konishi <[email protected]>
  Sagi Grimberg <[email protected]>
  Salvatore Bonaccorso <[email protected]>
  Sam Sun <[email protected]>
  Sascha Hauer <[email protected]>
  Sasha Levin <[email protected]>
  Sasha Neftin <[email protected]>
  Sathya Prakash Veerichetty <[email protected]>
  Saurav Kashyap <[email protected]>
  SeongJae Park <[email protected]>
  Shigeru Yoshida <[email protected]>
  Shirisha Ganta <[email protected]>
  Shuah Khan <[email protected]>
  Simon Horman <[email protected]>
  Song Shuai <[email protected]>
  Sourabh Jain <[email protected]>
  Stefan Schmidt <[email protected]>
  Stephen Boyd <[email protected]>
  Takashi Iwai <[email protected]>
  Tariq Toukan <[email protected]>
  Tim Huang <[email protected]>
  Tomas Henzl <[email protected]>
  Tony Nguyen <[email protected]>
  Val Packett <[email protected]>
  Vinicius Costa Gomes <[email protected]>
  Vitaly Lifshits <[email protected]>
  Waiman Long <[email protected]>
  Wang Yong <[email protected]>
  Wayne Lin <[email protected]>
  Witold Sadowski <[email protected]>
  Wren Turkal <[email protected]>
  Xiaochun Lu <[email protected]>
  Xin Long <[email protected]>
  Yann Sionneau <[email protected]>
  Yuchung Cheng <[email protected]>
  Yue Sun <[email protected]>
  Zijian Zhang <[email protected]>
  Zijun Hu <[email protected]>

jobs:
 build-amd64-xsm                                              pass    
 build-arm64-xsm                                              pass    
 build-i386-xsm                                               pass    
 build-amd64                                                  pass    
 build-arm64                                                  pass    
 build-armhf                                                  pass    
 build-i386                                                   pass    
 build-amd64-libvirt                                          pass    
 build-arm64-libvirt                                          pass    
 build-armhf-libvirt                                          pass    
 build-i386-libvirt                                           pass    
 build-amd64-pvops                                            pass    
 build-arm64-pvops                                            pass    
 build-armhf-pvops                                            pass    
 build-i386-pvops                                             pass    
 test-amd64-amd64-xl                                          pass    
 test-amd64-coresched-amd64-xl                                pass    
 test-arm64-arm64-xl                                          pass    
 test-armhf-armhf-xl                                          pass    
 test-amd64-amd64-libvirt-qemuu-debianhvm-amd64-xsm           pass    
 test-amd64-amd64-xl-qemut-stubdom-debianhvm-amd64-xsm        pass    
 test-amd64-amd64-xl-qemut-debianhvm-i386-xsm                 pass    
 test-amd64-amd64-xl-qemuu-debianhvm-i386-xsm                 pass    
 test-amd64-amd64-libvirt-xsm                                 pass    
 test-arm64-arm64-libvirt-xsm                                 pass    
 test-amd64-amd64-xl-xsm                                      pass    
 test-arm64-arm64-xl-xsm                                      pass    
 test-amd64-amd64-qemuu-nested-amd                            fail    
 test-amd64-amd64-xl-pvhv2-amd                                pass    
 test-amd64-amd64-dom0pvh-xl-amd                              pass    
 test-amd64-amd64-xl-qemut-debianhvm-amd64                    pass    
 test-amd64-amd64-xl-qemuu-debianhvm-amd64                    pass    
 test-amd64-amd64-qemuu-freebsd11-amd64                       pass    
 test-amd64-amd64-qemuu-freebsd12-amd64                       pass    
 test-amd64-amd64-xl-qemuu-ovmf-amd64                         pass    
 test-amd64-amd64-xl-qemut-win7-amd64                         fail    
 test-amd64-amd64-xl-qemuu-win7-amd64                         fail    
 test-amd64-amd64-xl-qemut-ws16-amd64                         fail    
 test-amd64-amd64-xl-qemuu-ws16-amd64                         fail    
 test-armhf-armhf-xl-arndale                                  pass    
 test-amd64-amd64-examine-bios                                pass    
 test-amd64-amd64-xl-credit1                                  pass    
 test-arm64-arm64-xl-credit1                                  pass    
 test-armhf-armhf-xl-credit1                                  pass    
 test-amd64-amd64-xl-credit2                                  pass    
 test-arm64-arm64-xl-credit2                                  pass    
 test-armhf-armhf-xl-credit2                                  pass    
 test-amd64-amd64-xl-qemuu-dmrestrict-amd64-dmrestrict        pass    
 test-amd64-amd64-examine                                     pass    
 test-arm64-arm64-examine                                     pass    
 test-armhf-armhf-examine                                     pass    
 test-amd64-amd64-qemuu-nested-intel                          pass    
 test-amd64-amd64-xl-pvhv2-intel                              pass    
 test-amd64-amd64-dom0pvh-xl-intel                            pass    
 test-amd64-amd64-libvirt                                     pass    
 test-armhf-armhf-libvirt                                     pass    
 test-amd64-amd64-xl-multivcpu                                pass    
 test-armhf-armhf-xl-multivcpu                                pass    
 test-amd64-amd64-pair                                        pass    
 test-amd64-amd64-libvirt-pair                                pass    
 test-amd64-amd64-xl-pvshim                                   pass    
 test-amd64-amd64-pygrub                                      pass    
 test-amd64-amd64-libvirt-qcow2                               pass    
 test-amd64-amd64-xl-qcow2                                    pass    
 test-armhf-armhf-xl-qcow2                                    pass    
 test-amd64-amd64-libvirt-raw                                 pass    
 test-arm64-arm64-libvirt-raw                                 pass    
 test-amd64-amd64-xl-raw                                      pass    
 test-armhf-armhf-xl-raw                                      pass    
 test-amd64-amd64-xl-rtds                                     pass    
 test-armhf-armhf-xl-rtds                                     pass    
 test-amd64-amd64-xl-qemuu-debianhvm-amd64-shadow             pass    
 test-amd64-amd64-xl-shadow                                   pass    
 test-arm64-arm64-xl-thunderx                                 pass    
 test-amd64-amd64-examine-uefi                                pass    
 test-amd64-amd64-libvirt-vhd                                 pass    
 test-armhf-armhf-libvirt-vhd                                 pass    
 test-amd64-amd64-xl-vhd                                      pass    
 test-arm64-arm64-xl-vhd                                      pass    


------------------------------------------------------------
sg-report-flight on osstest.test-lab.xenproject.org
logs: /home/logs/logs
images: /home/logs/images

Logs, config files, etc. are available at
    http://logs.test-lab.xenproject.org/osstest/logs

Explanation of these reports, and of osstest in general, is at
    http://xenbits.xen.org/gitweb/?p=osstest.git;a=blob;f=README.email;hb=master
    http://xenbits.xen.org/gitweb/?p=osstest.git;a=blob;f=README;hb=master

Test harness code can be found at
    http://xenbits.xen.org/gitweb?p=osstest.git;a=summary


Pushing revision :

hint: The 'hooks/update' hook was ignored because it's not set as executable.
hint: You can disable this warning with `git config advice.ignoredHook false`.
hint: The 'hooks/post-receive' hook was ignored because it's not set as 
executable.
hint: You can disable this warning with `git config advice.ignoredHook false`.
hint: The 'hooks/post-update' hook was ignored because it's not set as 
executable.
hint: You can disable this warning with `git config advice.ignoredHook false`.
To xenbits.xen.org:/home/xen/git/linux-pvops.git
   7753af06eebf..266ee8e06d5b  266ee8e06d5baa186a0b5b8727eb99ae2d00dc9c -> 
tested/linux-6.1

Reply via email to