flight 186796 linux-linus real [real] flight 186797 linux-linus real-retest [real] http://logs.test-lab.xenproject.org/osstest/logs/186796/ http://logs.test-lab.xenproject.org/osstest/logs/186797/
Regressions :-( Tests which did not succeed and are blocking, including tests which could not be run: test-armhf-armhf-xl-credit2 8 xen-boot fail REGR. vs. 186761 Tests which did not succeed, but are not blocking: test-amd64-amd64-xl-qemut-win7-amd64 19 guest-stop fail like 186761 test-amd64-amd64-xl-qemuu-win7-amd64 19 guest-stop fail like 186761 test-amd64-amd64-xl-qemuu-ws16-amd64 19 guest-stop fail like 186761 test-armhf-armhf-libvirt 16 saverestore-support-check fail like 186761 test-amd64-amd64-xl-qemut-ws16-amd64 19 guest-stop fail like 186761 test-amd64-amd64-qemuu-nested-amd 20 debian-hvm-install/l1/l2 fail like 186761 test-amd64-amd64-libvirt-xsm 15 migrate-support-check fail never pass test-amd64-amd64-libvirt 15 migrate-support-check fail never pass test-arm64-arm64-xl 15 migrate-support-check fail never pass test-arm64-arm64-xl 16 saverestore-support-check fail never pass test-arm64-arm64-xl-credit2 15 migrate-support-check fail never pass test-arm64-arm64-xl-credit2 16 saverestore-support-check fail never pass test-arm64-arm64-libvirt-xsm 15 migrate-support-check fail never pass test-arm64-arm64-libvirt-xsm 16 saverestore-support-check fail never pass test-armhf-armhf-xl-credit1 15 migrate-support-check fail never pass test-armhf-armhf-xl-credit1 16 saverestore-support-check fail never pass test-arm64-arm64-xl-thunderx 15 migrate-support-check fail never pass test-arm64-arm64-xl-thunderx 16 saverestore-support-check fail never pass test-arm64-arm64-xl-xsm 15 migrate-support-check fail never pass test-arm64-arm64-xl-xsm 16 saverestore-support-check fail never pass test-amd64-amd64-libvirt-qemuu-debianhvm-amd64-xsm 13 migrate-support-check fail never pass test-armhf-armhf-xl-rtds 15 migrate-support-check fail never pass test-armhf-armhf-xl-rtds 16 saverestore-support-check fail never pass test-arm64-arm64-xl-credit1 15 migrate-support-check fail never pass test-arm64-arm64-xl-credit1 16 saverestore-support-check fail never pass test-amd64-amd64-libvirt-qcow2 14 migrate-support-check fail never pass test-amd64-amd64-libvirt-raw 14 migrate-support-check fail never pass test-armhf-armhf-xl 15 migrate-support-check fail never pass test-armhf-armhf-xl 16 saverestore-support-check fail never pass test-amd64-amd64-libvirt-vhd 14 migrate-support-check fail never pass test-armhf-armhf-xl-qcow2 14 migrate-support-check fail never pass test-armhf-armhf-xl-qcow2 15 saverestore-support-check fail never pass test-arm64-arm64-xl-vhd 14 migrate-support-check fail never pass test-arm64-arm64-xl-vhd 15 saverestore-support-check fail never pass test-armhf-armhf-libvirt-vhd 14 migrate-support-check fail never pass test-armhf-armhf-libvirt-vhd 15 saverestore-support-check fail never pass test-armhf-armhf-xl-raw 14 migrate-support-check fail never pass test-armhf-armhf-xl-raw 15 saverestore-support-check fail never pass test-armhf-armhf-libvirt 15 migrate-support-check fail never pass test-armhf-armhf-xl-multivcpu 15 migrate-support-check fail never pass test-armhf-armhf-xl-multivcpu 16 saverestore-support-check fail never pass test-armhf-armhf-xl-arndale 15 migrate-support-check fail never pass test-armhf-armhf-xl-arndale 16 saverestore-support-check fail never pass test-arm64-arm64-libvirt-raw 14 migrate-support-check fail never pass test-arm64-arm64-libvirt-raw 15 saverestore-support-check fail never pass version targeted for testing: linux 4d145e3f830ba2c2745b42bfba5c2f8fcb8d078a baseline version: linux 9d9a2f29aefdadc86e450308ff056017a209c755 Last test of basis 186761 2024-07-11 05:47:53 Z 3 days Failing since 186766 2024-07-11 19:40:24 Z 2 days 7 attempts Testing same since 186796 2024-07-14 08:06:59 Z 0 days 1 attempts ------------------------------------------------------------ People who touched revisions under test: "Chen, Jian Jun" <[email protected]> Aaro Koskinen <[email protected]> Abel Vesa <[email protected]> Adrian Hunter <[email protected]> Alan Stern <[email protected]> Aleksander Jan Bajkowski <[email protected]> Aleksandr Loktionov <[email protected]> Aleksandr Mishin <[email protected]> Alexei Starovoitov <[email protected]> Andi Shyti <[email protected]> Andre Przywara <[email protected]> Arnd Bergmann <[email protected]> Baokun Li <[email protected]> Bard Liao <[email protected]> Bartosz Golaszewski <[email protected]> Bastien Curutchet <[email protected]> Bjorn Andersson <[email protected]> Bjorn Andersson <[email protected]> Bjørn Mork <[email protected]> Brian Foster <[email protected]> Bruce Johnston <[email protected]> Caleb Connolly <[email protected]> Chandan Kumar Rout <[email protected]> (A Contingent Worker at Intel) Chen Ni <[email protected]> Chen-Yu Tsai <[email protected]> Chengen Du <[email protected]> Chris Packham <[email protected]> Christian Brauner <[email protected]> Christian Eggers <[email protected]> Christian Kujau <[email protected]> Christophe Leroy <[email protected]> Chunyan Zhang <[email protected]> Cong Zhang <[email protected]> Dan Carpenter <[email protected]> Daniel Borkmann <[email protected]> Daniele Palmas <[email protected]> David Lechner <[email protected]> David S. Miller <[email protected]> David Sterba <[email protected]> Dmitry Antipov <[email protected]> Dmitry Savin <[email protected]> Dmitry Smirnov <[email protected]> Edson Juliano Drosdeck <[email protected]> Edward Adam Davis <[email protected]> Ekansh Gupta <[email protected]> Eric Dumazet <[email protected]> Filipe Manana <[email protected]> Florian Westphal <[email protected]> Geliang Tang <[email protected]> Gerald Yang <[email protected]> Greg Kroah-Hartman <[email protected]> He Zhe <[email protected]> Heikki Krogerus <[email protected]> Helge Deller <[email protected]> Helge Deller <[email protected]> Hou Tao <[email protected]> Hugh Dickins <[email protected]> Ian Kent <[email protected]> Ilya Dryomov <[email protected]> Jacky Huang <[email protected]> Jakub Kicinski <[email protected]> Jason A. Donenfeld <[email protected]> Jason Chen <[email protected]> Javier Carrasco <[email protected]> Jeff Johnson <[email protected]> Jeff Layton <[email protected]> Jian Hui Lee <[email protected]> Jingbo Xu <[email protected]> jinxiaobo <[email protected]> Johan Hovold <[email protected]> Johan Hovold <[email protected]> Jon Hunter <[email protected]> Jonathan Cameron <[email protected]> Joy Chakraborty <[email protected]> João Paulo Gonçalves <[email protected]> Kai Vehmanen <[email protected]> Kelvin Kang <[email protected]> Kent Overstreet <[email protected]> Kevin Hilman <[email protected]> Kiran Kumar K <[email protected]> Komal Bajaj <[email protected]> Konrad Dybcio <[email protected]> Krzysztof Kozlowski <[email protected]> Kumar Kartikeya Dwivedi <[email protected]> Kuniyuki Iwashima <[email protected]> Lee Jones <[email protected]> Lex Siegel <[email protected]> Linus Torvalds <[email protected]> Manivannan Sadhasivam <[email protected]> Mank Wang <[email protected]> Mark Brown <[email protected]> Martin KaFai Lau <[email protected]> Mathias Nyman <[email protected]> Matthew Sakai <[email protected]> Matthew Wilcox (Oracle) <[email protected]> Michael Chan <[email protected]> Michal Kubiak <[email protected]> Michal Mazur <[email protected]> Michał Kopeć <[email protected]> Mikulas Patocka <[email protected]> Mohammad Shehar Yaar Tausif <[email protected]> Mor Bar-Gabay <[email protected]> (A Contingent Worker at Intel) Mudit Sharma <[email protected]> Nazar Bilinskyi <[email protected]> Neal Cardwell <[email protected]> Nithin Dabilpuram <[email protected]> Oleksij Rempel <[email protected]> Pablo Neira Ayuso <[email protected]> Paolo Abeni <[email protected]> Pedro Pinto <[email protected]> Peter Ujfalusi <[email protected]> Pierre-Louis Bossart <[email protected]> Rasmus Villemoes <[email protected]> Remi Pommarel <[email protected]> Richard Fitzgerald <[email protected]> Roger Quadros <[email protected]> Ronald Wahl <[email protected]> Saeed Mahameed <[email protected]> Sakari Ailus <[email protected]> Satheesh Paul <[email protected]> Shuming Fan <[email protected]> Slark Xiao <[email protected]> Srinivas Kandagatla <[email protected]> Srujana Challa <[email protected]> Steev Klimaszewski <[email protected]> Stefan Eichenberger <[email protected]> Steve French <[email protected]> Takashi Iwai <[email protected]> Taniya Das <[email protected]> Thinh Nguyen <[email protected]> Thomas Weißschuh <[email protected]> Tomas Winker <[email protected]> Tony Brelinski <[email protected]> Tony Lindgren <[email protected]> Tony Nguyen <[email protected]> Udit Kumar <[email protected]> Ulf Hansson <[email protected]> Uwe Kleine-König <[email protected]> Uwe Kleine-König <[email protected]> Vanillan Wang <[email protected]> Viresh Kumar <[email protected]> Vitaly Lifshits <[email protected]> Vlastimil Babka <[email protected]> WangYuli <[email protected]> Wentong Wu <[email protected]> Wolfram Sang <[email protected]> jobs: build-amd64-xsm pass build-arm64-xsm pass build-i386-xsm pass build-amd64 pass build-arm64 pass build-armhf pass build-i386 pass build-amd64-libvirt pass build-arm64-libvirt pass build-armhf-libvirt pass build-i386-libvirt pass build-amd64-pvops pass build-arm64-pvops pass build-armhf-pvops pass build-i386-pvops pass test-amd64-amd64-xl pass test-amd64-coresched-amd64-xl pass test-arm64-arm64-xl pass test-armhf-armhf-xl pass test-amd64-amd64-libvirt-qemuu-debianhvm-amd64-xsm pass test-amd64-amd64-xl-qemut-stubdom-debianhvm-amd64-xsm pass test-amd64-amd64-xl-qemut-debianhvm-i386-xsm pass test-amd64-amd64-xl-qemuu-debianhvm-i386-xsm pass test-amd64-amd64-libvirt-xsm pass test-arm64-arm64-libvirt-xsm pass test-amd64-amd64-xl-xsm pass test-arm64-arm64-xl-xsm pass test-amd64-amd64-qemuu-nested-amd fail test-amd64-amd64-xl-pvhv2-amd pass test-amd64-amd64-dom0pvh-xl-amd pass test-amd64-amd64-xl-qemut-debianhvm-amd64 pass test-amd64-amd64-xl-qemuu-debianhvm-amd64 pass test-amd64-amd64-qemuu-freebsd11-amd64 pass test-amd64-amd64-qemuu-freebsd12-amd64 pass test-amd64-amd64-xl-qemuu-ovmf-amd64 pass test-amd64-amd64-xl-qemut-win7-amd64 fail test-amd64-amd64-xl-qemuu-win7-amd64 fail test-amd64-amd64-xl-qemut-ws16-amd64 fail test-amd64-amd64-xl-qemuu-ws16-amd64 fail test-armhf-armhf-xl-arndale pass test-amd64-amd64-examine-bios pass test-amd64-amd64-xl-credit1 pass test-arm64-arm64-xl-credit1 pass test-armhf-armhf-xl-credit1 pass test-amd64-amd64-xl-credit2 pass test-arm64-arm64-xl-credit2 pass test-armhf-armhf-xl-credit2 fail test-amd64-amd64-xl-qemuu-dmrestrict-amd64-dmrestrict pass test-amd64-amd64-examine pass test-arm64-arm64-examine pass test-armhf-armhf-examine pass test-amd64-amd64-qemuu-nested-intel pass test-amd64-amd64-xl-pvhv2-intel pass test-amd64-amd64-dom0pvh-xl-intel pass test-amd64-amd64-libvirt pass test-armhf-armhf-libvirt pass test-amd64-amd64-xl-multivcpu pass test-armhf-armhf-xl-multivcpu pass test-amd64-amd64-pair pass test-amd64-amd64-libvirt-pair pass test-amd64-amd64-xl-pvshim pass test-amd64-amd64-pygrub pass test-amd64-amd64-libvirt-qcow2 pass test-amd64-amd64-xl-qcow2 pass test-armhf-armhf-xl-qcow2 pass test-amd64-amd64-libvirt-raw pass test-arm64-arm64-libvirt-raw pass test-amd64-amd64-xl-raw pass test-armhf-armhf-xl-raw pass test-amd64-amd64-xl-rtds pass test-armhf-armhf-xl-rtds pass test-amd64-amd64-xl-qemuu-debianhvm-amd64-shadow pass test-amd64-amd64-xl-shadow pass test-arm64-arm64-xl-thunderx pass test-amd64-amd64-examine-uefi pass test-amd64-amd64-libvirt-vhd pass test-armhf-armhf-libvirt-vhd pass test-amd64-amd64-xl-vhd pass test-arm64-arm64-xl-vhd pass ------------------------------------------------------------ sg-report-flight on osstest.test-lab.xenproject.org logs: /home/logs/logs images: /home/logs/images Logs, config files, etc. are available at http://logs.test-lab.xenproject.org/osstest/logs Explanation of these reports, and of osstest in general, is at http://xenbits.xen.org/gitweb/?p=osstest.git;a=blob;f=README.email;hb=master http://xenbits.xen.org/gitweb/?p=osstest.git;a=blob;f=README;hb=master Test harness code can be found at http://xenbits.xen.org/gitweb?p=osstest.git;a=summary Not pushing. (No revision log; it would be 5651 lines long.)
