flight 186811 linux-linus real [real]
flight 186815 linux-linus real-retest [real]
http://logs.test-lab.xenproject.org/osstest/logs/186811/
http://logs.test-lab.xenproject.org/osstest/logs/186815/

Failures :-/ but no regressions.

Tests which are failing intermittently (not blocking):
 test-armhf-armhf-examine      8 reboot              fail pass in 186815-retest
 test-armhf-armhf-libvirt      8 xen-boot            fail pass in 186815-retest
 test-armhf-armhf-xl           8 xen-boot            fail pass in 186815-retest

Tests which did not succeed, but are not blocking:
 test-armhf-armhf-libvirt 16 saverestore-support-check fail in 186815 like 
186803
 test-armhf-armhf-xl         15 migrate-support-check fail in 186815 never pass
 test-armhf-armhf-xl     16 saverestore-support-check fail in 186815 never pass
 test-armhf-armhf-libvirt    15 migrate-support-check fail in 186815 never pass
 test-amd64-amd64-xl-qemut-ws16-amd64 19 guest-stop            fail like 186799
 test-amd64-amd64-xl-qemut-win7-amd64 19 guest-stop            fail like 186803
 test-amd64-amd64-xl-qemuu-win7-amd64 19 guest-stop            fail like 186803
 test-amd64-amd64-xl-qemuu-ws16-amd64 19 guest-stop            fail like 186803
 test-amd64-amd64-qemuu-nested-amd 20 debian-hvm-install/l1/l2 fail like 186803
 test-amd64-amd64-libvirt-xsm 15 migrate-support-check        fail   never pass
 test-amd64-amd64-libvirt     15 migrate-support-check        fail   never pass
 test-arm64-arm64-xl-credit1  15 migrate-support-check        fail   never pass
 test-arm64-arm64-xl-credit1  16 saverestore-support-check    fail   never pass
 test-arm64-arm64-xl          15 migrate-support-check        fail   never pass
 test-arm64-arm64-xl-credit2  15 migrate-support-check        fail   never pass
 test-arm64-arm64-xl          16 saverestore-support-check    fail   never pass
 test-arm64-arm64-xl-credit2  16 saverestore-support-check    fail   never pass
 test-armhf-armhf-xl-credit1  15 migrate-support-check        fail   never pass
 test-armhf-armhf-xl-credit1  16 saverestore-support-check    fail   never pass
 test-arm64-arm64-xl-thunderx 15 migrate-support-check        fail   never pass
 test-arm64-arm64-xl-thunderx 16 saverestore-support-check    fail   never pass
 test-armhf-armhf-xl-credit2  15 migrate-support-check        fail   never pass
 test-armhf-armhf-xl-credit2  16 saverestore-support-check    fail   never pass
 test-arm64-arm64-xl-xsm      15 migrate-support-check        fail   never pass
 test-arm64-arm64-xl-xsm      16 saverestore-support-check    fail   never pass
 test-amd64-amd64-libvirt-qemuu-debianhvm-amd64-xsm 13 migrate-support-check 
fail never pass
 test-armhf-armhf-xl-rtds     15 migrate-support-check        fail   never pass
 test-armhf-armhf-xl-rtds     16 saverestore-support-check    fail   never pass
 test-arm64-arm64-libvirt-xsm 15 migrate-support-check        fail   never pass
 test-arm64-arm64-libvirt-xsm 16 saverestore-support-check    fail   never pass
 test-amd64-amd64-libvirt-qcow2 14 migrate-support-check        fail never pass
 test-amd64-amd64-libvirt-raw 14 migrate-support-check        fail   never pass
 test-amd64-amd64-libvirt-vhd 14 migrate-support-check        fail   never pass
 test-arm64-arm64-libvirt-raw 14 migrate-support-check        fail   never pass
 test-arm64-arm64-libvirt-raw 15 saverestore-support-check    fail   never pass
 test-arm64-arm64-xl-vhd      14 migrate-support-check        fail   never pass
 test-arm64-arm64-xl-vhd      15 saverestore-support-check    fail   never pass
 test-armhf-armhf-xl-qcow2    14 migrate-support-check        fail   never pass
 test-armhf-armhf-xl-qcow2    15 saverestore-support-check    fail   never pass
 test-armhf-armhf-xl-raw      14 migrate-support-check        fail   never pass
 test-armhf-armhf-xl-raw      15 saverestore-support-check    fail   never pass
 test-armhf-armhf-libvirt-vhd 14 migrate-support-check        fail   never pass
 test-armhf-armhf-libvirt-vhd 15 saverestore-support-check    fail   never pass
 test-armhf-armhf-xl-multivcpu 15 migrate-support-check        fail  never pass
 test-armhf-armhf-xl-multivcpu 16 saverestore-support-check    fail  never pass
 test-armhf-armhf-xl-arndale  15 migrate-support-check        fail   never pass
 test-armhf-armhf-xl-arndale  16 saverestore-support-check    fail   never pass

version targeted for testing:
 linux                3e7819886281e077e82006fe4804b0d6b0f5643b
baseline version:
 linux                0c3836482481200ead7b416ca80c68a29cfdaabd

Last test of basis   186803  2024-07-15 06:22:41 Z    1 days
Failing since        186809  2024-07-15 17:12:11 Z    0 days    2 attempts
Testing same since   186811  2024-07-15 23:14:03 Z    0 days    1 attempts

------------------------------------------------------------
People who touched revisions under test:
  Adam Ford <[email protected]>
  Al Viro <[email protected]>
  Alan Adamson <[email protected]>
  Alex Deucher <[email protected]>
  Anders Larsen <[email protected]>
  Andreas Hindborg <[email protected]>
  Anton Ivanov <[email protected]>
  Anuj Gupta <[email protected]>
  Baokun Li <[email protected]>
  Bart Van Assche <[email protected]>
  Benjamin Marzinski <[email protected]>
  Chaitanya Kulkarni <[email protected]>
  Chao Yu <[email protected]>
  Chen Ni <[email protected]>
  Christian Brauner <[email protected]>
  Christian König <[email protected]>
  Christoph Hellwig <[email protected]>
  Christophe JAILLET <[email protected]>
  Chuck Lever <[email protected]>
  Damien Le Moal <[email protected]>
  Daniel Wagner <[email protected]>
  Darrick J. Wong <[email protected]>
  Dave Airlie <[email protected]>
  David Sterba <[email protected]>
  Dmitry Baryshkov <[email protected]>
  Dongliang Cui <[email protected]>
  Effie Yu <[email protected]> #On chat
  Eric Sandeen <[email protected]>
  Eric Sandeen <[email protected]>
  Eugen Hristev <[email protected]>
  Ewan D. Milne <[email protected]>
  Gabriel Krisman Bertazi <[email protected]>
  Gabriel Krisman Bertazi <[email protected]>
  Gaosheng Cui <[email protected]>
  Gulam Mohamed <[email protected]>
  Hannes Reinecke <[email protected]>
  Hans de Goede <[email protected]>
  Himanshu Madhani <[email protected]>
  Hongbo Li <[email protected]>
  Ian Kent <[email protected]>
  Ilya Dryomov <[email protected]>
  Jack Wang <[email protected]>
  Jakub Kicinski <[email protected]>
  Jan Kara <[email protected]>
  Jeff Johnson <[email protected]>
  Jeff Layton <[email protected]>
  Jemmy <[email protected]>
  Jens Axboe <[email protected]>
  Jens Axboe <[email protected]>
  Jiapeng Chong <[email protected]>
  John Garry <[email protected]>
  John Meneghini <[email protected]>
  Josef Bacik <[email protected]>
  José Roberto de Souza <[email protected]>
  Justin Stitt <[email protected]>
  Jyoti Rani <[email protected]>
  Kanchan Joshi <[email protected]>
  Keith Busch <[email protected]>
  Kent Overstreet <[email protected]>
  Leo Li <[email protected]>
  Li Nan <[email protected]>
  Linus Torvalds <[email protected]>
  Liu Ying <[email protected]> # i.MX8MP EVK ADV7535 EDID retrieval w/o IRQ
  Lucas De Marchi <[email protected]>
  Ma Ke <[email protected]>
  Maarten Lankhorst <[email protected]>
  Marco Patalano <[email protected]>
  Mateusz Guzik <[email protected]>
  Matthew Auld <[email protected]>
  Matthew Wilcox (Oracle) <[email protected]>
  Michael S. Tsirkin <[email protected]>
  Michal Mrozek <[email protected]>
  Miguel Ojeda <[email protected]>
  Mike Marshall <[email protected]>
  Mikulas Patocka <[email protected]>
  Ming Lei <[email protected]>
  Nathan Chancellor <[email protected]>
  Neil Armstrong <[email protected]>
  Nirmoy Das <[email protected]>
  Ofir Gal <[email protected]>
  OGAWA Hirofumi <[email protected]>
  Oleg Nesterov <[email protected]>
  Patrik Jakobsson <[email protected]>
  Pavel Begunkov <[email protected]>
  Phillip Potter <[email protected]>
  Prasad Singamsetty <[email protected]>
  Richard Weinberger <[email protected]>
  Ritesh Harjani (IBM) <[email protected]>
  Roger Pau Monné <[email protected]>
  Song Liu <[email protected]>
  Steven Rostedt (Google) <[email protected]>
  Tejun Heo <[email protected]>
  Tetsuo Handa <[email protected]>
  Thomas Hellström <[email protected]>
  Thomas Song <[email protected]>
  Thorsten Blum <[email protected]>
  Ulf Hansson <[email protected]>
  Weiwen Hu <[email protected]>
  Xi Ruoyao <[email protected]>
  Yang Li <[email protected]>
  Yao Zi <[email protected]>
  Yi Zhang <[email protected]>
  Youling Tang <[email protected]>
  Yu Kuai <[email protected]>
  Zhang Yi <[email protected]>
  Zhiguo Niu <[email protected]>
  Zhihao Cheng <[email protected]>
  Zhu Yanjun <[email protected]>

jobs:
 build-amd64-xsm                                              pass    
 build-arm64-xsm                                              pass    
 build-i386-xsm                                               pass    
 build-amd64                                                  pass    
 build-arm64                                                  pass    
 build-armhf                                                  pass    
 build-i386                                                   pass    
 build-amd64-libvirt                                          pass    
 build-arm64-libvirt                                          pass    
 build-armhf-libvirt                                          pass    
 build-i386-libvirt                                           pass    
 build-amd64-pvops                                            pass    
 build-arm64-pvops                                            pass    
 build-armhf-pvops                                            pass    
 build-i386-pvops                                             pass    
 test-amd64-amd64-xl                                          pass    
 test-amd64-coresched-amd64-xl                                pass    
 test-arm64-arm64-xl                                          pass    
 test-armhf-armhf-xl                                          fail    
 test-amd64-amd64-libvirt-qemuu-debianhvm-amd64-xsm           pass    
 test-amd64-amd64-xl-qemut-stubdom-debianhvm-amd64-xsm        pass    
 test-amd64-amd64-xl-qemut-debianhvm-i386-xsm                 pass    
 test-amd64-amd64-xl-qemuu-debianhvm-i386-xsm                 pass    
 test-amd64-amd64-libvirt-xsm                                 pass    
 test-arm64-arm64-libvirt-xsm                                 pass    
 test-amd64-amd64-xl-xsm                                      pass    
 test-arm64-arm64-xl-xsm                                      pass    
 test-amd64-amd64-qemuu-nested-amd                            fail    
 test-amd64-amd64-xl-pvhv2-amd                                pass    
 test-amd64-amd64-dom0pvh-xl-amd                              pass    
 test-amd64-amd64-xl-qemut-debianhvm-amd64                    pass    
 test-amd64-amd64-xl-qemuu-debianhvm-amd64                    pass    
 test-amd64-amd64-qemuu-freebsd11-amd64                       pass    
 test-amd64-amd64-qemuu-freebsd12-amd64                       pass    
 test-amd64-amd64-xl-qemuu-ovmf-amd64                         pass    
 test-amd64-amd64-xl-qemut-win7-amd64                         fail    
 test-amd64-amd64-xl-qemuu-win7-amd64                         fail    
 test-amd64-amd64-xl-qemut-ws16-amd64                         fail    
 test-amd64-amd64-xl-qemuu-ws16-amd64                         fail    
 test-armhf-armhf-xl-arndale                                  pass    
 test-amd64-amd64-examine-bios                                pass    
 test-amd64-amd64-xl-credit1                                  pass    
 test-arm64-arm64-xl-credit1                                  pass    
 test-armhf-armhf-xl-credit1                                  pass    
 test-amd64-amd64-xl-credit2                                  pass    
 test-arm64-arm64-xl-credit2                                  pass    
 test-armhf-armhf-xl-credit2                                  pass    
 test-amd64-amd64-xl-qemuu-dmrestrict-amd64-dmrestrict        pass    
 test-amd64-amd64-examine                                     pass    
 test-arm64-arm64-examine                                     pass    
 test-armhf-armhf-examine                                     fail    
 test-amd64-amd64-qemuu-nested-intel                          pass    
 test-amd64-amd64-xl-pvhv2-intel                              pass    
 test-amd64-amd64-dom0pvh-xl-intel                            pass    
 test-amd64-amd64-libvirt                                     pass    
 test-armhf-armhf-libvirt                                     fail    
 test-amd64-amd64-xl-multivcpu                                pass    
 test-armhf-armhf-xl-multivcpu                                pass    
 test-amd64-amd64-pair                                        pass    
 test-amd64-amd64-libvirt-pair                                pass    
 test-amd64-amd64-xl-pvshim                                   pass    
 test-amd64-amd64-pygrub                                      pass    
 test-amd64-amd64-libvirt-qcow2                               pass    
 test-amd64-amd64-xl-qcow2                                    pass    
 test-armhf-armhf-xl-qcow2                                    pass    
 test-amd64-amd64-libvirt-raw                                 pass    
 test-arm64-arm64-libvirt-raw                                 pass    
 test-amd64-amd64-xl-raw                                      pass    
 test-armhf-armhf-xl-raw                                      pass    
 test-amd64-amd64-xl-rtds                                     pass    
 test-armhf-armhf-xl-rtds                                     pass    
 test-amd64-amd64-xl-qemuu-debianhvm-amd64-shadow             pass    
 test-amd64-amd64-xl-shadow                                   pass    
 test-arm64-arm64-xl-thunderx                                 pass    
 test-amd64-amd64-examine-uefi                                pass    
 test-amd64-amd64-libvirt-vhd                                 pass    
 test-armhf-armhf-libvirt-vhd                                 pass    
 test-amd64-amd64-xl-vhd                                      pass    
 test-arm64-arm64-xl-vhd                                      pass    


------------------------------------------------------------
sg-report-flight on osstest.test-lab.xenproject.org
logs: /home/logs/logs
images: /home/logs/images

Logs, config files, etc. are available at
    http://logs.test-lab.xenproject.org/osstest/logs

Explanation of these reports, and of osstest in general, is at
    http://xenbits.xen.org/gitweb/?p=osstest.git;a=blob;f=README.email;hb=master
    http://xenbits.xen.org/gitweb/?p=osstest.git;a=blob;f=README;hb=master

Test harness code can be found at
    http://xenbits.xen.org/gitweb?p=osstest.git;a=summary


Pushing revision :

hint: The 'hooks/update' hook was ignored because it's not set as executable.
hint: You can disable this warning with `git config advice.ignoredHook false`.
hint: The 'hooks/post-receive' hook was ignored because it's not set as 
executable.
hint: You can disable this warning with `git config advice.ignoredHook false`.
hint: The 'hooks/post-update' hook was ignored because it's not set as 
executable.
hint: You can disable this warning with `git config advice.ignoredHook false`.
To xenbits.xen.org:/home/xen/git/linux-pvops.git
   0c3836482481..3e7819886281  3e7819886281e077e82006fe4804b0d6b0f5643b -> 
tested/linux-linus

Reply via email to