flight 186816 linux-linus real [real]
flight 186824 linux-linus real-retest [real]
http://logs.test-lab.xenproject.org/osstest/logs/186816/
http://logs.test-lab.xenproject.org/osstest/logs/186824/

Regressions :-(

Tests which did not succeed and are blocking,
including tests which could not be run:
 test-armhf-armhf-libvirt-vhd 17 guest-start/debian.repeat fail REGR. vs. 186811

Tests which are failing intermittently (not blocking):
 test-armhf-armhf-libvirt-vhd  8 xen-boot         fail in 186824 pass in 186816
 test-armhf-armhf-xl-credit2   8 xen-boot            fail pass in 186824-retest
 test-armhf-armhf-xl-arndale  10 host-ping-check-xen fail pass in 186824-retest
 test-amd64-amd64-xl-qemut-debianhvm-i386-xsm 12 debian-hvm-install fail pass 
in 186824-retest

Tests which did not succeed, but are not blocking:
 test-armhf-armhf-xl-credit2 15 migrate-support-check fail in 186824 never pass
 test-armhf-armhf-xl-credit2 16 saverestore-support-check fail in 186824 never 
pass
 test-armhf-armhf-xl-arndale 15 migrate-support-check fail in 186824 never pass
 test-armhf-armhf-xl-arndale 16 saverestore-support-check fail in 186824 never 
pass
 test-amd64-amd64-xl-qemut-win7-amd64 19 guest-stop            fail like 186811
 test-amd64-amd64-xl-qemuu-win7-amd64 19 guest-stop            fail like 186811
 test-armhf-armhf-libvirt      8 xen-boot                     fail  like 186811
 test-amd64-amd64-xl-qemuu-ws16-amd64 19 guest-stop            fail like 186811
 test-amd64-amd64-xl-qemut-ws16-amd64 19 guest-stop            fail like 186811
 test-amd64-amd64-qemuu-nested-amd 20 debian-hvm-install/l1/l2 fail like 186811
 test-amd64-amd64-libvirt-xsm 15 migrate-support-check        fail   never pass
 test-amd64-amd64-libvirt     15 migrate-support-check        fail   never pass
 test-arm64-arm64-xl-credit1  15 migrate-support-check        fail   never pass
 test-arm64-arm64-xl-credit1  16 saverestore-support-check    fail   never pass
 test-arm64-arm64-xl          15 migrate-support-check        fail   never pass
 test-arm64-arm64-xl-credit2  15 migrate-support-check        fail   never pass
 test-arm64-arm64-xl          16 saverestore-support-check    fail   never pass
 test-arm64-arm64-xl-credit2  16 saverestore-support-check    fail   never pass
 test-armhf-armhf-xl-credit1  15 migrate-support-check        fail   never pass
 test-armhf-armhf-xl-credit1  16 saverestore-support-check    fail   never pass
 test-arm64-arm64-xl-thunderx 15 migrate-support-check        fail   never pass
 test-arm64-arm64-xl-thunderx 16 saverestore-support-check    fail   never pass
 test-arm64-arm64-xl-xsm      15 migrate-support-check        fail   never pass
 test-arm64-arm64-xl-xsm      16 saverestore-support-check    fail   never pass
 test-amd64-amd64-libvirt-qemuu-debianhvm-amd64-xsm 13 migrate-support-check 
fail never pass
 test-armhf-armhf-xl-rtds     15 migrate-support-check        fail   never pass
 test-armhf-armhf-xl-rtds     16 saverestore-support-check    fail   never pass
 test-arm64-arm64-libvirt-xsm 15 migrate-support-check        fail   never pass
 test-arm64-arm64-libvirt-xsm 16 saverestore-support-check    fail   never pass
 test-amd64-amd64-libvirt-qcow2 14 migrate-support-check        fail never pass
 test-amd64-amd64-libvirt-raw 14 migrate-support-check        fail   never pass
 test-armhf-armhf-xl          15 migrate-support-check        fail   never pass
 test-armhf-armhf-xl          16 saverestore-support-check    fail   never pass
 test-amd64-amd64-libvirt-vhd 14 migrate-support-check        fail   never pass
 test-arm64-arm64-libvirt-raw 14 migrate-support-check        fail   never pass
 test-arm64-arm64-libvirt-raw 15 saverestore-support-check    fail   never pass
 test-arm64-arm64-xl-vhd      14 migrate-support-check        fail   never pass
 test-arm64-arm64-xl-vhd      15 saverestore-support-check    fail   never pass
 test-armhf-armhf-xl-qcow2    14 migrate-support-check        fail   never pass
 test-armhf-armhf-xl-qcow2    15 saverestore-support-check    fail   never pass
 test-armhf-armhf-xl-raw      14 migrate-support-check        fail   never pass
 test-armhf-armhf-xl-raw      15 saverestore-support-check    fail   never pass
 test-armhf-armhf-libvirt-vhd 14 migrate-support-check        fail   never pass
 test-armhf-armhf-libvirt-vhd 15 saverestore-support-check    fail   never pass
 test-armhf-armhf-xl-multivcpu 15 migrate-support-check        fail  never pass
 test-armhf-armhf-xl-multivcpu 16 saverestore-support-check    fail  never pass

version targeted for testing:
 linux                d67978318827d06f1c0fa4c31343a279e9df6fde
baseline version:
 linux                3e7819886281e077e82006fe4804b0d6b0f5643b

Last test of basis   186811  2024-07-15 23:14:03 Z    0 days
Testing same since   186816  2024-07-16 09:44:08 Z    0 days    1 attempts

------------------------------------------------------------
People who touched revisions under test:
  Abel Vesa <[email protected]>
  Adrian Hunter <[email protected]>
  Alan Stern <[email protected]>
  Aleksandr Mezin <[email protected]>
  Alex Vdovydchenko <[email protected]>
  Alexey Makhalov <[email protected]>
  Alina Yu <[email protected]>
  Alison Schofield <[email protected]>
  Allen Pais <[email protected]>
  Amit Kumar Mahapatra <[email protected]>
  Amit Pundir <[email protected]>
  Amna Waseem <[email protected]>
  Andre Przywara <[email protected]>
  Andrea della Porta <[email protected]>
  Andrea Parri <[email protected]>
  Andreas Kemnade <[email protected]>
  Andrew Cooper <[email protected]>
  Andrew Davis <[email protected]>
  Andrew Jeffery <[email protected]>
  Andy Shevchenko <[email protected]>
  Andy Shevchenko <[email protected]>
  Andy Shevchenko <[email protected]>
  AngeloGioacchino Del Regno <[email protected]>
  Anna-Maria Behnsen <[email protected]>
  Anshuman Khandual <[email protected]>
  Armin Wolf <[email protected]>
  Arnd Bergmann <[email protected]>
  Ashish Kalra <[email protected]>
  Aubin Constans <[email protected]>
  Bartosz Golaszewski <[email protected]>
  Bastien Curutchet <[email protected]>
  Ben Walsh <[email protected]>
  Bert Karwatzki <[email protected]>
  Biju Das <[email protected]>
  Bjorn Andersson <[email protected]>
  Bjorn Helgaas <[email protected]>
  Borislav Petkov (AMD) <[email protected]>
  Borislav Petkov <[email protected]>
  Breno Leitao <[email protected]>
  Brian Johannesmeyer <[email protected]>
  Bryan O'Donoghue <[email protected]>
  Caleb Connolly <[email protected]> # OnePlus 8T
  Catalin Marinas <[email protected]>
  Charles Keepax <[email protected]>
  Chen Ni <[email protected]>
  Chen Ridong <[email protected]>
  Chen-Yu Tsai <[email protected]>
  Chris Packham <[email protected]>
  Christian Heusel <[email protected]>
  Christian Loehle <[email protected]>
  Christian Marangi <[email protected]>
  Christophe JAILLET <[email protected]>
  Christopher S. Hall <[email protected]>
  Ciprian Costea <[email protected]>
  Colin Ian King <[email protected]>
  Conor Dooley <[email protected]>
  Costa Shulyupin <[email protected]>
  Daisuke Nojiri <[email protected]>
  Dan Carpenter <[email protected]>
  Daniel Lezcano <[email protected]>
  Dave Hansen <[email protected]>
  David Lechner <[email protected]>
  David Wang <[email protected]>
  Dev Jain <[email protected]>
  Dmitry Safonov <[email protected]>
  Dr. David Alan Gilbert <[email protected]>
  Drew Fustini <[email protected]>
  Dustin L. Howett <[email protected]>
  Eddie James <[email protected]>
  Eng Lee Teh <[email protected]>
  Etienne Buira <[email protected]>
  Eugene Shalygin <[email protected]>
  Fabio Estevam <[email protected]>
  Fabio Estevam <[email protected]>
  Frank Li <[email protected]>
  Frederic Weisbecker <[email protected]>
  Frieder Schrempf <[email protected]>
  Gavin Shan <[email protected]>
  Geert Uytterhoeven <[email protected]>
  Greg Kroah-Hartman <[email protected]>
  Guenter Roeck <[email protected]>
  Hagar Hemdan <[email protected]>
  Haibo Chen <[email protected]>
  Hanjun Guo <[email protected]>
  Heiko Stuebner <[email protected]>
  Hongyu Chen <[email protected]>
  Huichun Feng <[email protected]>
  Ilkka Koskinen <[email protected]>
  Ilpo Järvinen <[email protected]>
  Ingo Molnar <[email protected]>
  Jagadeesh Kona <[email protected]>
  Jai Arora <[email protected]>
  James Morse <[email protected]>
  Jarkko Sakkinen <[email protected]>
  Javier Carrasco <[email protected]>
  Jean-Philippe Brucker <[email protected]>
  Jeff Johnson <[email protected]>
  Ji Sheng Teoh <[email protected]>
  Jianyong Wu <[email protected]>
  Jiaxun Yang <[email protected]>
  Jinjie Ruan <[email protected]>
  Joe Hattori <[email protected]>
  Joel Fernandes (Google) <[email protected]>
  Johannes Thumshirn <[email protected]>
  Johannes Weiner <[email protected]>
  John Allen <[email protected]>
  Jonathan Cameron <[email protected]>
  Josh Poimboeuf <[email protected]>
  Julia Lawall <[email protected]>
  Junyi Zhao <[email protected]>
  Kai Huang <[email protected]>
  Kai-Heng Feng <[email protected]>
  Kanak Shilledar <[email protected]>
  Kanak Shilledar <[email protected]>
  Kelvin Zhang <[email protected]>
  Kent Gibson <[email protected]>
  Kevin Brodsky <[email protected]>
  Kirill A. Shutemov <[email protected]>
  Krzysztof Kozlowski <[email protected]>
  Krzysztof Kozlowski <[email protected]>
  Krzysztof Wilczyński <[email protected]>
  Kuldeep Singh <[email protected]>
  Lad Prabhakar <[email protected]>
  Lai Jiangshan <[email protected]>
  Lakshmi Sowjanya D <[email protected]>
  Lee Jones <[email protected]>
  Leem ChaeHoon <[email protected]>
  Ley Foon Tan <[email protected]>
  Li kunyu <[email protected]>
  Li zeming <[email protected]>
  Liming Sun <[email protected]>
  Linus Torvalds <[email protected]>
  Linus Walleij <[email protected]>
  Liu Wei <[email protected]>
  Manikandan Muralidharan <[email protected]>
  Manivannan Sadhasivam <[email protected]>
  Marc Zyngier <[email protected]>
  Marcin Juszkiewicz <[email protected]>
  Marco Elver <[email protected]>
  Marius Zachmann <[email protected]>
  Mark Brown <[email protected]>
  Mark Rutland <[email protected]>
  Markus Stockhausen <[email protected]>
  Martin Kaiser <[email protected]>
  Masahiro Yamada <[email protected]>
  Mateusz Guzik <[email protected]>
  Michael Hennerich <[email protected]>
  Michal Koutný <[email protected]>
  Michał Mirosław <[email protected]>
  Miguel Luis <[email protected]>
  Mike Rapoport (IBM) <[email protected]>
  Miquel Raynal <[email protected]>
  Muhammad Usama Anjum <[email protected]>
  Naina Mehta <[email protected]>
  Naresh Solanki <[email protected]>
  Nathan Chancellor <[email protected]>
  Neil Armstrong <[email protected]>
  Neil Armstrong <[email protected]> # on SM8550-QRD, SM8650-QRD & 
SM8650-HDK
  Neil Armstrong <[email protected]> # on SM8650-QRD
  Nianyao Tang <[email protected]>
  Nicholas Piggin <[email protected]>
  Nicola Di Lieto <[email protected]>
  Nicolas Ferre <[email protected]>
  Niklas Söderlund <[email protected]>
  Nikolay Borisov <[email protected]>
  Noah Wang <[email protected]>
  Nuno Sa <[email protected]>
  Nícolas F. R. A. Prado <[email protected]>
  Oleg Nesterov <[email protected]>
  Pali Rohár <[email protected]>
  Patrick Delaunay <[email protected]>
  Paul E. McKenney <[email protected]>
  Peng Fan <[email protected]>
  Peter Collingbourne <[email protected]>
  Peter Robinson <[email protected]>
  Peter Zijlstra (Intel) <[email protected]>
  Peter Zijlstra <[email protected]>
  Prajna Rajendra Kumar <[email protected]>
  Pratik Farkase <[email protected]>
  Pratik Farkase <[email protected]>
  Puranjay Mohan <[email protected]>
  Qiuxu Zhuo <[email protected]>
  Raag Jadav <[email protected]>
  Radu Sabau <[email protected]>
  Rafael J. Wysocki <[email protected]>
  Rafael J. Wysocki <[email protected]>
  Randy Dunlap <[email protected]>
  Richard Fitzgerald <[email protected]>
  Rob Barnes <[email protected]>
  Rob Herring (Arm) <[email protected]>
  Robert Marko <[email protected]>
  Russell King (Oracle) <[email protected]>
  Sander Vanheule <[email protected]>
  Sean Anderson <[email protected]>
  Sean Christopherson <[email protected]>
  Sean Young <[email protected]>
  Sebastian Reichel <[email protected]>
  Seongsu Park <[email protected]>
  Sergiu Cuciurean <[email protected]>
  Shenwei Wang <[email protected]>
  Shiji Yang <[email protected]>
  Shuah Khan <[email protected]>
  Simon Trimmer <[email protected]>
  Stanislav Jakubek <[email protected]>
  Stanislav Spassov <[email protected]>
  Stefan Wahren <[email protected]>
  Stephen Horvath <[email protected]>
  Sudeep Holla <[email protected]>
  Sunny Luo <[email protected]>
  Tao Liu <[email protected]>
  Tejun Heo <[email protected]>
  Thomas Bonnefille <[email protected]>
  Thomas Gleixner <[email protected]>
  Thomas Huth <[email protected]>
  Thomas Weißschuh <[email protected]>
  Thorsten Blum <[email protected]>
  Tim Merrifield <[email protected]>
  Tony Luck <[email protected]>
  Trevor Gamblin <[email protected]>
  Tzung-Bi Shih <[email protected]>
  Ulf Hansson <[email protected]>
  Uros Bizjak <[email protected]>
  Uwe Kleine-König <[email protected]>
  Uwe Kleine-König <[email protected]>
  Uwe Kleine-König <[email protected]>
  Uwe Kleine-König <[email protected]>
  Vasyl Gomonovych <[email protected]>
  Vincent Whitchurch <[email protected]>
  Vishnu Pajjuri <[email protected]>
  Vitor Soares <[email protected]>
  Vladimir Oltean <[email protected]>
  Waiman Long <[email protected]>
  Wayne Tung <[email protected]>
  Wenchao Hao <[email protected]>
  Wilken Gottwalt <[email protected]>
  Will Deacon <[email protected]>
  William Breathitt Gray <[email protected]>
  Willy Tarreau <[email protected]>
  Wolfram Sang <[email protected]>
  Xianwei Zhao <[email protected]>
  Xiu Jianfeng <[email protected]>
  Xu Yang <[email protected]>
  Yang Li <[email protected]>
  Yazen Ghannam <[email protected]>
  Youwan Wang <[email protected]>
  Yu Liao <[email protected]>
  Zheng Yongjun <[email protected]>
  Zqiang <[email protected]>

jobs:
 build-amd64-xsm                                              pass    
 build-arm64-xsm                                              pass    
 build-i386-xsm                                               pass    
 build-amd64                                                  pass    
 build-arm64                                                  pass    
 build-armhf                                                  pass    
 build-i386                                                   pass    
 build-amd64-libvirt                                          pass    
 build-arm64-libvirt                                          pass    
 build-armhf-libvirt                                          pass    
 build-i386-libvirt                                           pass    
 build-amd64-pvops                                            pass    
 build-arm64-pvops                                            pass    
 build-armhf-pvops                                            pass    
 build-i386-pvops                                             pass    
 test-amd64-amd64-xl                                          pass    
 test-amd64-coresched-amd64-xl                                pass    
 test-arm64-arm64-xl                                          pass    
 test-armhf-armhf-xl                                          pass    
 test-amd64-amd64-libvirt-qemuu-debianhvm-amd64-xsm           pass    
 test-amd64-amd64-xl-qemut-stubdom-debianhvm-amd64-xsm        pass    
 test-amd64-amd64-xl-qemut-debianhvm-i386-xsm                 fail    
 test-amd64-amd64-xl-qemuu-debianhvm-i386-xsm                 pass    
 test-amd64-amd64-libvirt-xsm                                 pass    
 test-arm64-arm64-libvirt-xsm                                 pass    
 test-amd64-amd64-xl-xsm                                      pass    
 test-arm64-arm64-xl-xsm                                      pass    
 test-amd64-amd64-qemuu-nested-amd                            fail    
 test-amd64-amd64-xl-pvhv2-amd                                pass    
 test-amd64-amd64-dom0pvh-xl-amd                              pass    
 test-amd64-amd64-xl-qemut-debianhvm-amd64                    pass    
 test-amd64-amd64-xl-qemuu-debianhvm-amd64                    pass    
 test-amd64-amd64-qemuu-freebsd11-amd64                       pass    
 test-amd64-amd64-qemuu-freebsd12-amd64                       pass    
 test-amd64-amd64-xl-qemuu-ovmf-amd64                         pass    
 test-amd64-amd64-xl-qemut-win7-amd64                         fail    
 test-amd64-amd64-xl-qemuu-win7-amd64                         fail    
 test-amd64-amd64-xl-qemut-ws16-amd64                         fail    
 test-amd64-amd64-xl-qemuu-ws16-amd64                         fail    
 test-armhf-armhf-xl-arndale                                  fail    
 test-amd64-amd64-examine-bios                                pass    
 test-amd64-amd64-xl-credit1                                  pass    
 test-arm64-arm64-xl-credit1                                  pass    
 test-armhf-armhf-xl-credit1                                  pass    
 test-amd64-amd64-xl-credit2                                  pass    
 test-arm64-arm64-xl-credit2                                  pass    
 test-armhf-armhf-xl-credit2                                  fail    
 test-amd64-amd64-xl-qemuu-dmrestrict-amd64-dmrestrict        pass    
 test-amd64-amd64-examine                                     pass    
 test-arm64-arm64-examine                                     pass    
 test-armhf-armhf-examine                                     pass    
 test-amd64-amd64-qemuu-nested-intel                          pass    
 test-amd64-amd64-xl-pvhv2-intel                              pass    
 test-amd64-amd64-dom0pvh-xl-intel                            pass    
 test-amd64-amd64-libvirt                                     pass    
 test-armhf-armhf-libvirt                                     fail    
 test-amd64-amd64-xl-multivcpu                                pass    
 test-armhf-armhf-xl-multivcpu                                pass    
 test-amd64-amd64-pair                                        pass    
 test-amd64-amd64-libvirt-pair                                pass    
 test-amd64-amd64-xl-pvshim                                   pass    
 test-amd64-amd64-pygrub                                      pass    
 test-amd64-amd64-libvirt-qcow2                               pass    
 test-amd64-amd64-xl-qcow2                                    pass    
 test-armhf-armhf-xl-qcow2                                    pass    
 test-amd64-amd64-libvirt-raw                                 pass    
 test-arm64-arm64-libvirt-raw                                 pass    
 test-amd64-amd64-xl-raw                                      pass    
 test-armhf-armhf-xl-raw                                      pass    
 test-amd64-amd64-xl-rtds                                     pass    
 test-armhf-armhf-xl-rtds                                     pass    
 test-amd64-amd64-xl-qemuu-debianhvm-amd64-shadow             pass    
 test-amd64-amd64-xl-shadow                                   pass    
 test-arm64-arm64-xl-thunderx                                 pass    
 test-amd64-amd64-examine-uefi                                pass    
 test-amd64-amd64-libvirt-vhd                                 pass    
 test-armhf-armhf-libvirt-vhd                                 fail    
 test-amd64-amd64-xl-vhd                                      pass    
 test-arm64-arm64-xl-vhd                                      pass    


------------------------------------------------------------
sg-report-flight on osstest.test-lab.xenproject.org
logs: /home/logs/logs
images: /home/logs/images

Logs, config files, etc. are available at
    http://logs.test-lab.xenproject.org/osstest/logs

Explanation of these reports, and of osstest in general, is at
    http://xenbits.xen.org/gitweb/?p=osstest.git;a=blob;f=README.email;hb=master
    http://xenbits.xen.org/gitweb/?p=osstest.git;a=blob;f=README;hb=master

Test harness code can be found at
    http://xenbits.xen.org/gitweb?p=osstest.git;a=summary


Not pushing.

(No revision log; it would be 15284 lines long.)

Reply via email to