flight 187257 linux-linus real [real]
flight 187266 linux-linus real-retest [real]
http://logs.test-lab.xenproject.org/osstest/logs/187257/
http://logs.test-lab.xenproject.org/osstest/logs/187266/

Failures :-/ but no regressions.

Tests which are failing intermittently (not blocking):
 test-armhf-armhf-libvirt     10 host-ping-check-xen fail pass in 187266-retest

Tests which did not succeed, but are not blocking:
 test-armhf-armhf-libvirt 16 saverestore-support-check fail in 187266 like 
187251
 test-armhf-armhf-libvirt    15 migrate-support-check fail in 187266 never pass
 test-amd64-amd64-xl-qemut-win7-amd64 19 guest-stop            fail like 187251
 test-amd64-amd64-xl-qemuu-win7-amd64 19 guest-stop            fail like 187251
 test-amd64-amd64-xl-qemuu-ws16-amd64 19 guest-stop            fail like 187251
 test-amd64-amd64-xl-qemut-ws16-amd64 19 guest-stop            fail like 187251
 test-amd64-amd64-qemuu-nested-amd 20 debian-hvm-install/l1/l2 fail like 187251
 test-amd64-amd64-libvirt     15 migrate-support-check        fail   never pass
 test-amd64-amd64-libvirt-xsm 15 migrate-support-check        fail   never pass
 test-arm64-arm64-libvirt-xsm 15 migrate-support-check        fail   never pass
 test-arm64-arm64-libvirt-xsm 16 saverestore-support-check    fail   never pass
 test-arm64-arm64-xl-xsm      15 migrate-support-check        fail   never pass
 test-arm64-arm64-xl-xsm      16 saverestore-support-check    fail   never pass
 test-arm64-arm64-xl-thunderx 15 migrate-support-check        fail   never pass
 test-arm64-arm64-xl-thunderx 16 saverestore-support-check    fail   never pass
 test-arm64-arm64-xl-credit2  15 migrate-support-check        fail   never pass
 test-arm64-arm64-xl-credit2  16 saverestore-support-check    fail   never pass
 test-arm64-arm64-xl          15 migrate-support-check        fail   never pass
 test-arm64-arm64-xl          16 saverestore-support-check    fail   never pass
 test-arm64-arm64-xl-credit1  15 migrate-support-check        fail   never pass
 test-arm64-arm64-xl-credit1  16 saverestore-support-check    fail   never pass
 test-amd64-amd64-libvirt-qemuu-debianhvm-amd64-xsm 13 migrate-support-check 
fail never pass
 test-amd64-amd64-libvirt-qcow2 14 migrate-support-check        fail never pass
 test-amd64-amd64-libvirt-raw 14 migrate-support-check        fail   never pass
 test-armhf-armhf-xl-arndale  15 migrate-support-check        fail   never pass
 test-armhf-armhf-xl-arndale  16 saverestore-support-check    fail   never pass
 test-armhf-armhf-xl-credit1  15 migrate-support-check        fail   never pass
 test-armhf-armhf-xl-credit1  16 saverestore-support-check    fail   never pass
 test-amd64-amd64-libvirt-vhd 14 migrate-support-check        fail   never pass
 test-arm64-arm64-libvirt-raw 14 migrate-support-check        fail   never pass
 test-arm64-arm64-libvirt-raw 15 saverestore-support-check    fail   never pass
 test-arm64-arm64-xl-vhd      14 migrate-support-check        fail   never pass
 test-arm64-arm64-xl-vhd      15 saverestore-support-check    fail   never pass
 test-armhf-armhf-xl-raw      14 migrate-support-check        fail   never pass
 test-armhf-armhf-xl-raw      15 saverestore-support-check    fail   never pass
 test-armhf-armhf-xl          15 migrate-support-check        fail   never pass
 test-armhf-armhf-xl          16 saverestore-support-check    fail   never pass
 test-armhf-armhf-xl-rtds     15 migrate-support-check        fail   never pass
 test-armhf-armhf-xl-rtds     16 saverestore-support-check    fail   never pass
 test-armhf-armhf-xl-credit2  15 migrate-support-check        fail   never pass
 test-armhf-armhf-xl-credit2  16 saverestore-support-check    fail   never pass
 test-armhf-armhf-xl-multivcpu 15 migrate-support-check        fail  never pass
 test-armhf-armhf-xl-multivcpu 16 saverestore-support-check    fail  never pass
 test-armhf-armhf-xl-qcow2    14 migrate-support-check        fail   never pass
 test-armhf-armhf-xl-qcow2    15 saverestore-support-check    fail   never pass
 test-armhf-armhf-libvirt-vhd 14 migrate-support-check        fail   never pass
 test-armhf-armhf-libvirt-vhd 15 saverestore-support-check    fail   never pass

version targeted for testing:
 linux                85652baa895b59b94bea29c77cb9b51cf7120deb
baseline version:
 linux                e724918b3786252b985b0c2764c16a57d1937707

Last test of basis   187251  2024-08-15 23:14:47 Z    1 days
Failing since        187254  2024-08-16 11:03:05 Z    0 days    2 attempts
Testing same since   187257  2024-08-16 23:12:36 Z    0 days    1 attempts

------------------------------------------------------------
People who touched revisions under test:
  Alex Bee <[email protected]>
  Alex Deucher <[email protected]>
  Alexandre Ghiti <[email protected]>
  Alice Ryhl <[email protected]>
  Alison Schofield <[email protected]>
  AngeloGioacchino Del Regno <[email protected]>
  Arnaldo Carvalho de Melo <[email protected]>
  Arnaldo Carvalho de Melo <[email protected]>
  Asmaa Mnebhi <[email protected]>
  Baojun Xu <[email protected]>
  Barak Biber <[email protected]>
  Bartosz Golaszewski <[email protected]>
  Bas Nieuwenhuizen <[email protected]>
  Benno Lossin <[email protected]>
  Boqun Feng <[email protected]>
  Bouke Sybren Haarsma <[email protected]>
  Caleb Sander Mateos <[email protected]>
  Celeste Liu <[email protected]>
  Chun-Kuang Hu <[email protected]>
  Dan Carpenter <[email protected]>
  Daniel Wheeler <[email protected]>
  Daniel Yang <[email protected]>
  Dave Airlie <[email protected]>
  David (Ming Qiang) Wu <[email protected]>
  David Gstir <[email protected]>
  Dirk Behme <[email protected]>
  Douglas Anderson <[email protected]>
  Eric Farman <[email protected]>
  Evan Green <[email protected]>
  Fangzhi Zuo <[email protected]>
  Fei Shao <[email protected]>
  Francesco Dolcini <[email protected]>
  Haibo Xu <[email protected]>
  Hamza Mahfooz <[email protected]>
  Hans de Goede <[email protected]>
  Heiko Stuebner <[email protected]>
  Ira Weiny <[email protected]>
  Jack Xiao <[email protected]>
  Jarkko Sakkinen <[email protected]>
  Jason Gunthorpe <[email protected]>
  Jens Axboe <[email protected]>
  Joerg Roedel <[email protected]>
  Juan José Arboleda <[email protected]>
  Kenneth Feng <[email protected]>
  Khazhismel Kumykov <[email protected]>
  Konrad Dybcio <[email protected]>
  Konrad Dybcio <[email protected]>
  Krzysztof Kozlowski <[email protected]>
  Li Lingfeng <[email protected]>
  Lianqin Hu <[email protected]>
  Linus Torvalds <[email protected]>
  Loan Chen <[email protected]>
  Lucas De Marchi <[email protected]>
  Mark Brown <[email protected]>
  Masahiro Yamada <[email protected]>
  Matthew Brost <[email protected]>
  Maxime Ripard <[email protected]>
  Maíra Canal <[email protected]>
  Melissa Wen <[email protected]>
  Michal Wajdeczko <[email protected]>
  Miguel Ojeda <[email protected]>
  Mikulas Patocka <[email protected]>
  Nam Cao <[email protected]>
  Namhyung Kim <[email protected]>
  Olivier Langlois <[email protected]>
  Palmer Dabbelt <[email protected]>
  Parsa Poorshikhian <[email protected]>
  Peter Kästle <[email protected]>
  Rafael J. Wysocki <[email protected]>
  Richard Fitzgerald <[email protected]>
  Rob Herring (Arm) <[email protected]>
  Rodrigo Siqueira <[email protected]>
  Rodrigo Vivi <[email protected]>
  Sarthak Singh <[email protected]>
  Shibu kumar <[email protected]>
  Simon Trimmer <[email protected]>
  Song Liu <[email protected]>
  Stefan Haberland <[email protected]>
  Stefan Wiehler <[email protected]>
  Steven Rostedt (Google) <[email protected]>
  Steven Rostedt <[email protected]>
  Takashi Iwai <[email protected]>
  Thomas Zimmermann <[email protected]>
  Tom Chung <[email protected]>
  Umesh Nerlige Ramappa <[email protected]>
  Wayne Lin <[email protected]>
  Yinjie Yao <[email protected]>
  Yu Kuai <[email protected]>
  Yue Haibing <[email protected]>
  Zehui Xu <[email protected]>
  Zhihao Cheng <[email protected]>

jobs:
 build-amd64-xsm                                              pass    
 build-arm64-xsm                                              pass    
 build-i386-xsm                                               pass    
 build-amd64                                                  pass    
 build-arm64                                                  pass    
 build-armhf                                                  pass    
 build-i386                                                   pass    
 build-amd64-libvirt                                          pass    
 build-arm64-libvirt                                          pass    
 build-armhf-libvirt                                          pass    
 build-i386-libvirt                                           pass    
 build-amd64-pvops                                            pass    
 build-arm64-pvops                                            pass    
 build-armhf-pvops                                            pass    
 build-i386-pvops                                             pass    
 test-amd64-amd64-xl                                          pass    
 test-amd64-coresched-amd64-xl                                pass    
 test-arm64-arm64-xl                                          pass    
 test-armhf-armhf-xl                                          pass    
 test-amd64-amd64-libvirt-qemuu-debianhvm-amd64-xsm           pass    
 test-amd64-amd64-xl-qemut-stubdom-debianhvm-amd64-xsm        pass    
 test-amd64-amd64-xl-qemut-debianhvm-i386-xsm                 pass    
 test-amd64-amd64-xl-qemuu-debianhvm-i386-xsm                 pass    
 test-amd64-amd64-libvirt-xsm                                 pass    
 test-arm64-arm64-libvirt-xsm                                 pass    
 test-amd64-amd64-xl-xsm                                      pass    
 test-arm64-arm64-xl-xsm                                      pass    
 test-amd64-amd64-qemuu-nested-amd                            fail    
 test-amd64-amd64-xl-pvhv2-amd                                pass    
 test-amd64-amd64-dom0pvh-xl-amd                              pass    
 test-amd64-amd64-xl-qemut-debianhvm-amd64                    pass    
 test-amd64-amd64-xl-qemuu-debianhvm-amd64                    pass    
 test-amd64-amd64-qemuu-freebsd11-amd64                       pass    
 test-amd64-amd64-qemuu-freebsd12-amd64                       pass    
 test-amd64-amd64-xl-qemuu-ovmf-amd64                         pass    
 test-amd64-amd64-xl-qemut-win7-amd64                         fail    
 test-amd64-amd64-xl-qemuu-win7-amd64                         fail    
 test-amd64-amd64-xl-qemut-ws16-amd64                         fail    
 test-amd64-amd64-xl-qemuu-ws16-amd64                         fail    
 test-armhf-armhf-xl-arndale                                  pass    
 test-amd64-amd64-examine-bios                                pass    
 test-amd64-amd64-xl-credit1                                  pass    
 test-arm64-arm64-xl-credit1                                  pass    
 test-armhf-armhf-xl-credit1                                  pass    
 test-amd64-amd64-xl-credit2                                  pass    
 test-arm64-arm64-xl-credit2                                  pass    
 test-armhf-armhf-xl-credit2                                  pass    
 test-amd64-amd64-xl-qemuu-dmrestrict-amd64-dmrestrict        pass    
 test-amd64-amd64-examine                                     pass    
 test-arm64-arm64-examine                                     pass    
 test-armhf-armhf-examine                                     pass    
 test-amd64-amd64-qemuu-nested-intel                          pass    
 test-amd64-amd64-xl-pvhv2-intel                              pass    
 test-amd64-amd64-dom0pvh-xl-intel                            pass    
 test-amd64-amd64-libvirt                                     pass    
 test-armhf-armhf-libvirt                                     fail    
 test-amd64-amd64-xl-multivcpu                                pass    
 test-armhf-armhf-xl-multivcpu                                pass    
 test-amd64-amd64-pair                                        pass    
 test-amd64-amd64-libvirt-pair                                pass    
 test-amd64-amd64-xl-pvshim                                   pass    
 test-amd64-amd64-pygrub                                      pass    
 test-amd64-amd64-libvirt-qcow2                               pass    
 test-amd64-amd64-xl-qcow2                                    pass    
 test-armhf-armhf-xl-qcow2                                    pass    
 test-amd64-amd64-libvirt-raw                                 pass    
 test-arm64-arm64-libvirt-raw                                 pass    
 test-amd64-amd64-xl-raw                                      pass    
 test-armhf-armhf-xl-raw                                      pass    
 test-amd64-amd64-xl-rtds                                     pass    
 test-armhf-armhf-xl-rtds                                     pass    
 test-amd64-amd64-xl-qemuu-debianhvm-amd64-shadow             pass    
 test-amd64-amd64-xl-shadow                                   pass    
 test-arm64-arm64-xl-thunderx                                 pass    
 test-amd64-amd64-examine-uefi                                pass    
 test-amd64-amd64-libvirt-vhd                                 pass    
 test-armhf-armhf-libvirt-vhd                                 pass    
 test-amd64-amd64-xl-vhd                                      pass    
 test-arm64-arm64-xl-vhd                                      pass    


------------------------------------------------------------
sg-report-flight on osstest.test-lab.xenproject.org
logs: /home/logs/logs
images: /home/logs/images

Logs, config files, etc. are available at
    http://logs.test-lab.xenproject.org/osstest/logs

Explanation of these reports, and of osstest in general, is at
    http://xenbits.xen.org/gitweb/?p=osstest.git;a=blob;f=README.email;hb=master
    http://xenbits.xen.org/gitweb/?p=osstest.git;a=blob;f=README;hb=master

Test harness code can be found at
    http://xenbits.xen.org/gitweb?p=osstest.git;a=summary


Pushing revision :

hint: The 'hooks/update' hook was ignored because it's not set as executable.
hint: You can disable this warning with `git config advice.ignoredHook false`.
hint: The 'hooks/post-receive' hook was ignored because it's not set as 
executable.
hint: You can disable this warning with `git config advice.ignoredHook false`.
hint: The 'hooks/post-update' hook was ignored because it's not set as 
executable.
hint: You can disable this warning with `git config advice.ignoredHook false`.
To xenbits.xen.org:/home/xen/git/linux-pvops.git
   e724918b3786..85652baa895b  85652baa895b59b94bea29c77cb9b51cf7120deb -> 
tested/linux-linus

Reply via email to