flight 187546 linux-linus real [real]
http://logs.test-lab.xenproject.org/osstest/logs/187546/

Regressions :-(

Tests which did not succeed and are blocking,
including tests which could not be run:
 build-armhf                   6 xen-build                fail REGR. vs. 187504

Tests which did not succeed, but are not blocking:
 build-armhf-libvirt           1 build-check(1)               blocked  n/a
 test-armhf-armhf-examine      1 build-check(1)               blocked  n/a
 test-armhf-armhf-libvirt      1 build-check(1)               blocked  n/a
 test-armhf-armhf-libvirt-vhd  1 build-check(1)               blocked  n/a
 test-armhf-armhf-xl           1 build-check(1)               blocked  n/a
 test-armhf-armhf-xl-arndale   1 build-check(1)               blocked  n/a
 test-armhf-armhf-xl-credit1   1 build-check(1)               blocked  n/a
 test-armhf-armhf-xl-credit2   1 build-check(1)               blocked  n/a
 test-armhf-armhf-xl-multivcpu  1 build-check(1)               blocked  n/a
 test-armhf-armhf-xl-qcow2     1 build-check(1)               blocked  n/a
 test-armhf-armhf-xl-raw       1 build-check(1)               blocked  n/a
 test-armhf-armhf-xl-rtds      1 build-check(1)               blocked  n/a
 test-amd64-amd64-xl-qemut-win7-amd64 19 guest-stop            fail like 187504
 test-amd64-amd64-xl-qemuu-win7-amd64 19 guest-stop            fail like 187504
 test-amd64-amd64-xl-qemuu-ws16-amd64 19 guest-stop            fail like 187504
 test-amd64-amd64-xl-qemut-ws16-amd64 19 guest-stop            fail like 187504
 test-amd64-amd64-qemuu-nested-amd 20 debian-hvm-install/l1/l2 fail like 187504
 test-amd64-amd64-libvirt-xsm 15 migrate-support-check        fail   never pass
 test-amd64-amd64-libvirt     15 migrate-support-check        fail   never pass
 test-arm64-arm64-xl-xsm      15 migrate-support-check        fail   never pass
 test-arm64-arm64-xl-xsm      16 saverestore-support-check    fail   never pass
 test-arm64-arm64-libvirt-xsm 15 migrate-support-check        fail   never pass
 test-arm64-arm64-xl-credit1  15 migrate-support-check        fail   never pass
 test-arm64-arm64-xl-credit1  16 saverestore-support-check    fail   never pass
 test-arm64-arm64-libvirt-xsm 16 saverestore-support-check    fail   never pass
 test-arm64-arm64-xl-credit2  15 migrate-support-check        fail   never pass
 test-arm64-arm64-xl-credit2  16 saverestore-support-check    fail   never pass
 test-arm64-arm64-xl          15 migrate-support-check        fail   never pass
 test-arm64-arm64-xl          16 saverestore-support-check    fail   never pass
 test-arm64-arm64-xl-thunderx 15 migrate-support-check        fail   never pass
 test-arm64-arm64-xl-thunderx 16 saverestore-support-check    fail   never pass
 test-amd64-amd64-libvirt-qemuu-debianhvm-amd64-xsm 13 migrate-support-check 
fail never pass
 test-amd64-amd64-libvirt-qcow2 14 migrate-support-check        fail never pass
 test-amd64-amd64-libvirt-raw 14 migrate-support-check        fail   never pass
 test-amd64-amd64-libvirt-vhd 14 migrate-support-check        fail   never pass
 test-arm64-arm64-libvirt-raw 14 migrate-support-check        fail   never pass
 test-arm64-arm64-libvirt-raw 15 saverestore-support-check    fail   never pass
 test-arm64-arm64-xl-vhd      14 migrate-support-check        fail   never pass
 test-arm64-arm64-xl-vhd      15 saverestore-support-check    fail   never pass

version targeted for testing:
 linux                b31c4492884252a8360f312a0ac2049349ddf603
baseline version:
 linux                c763c43396883456ef57e5e78b64d3c259c4babc

Last test of basis   187504  2024-09-05 10:21:11 Z    2 days
Failing since        187510  2024-09-05 23:42:38 Z    1 days    3 attempts
Testing same since   187546  2024-09-07 03:27:08 Z    0 days    1 attempts

------------------------------------------------------------
People who touched revisions under test:
  Adam Queler <[email protected]>
  Adrian Hunter <[email protected]>
  Adrián Larumbe <[email protected]>
  Aleksandr Mishin <[email protected]>
  Alex Deucher <[email protected]>
  Alexander Stein <[email protected]>
  Alexandre Ghiti <[email protected]>
  Alexei Starovoitov <[email protected]>
  Alice Ryhl <[email protected]>
  Amit Pundir <[email protected]>
  Andreas Hindborg <[email protected]>
  Andreas Hindborg <[email protected]>
  Andrew Jeffery <[email protected]>
  Andrii Nakryiko <[email protected]>
  Andy Shevchenko <[email protected]>
  Anton Blanchard <[email protected]>
  Anuj Gupta <[email protected]>
  Arkadiusz Kubalewski <[email protected]>
  Arunpravin Paneer Selvam <[email protected]>
  Baochen Qiang <[email protected]>
  Bard Liao <[email protected]>
  Bartosz Golaszewski <[email protected]>
  Bjorn Helgaas <[email protected]>
  Boqun Feng <[email protected]>
  Boris Brezillon <[email protected]>
  Breno Leitao <[email protected]>
  Brian Norris <[email protected]>
  Bryan O'Donoghue <[email protected]>
  Catalin Marinas <[email protected]>
  Chandan Kumar Rout <[email protected]>
  Charles Han <[email protected]>
  Charlie Jenkins <[email protected]>
  Chen-Yu Tsai <[email protected]>
  Cheng-Jui Wang <[email protected]>
  Chi Zhiling <[email protected]>
  Christian Brauner <[email protected]>
  Christoffer Sandberg <[email protected]>
  Christoph Hellwig <[email protected]>
  Christophe Leroy <[email protected]>
  Cong Wang <[email protected]>
  Daiwei Li <[email protected]>
  Dan Carpenter <[email protected]>
  Daniele Ceraolo Spurio <[email protected]>
  Danilo Krummrich <[email protected]>
  Dave Airlie <[email protected]>
  David Gow <[email protected]>
  David Howells <[email protected]>
  David S. Miller <[email protected]>
  Dawid Osuchowski <[email protected]>
  Dillon Varone <[email protected]>
  Dirk Behme <[email protected]>
  Dmitry Baryshkov <[email protected]>
  Douglas Anderson <[email protected]>
  Eduard Zingerman <[email protected]>
  Eric Dumazet <[email protected]>
  Fabio Estevam <[email protected]>
  Frank Li <[email protected]>
  Gautham R. Shenoy <[email protected]>
  Geert Uytterhoeven <[email protected]>
  Georg Gottleuber <[email protected]>
  George Kuruvinakunnel <[email protected]>
  Guillaume Nault <[email protected]>
  Hamza Mahfooz <[email protected]>
  Hans de Goede <[email protected]>
  Hayes Wang <[email protected]>
  hongchi.peng <[email protected]>
  Ilpo Järvinen <[email protected]>
  Imre Deak <[email protected]>
  Jack Xiao <[email protected]>
  Jakub Kicinski <[email protected]>
  Jamie Bainbridge <[email protected]>
  Jani Nikula <[email protected]>
  Jeff Johnson <[email protected]>
  Jens Axboe <[email protected]>
  Jens Emil Schulz Østergaard <[email protected]>
  Jeongjun Park <[email protected]>
  Jinjie Ruan <[email protected]>
  Jon Mulder <[email protected]>
  Jonas Gorski <[email protected]>
  Jonathan Bell <[email protected]>
  Joonas Lahtinen <[email protected]>
  Jouni Högander <[email protected]>
  Jubilee Young <[email protected]>
  Julien Panis <[email protected]>
  Kai Vehmanen <[email protected]>
  Kalle Valo <[email protected]>
  Kalle Valo <[email protected]>
  Keita Aihara <[email protected]>
  Keith Busch <[email protected]>
  Krzysztof Kozlowski <[email protected]>
  Kuniyuki Iwashima <[email protected]>
  Larysa Zaremba <[email protected]>
  Laurentiu Mihalcea <[email protected]>
  Leo Li <[email protected]>
  Leonardo Bras <[email protected]>
  Li Nan <[email protected]>
  Liao Chen <[email protected]>
  Linus Torvalds <[email protected]>
  Linus Walleij <[email protected]>
  Liviu Dudau <[email protected]>
  Luiz Augusto von Dentz <[email protected]>
  Luke D. Jones <[email protected]>
  Maarten Lankhorst <[email protected]>
  Maarten Lankhorst,,, <[email protected]>
  Maciej Fijalkowski <[email protected]>
  Manivannan Sadhasivam <[email protected]>
  Marc Kleine-Budde <[email protected]>
  Marek Marczykowski-Górecki <[email protected]>
  Mario Limonciello <[email protected]>
  Mark Brown <[email protected]>
  Mark Rutland <[email protected]>
  Markus Schneider-Pargmann <[email protected]>
  Markuss Broks <[email protected]>
  Martin Jocic <[email protected]>
  Martin KaFai Lau <[email protected]>
  Mary Guillemard <[email protected]>
  Masami Hiramatsu (Google) <[email protected]>
  Matt Coster <[email protected]>
  Matt Johnston <[email protected]>
  Matt Roper <[email protected]>
  Matteo Martelli <[email protected]>
  Maurizio Lombardi <[email protected]>
  Maxim Levitsky <[email protected]>
  Maxime Ripard <[email protected]>
  Maxime Ripard <[email protected]>
  Maximilien Perreault <[email protected]>
  Michael Ellerman <[email protected]>
  Michael Vetter <[email protected]>
  Miguel Ojeda <[email protected]>
  Mikko Tiihonen <[email protected]>
  Mikulas Patocka <[email protected]>
  Mohan Kumar <[email protected]>
  Nikolay Aleksandrov <[email protected]>
  Nysal Jan K.A. <[email protected]>
  Oliver Neukum <[email protected]>
  Palmer Dabbelt <[email protected]>
  Paolo Abeni <[email protected]>
  Paolo Bonzini <[email protected]>
  Paul E. McKenney <[email protected]>
  Paulo Alcantara (Red Hat) <[email protected]>
  Paulo Alcantara <[email protected]>
  Pawel Dembicki <[email protected]>
  Pucha Himasekhar Reddy <[email protected]> (A Contingent 
worker at Intel)
  Puranjay Mohan <[email protected]>
  Rae Moar <[email protected]>
  Rafael J. Wysocki <[email protected]>
  Ravi Bangoria <[email protected]>
  Rick Edgecombe <[email protected]>
  Ritu Chaudhary <[email protected]>
  Rob Herring (Arm) <[email protected]>
  robelin <[email protected]>
  Rodrigo Vivi <[email protected]>
  Roger Quadros <[email protected]>
  Ryan Walklin <[email protected]>
  Sam Protsenko <[email protected]>
  Sameer Pujar <[email protected]>
  Samuel Holland <[email protected]>
  Sean Anderson <[email protected]>
  Sean Christopherson <[email protected]>
  Seunghwan Baek <[email protected]>
  Shuah Khan <[email protected]>
  Simon Arlott <[email protected]>
  Simon Horman <[email protected]>
  Simon Horman <[email protected]> # build-tested
  Souradeep Chakrabarti <[email protected]>
  Srinivas Kandagatla <[email protected]>
  Stanislav Fomichev <[email protected]>
  Stefan Wahren <[email protected]>
  Stephen Hemminger <[email protected]>
  Steve French <[email protected]>
  Steven Rostedt (Google) <[email protected]>
  Steven Rostedt <[email protected]>
  Takashi Iwai <[email protected]>
  Terry Cheong <[email protected]>
  Thomas Zimmermann <[email protected]>
  Toke Høiland-Jørgensen <[email protected]>
  Tom Dohrmann <[email protected]>
  Tony Nguyen <[email protected]>
  Tvrtko Ursulin <[email protected]>
  Tze-nan Wu <[email protected]>
  Ulf Hansson <[email protected]>
  Uwe Kleine-König <[email protected]>
  Uwe Kleine-König <[email protected]>
  Vadim Fedorenko <[email protected]>
  Vadim Fedorenko <[email protected]>
  Vasiliy Kovalev <[email protected]>
  Ville Syrjälä <[email protected]>
  Vincent Woltmann <[email protected]>
  Vinicius Costa Gomes <[email protected]>
  Vinod Govindapillai <[email protected]>
  Viresh Kumar <[email protected]>
  Vitaly Kuznetsov <[email protected]>
  Wedson Almeida Filho <[email protected]>
  Werner Sembach <[email protected]>
  Will Deacon <[email protected]>
  xingwei lee <[email protected]>
  Yan Zhao <[email protected]>
  Yanghui Li <[email protected]>
  yuxin wang <[email protected]>
  Zhang Yi <[email protected]>
  Zheng Yejian <[email protected]>

jobs:
 build-amd64-xsm                                              pass    
 build-arm64-xsm                                              pass    
 build-i386-xsm                                               pass    
 build-amd64                                                  pass    
 build-arm64                                                  pass    
 build-armhf                                                  fail    
 build-i386                                                   pass    
 build-amd64-libvirt                                          pass    
 build-arm64-libvirt                                          pass    
 build-armhf-libvirt                                          blocked 
 build-i386-libvirt                                           pass    
 build-amd64-pvops                                            pass    
 build-arm64-pvops                                            pass    
 build-armhf-pvops                                            pass    
 build-i386-pvops                                             pass    
 test-amd64-amd64-xl                                          pass    
 test-amd64-coresched-amd64-xl                                pass    
 test-arm64-arm64-xl                                          pass    
 test-armhf-armhf-xl                                          blocked 
 test-amd64-amd64-libvirt-qemuu-debianhvm-amd64-xsm           pass    
 test-amd64-amd64-xl-qemut-stubdom-debianhvm-amd64-xsm        pass    
 test-amd64-amd64-xl-qemut-debianhvm-i386-xsm                 pass    
 test-amd64-amd64-xl-qemuu-debianhvm-i386-xsm                 pass    
 test-amd64-amd64-libvirt-xsm                                 pass    
 test-arm64-arm64-libvirt-xsm                                 pass    
 test-amd64-amd64-xl-xsm                                      pass    
 test-arm64-arm64-xl-xsm                                      pass    
 test-amd64-amd64-qemuu-nested-amd                            fail    
 test-amd64-amd64-xl-pvhv2-amd                                pass    
 test-amd64-amd64-dom0pvh-xl-amd                              pass    
 test-amd64-amd64-xl-qemut-debianhvm-amd64                    pass    
 test-amd64-amd64-xl-qemuu-debianhvm-amd64                    pass    
 test-amd64-amd64-qemuu-freebsd11-amd64                       pass    
 test-amd64-amd64-qemuu-freebsd12-amd64                       pass    
 test-amd64-amd64-xl-qemuu-ovmf-amd64                         pass    
 test-amd64-amd64-xl-qemut-win7-amd64                         fail    
 test-amd64-amd64-xl-qemuu-win7-amd64                         fail    
 test-amd64-amd64-xl-qemut-ws16-amd64                         fail    
 test-amd64-amd64-xl-qemuu-ws16-amd64                         fail    
 test-armhf-armhf-xl-arndale                                  blocked 
 test-amd64-amd64-examine-bios                                pass    
 test-amd64-amd64-xl-credit1                                  pass    
 test-arm64-arm64-xl-credit1                                  pass    
 test-armhf-armhf-xl-credit1                                  blocked 
 test-amd64-amd64-xl-credit2                                  pass    
 test-arm64-arm64-xl-credit2                                  pass    
 test-armhf-armhf-xl-credit2                                  blocked 
 test-amd64-amd64-xl-qemuu-dmrestrict-amd64-dmrestrict        pass    
 test-amd64-amd64-examine                                     pass    
 test-arm64-arm64-examine                                     pass    
 test-armhf-armhf-examine                                     blocked 
 test-amd64-amd64-qemuu-nested-intel                          pass    
 test-amd64-amd64-xl-pvhv2-intel                              pass    
 test-amd64-amd64-dom0pvh-xl-intel                            pass    
 test-amd64-amd64-libvirt                                     pass    
 test-armhf-armhf-libvirt                                     blocked 
 test-amd64-amd64-xl-multivcpu                                pass    
 test-armhf-armhf-xl-multivcpu                                blocked 
 test-amd64-amd64-pair                                        pass    
 test-amd64-amd64-libvirt-pair                                pass    
 test-amd64-amd64-xl-pvshim                                   pass    
 test-amd64-amd64-pygrub                                      pass    
 test-amd64-amd64-libvirt-qcow2                               pass    
 test-amd64-amd64-xl-qcow2                                    pass    
 test-armhf-armhf-xl-qcow2                                    blocked 
 test-amd64-amd64-libvirt-raw                                 pass    
 test-arm64-arm64-libvirt-raw                                 pass    
 test-amd64-amd64-xl-raw                                      pass    
 test-armhf-armhf-xl-raw                                      blocked 
 test-amd64-amd64-xl-rtds                                     pass    
 test-armhf-armhf-xl-rtds                                     blocked 
 test-amd64-amd64-xl-qemuu-debianhvm-amd64-shadow             pass    
 test-amd64-amd64-xl-shadow                                   pass    
 test-arm64-arm64-xl-thunderx                                 pass    
 test-amd64-amd64-examine-uefi                                pass    
 test-amd64-amd64-libvirt-vhd                                 pass    
 test-armhf-armhf-libvirt-vhd                                 blocked 
 test-amd64-amd64-xl-vhd                                      pass    
 test-arm64-arm64-xl-vhd                                      pass    


------------------------------------------------------------
sg-report-flight on osstest.test-lab.xenproject.org
logs: /home/logs/logs
images: /home/logs/images

Logs, config files, etc. are available at
    http://logs.test-lab.xenproject.org/osstest/logs

Explanation of these reports, and of osstest in general, is at
    http://xenbits.xen.org/gitweb/?p=osstest.git;a=blob;f=README.email;hb=master
    http://xenbits.xen.org/gitweb/?p=osstest.git;a=blob;f=README;hb=master

Test harness code can be found at
    http://xenbits.xen.org/gitweb?p=osstest.git;a=summary


Not pushing.

(No revision log; it would be 6620 lines long.)

Reply via email to