flight 187981 linux-linus real [real] http://logs.test-lab.xenproject.org/osstest/logs/187981/
Regressions :-( Tests which did not succeed and are blocking, including tests which could not be run: test-armhf-armhf-xl-raw <job status> broken test-armhf-armhf-xl-raw 5 host-install(5) broken REGR. vs. 187970 test-amd64-amd64-xl-qemut-debianhvm-i386-xsm 12 debian-hvm-install fail REGR. vs. 187970 Tests which did not succeed, but are not blocking: test-amd64-amd64-xl-qemut-win7-amd64 19 guest-stop fail like 187970 test-amd64-amd64-xl-qemuu-win7-amd64 19 guest-stop fail like 187970 test-amd64-amd64-xl-qemuu-ws16-amd64 19 guest-stop fail like 187970 test-armhf-armhf-libvirt 16 saverestore-support-check fail like 187970 test-amd64-amd64-xl-qemut-ws16-amd64 19 guest-stop fail like 187970 test-amd64-amd64-qemuu-nested-amd 20 debian-hvm-install/l1/l2 fail like 187970 test-amd64-amd64-libvirt-xsm 15 migrate-support-check fail never pass test-amd64-amd64-libvirt 15 migrate-support-check fail never pass test-arm64-arm64-xl-thunderx 15 migrate-support-check fail never pass test-arm64-arm64-xl-thunderx 16 saverestore-support-check fail never pass test-arm64-arm64-xl-xsm 15 migrate-support-check fail never pass test-arm64-arm64-xl-xsm 16 saverestore-support-check fail never pass test-arm64-arm64-xl 15 migrate-support-check fail never pass test-arm64-arm64-xl 16 saverestore-support-check fail never pass test-arm64-arm64-xl-credit2 15 migrate-support-check fail never pass test-arm64-arm64-xl-credit2 16 saverestore-support-check fail never pass test-arm64-arm64-xl-credit1 15 migrate-support-check fail never pass test-arm64-arm64-xl-credit1 16 saverestore-support-check fail never pass test-amd64-amd64-libvirt-qemuu-debianhvm-amd64-xsm 13 migrate-support-check fail never pass test-arm64-arm64-libvirt-xsm 15 migrate-support-check fail never pass test-arm64-arm64-libvirt-xsm 16 saverestore-support-check fail never pass test-armhf-armhf-xl-arndale 15 migrate-support-check fail never pass test-armhf-armhf-xl-arndale 16 saverestore-support-check fail never pass test-armhf-armhf-xl 15 migrate-support-check fail never pass test-armhf-armhf-xl 16 saverestore-support-check fail never pass test-armhf-armhf-xl-multivcpu 15 migrate-support-check fail never pass test-armhf-armhf-xl-multivcpu 16 saverestore-support-check fail never pass test-armhf-armhf-xl-rtds 15 migrate-support-check fail never pass test-armhf-armhf-xl-rtds 16 saverestore-support-check fail never pass test-amd64-amd64-libvirt-raw 14 migrate-support-check fail never pass test-amd64-amd64-libvirt-qcow2 14 migrate-support-check fail never pass test-amd64-amd64-libvirt-vhd 14 migrate-support-check fail never pass test-arm64-arm64-libvirt-raw 14 migrate-support-check fail never pass test-arm64-arm64-libvirt-raw 15 saverestore-support-check fail never pass test-armhf-armhf-xl-qcow2 14 migrate-support-check fail never pass test-armhf-armhf-xl-qcow2 15 saverestore-support-check fail never pass test-arm64-arm64-xl-vhd 14 migrate-support-check fail never pass test-arm64-arm64-xl-vhd 15 saverestore-support-check fail never pass test-armhf-armhf-xl-credit1 15 migrate-support-check fail never pass test-armhf-armhf-xl-credit1 16 saverestore-support-check fail never pass test-armhf-armhf-xl-credit2 15 migrate-support-check fail never pass test-armhf-armhf-xl-credit2 16 saverestore-support-check fail never pass test-armhf-armhf-libvirt 15 migrate-support-check fail never pass test-armhf-armhf-libvirt-vhd 14 migrate-support-check fail never pass test-armhf-armhf-libvirt-vhd 15 saverestore-support-check fail never pass version targeted for testing: linux 27cc6fdf720183dce1dbd293483ec5a9cb6b595e baseline version: linux 0c559323bbaabee7346c12e74b497e283aaafef5 Last test of basis 187970 2024-10-04 17:41:58 Z 1 days Testing same since 187981 2024-10-05 10:56:41 Z 0 days 1 attempts ------------------------------------------------------------ People who touched revisions under test: Abdul Rahim <[email protected]> Abhishek Tamboli <[email protected]> Ai Chao <[email protected]> Al Viro <[email protected]> Alessandro Zanni <[email protected]> Alex Deucher <[email protected]> Alex Hung <[email protected]> Alexandre Belloni <[email protected]> Alexandre Ghiti <[email protected]> Alexey Klimov <[email protected]> Alison Schofield <[email protected]> Andrei Simion <[email protected]> Ard Biesheuvel <[email protected]> Armin Wolf <[email protected]> Ashutosh Dixit <[email protected]> Aurabindo Pillai <[email protected]> Ba Jing <[email protected]> Baojun Xu <[email protected]> Bard Liao <[email protected]> Bartosz Golaszewski <[email protected]> Ben Hutchings <[email protected]> Benjamin Tissoires <[email protected]> Boris Brezillon <[email protected]> Catalin Marinas <[email protected]> Charlene Liu <[email protected]> Charles Han <[email protected]> Charles Keepax <[email protected]> Christian König <[email protected]> Christophe JAILLET <[email protected]> Chun-Yi Lee <[email protected]> Chun-Yi Lee <[email protected]> Dan Carpenter <[email protected]> Daniel Wheeler <[email protected]> Danilo Krummrich <[email protected]> Dave Airlie <[email protected]> David Arendt <[email protected]> David Lawrence Glanzman <[email protected]> David Sterba <[email protected]> Derek Foreman <[email protected]> Dmitry Baryshkov <[email protected]> Easwar Hariharan <[email protected]> Eder Zulian <[email protected]> Emanuele Ghidoli <[email protected]> Fangzhi Zuo <[email protected]> Filipe Manana <[email protected]> Gianfranco Trad <[email protected]> Guenter Roeck <[email protected]> Guixin Liu <[email protected]> Gustavo Sousa <[email protected]> Hans de Goede <[email protected]> Hans P. Moller <[email protected]> He Lugang <[email protected]> Heiko Stuebner <[email protected]> Hui Wang <[email protected]> Ilya Dryomov <[email protected]> Imre Deak <[email protected]> Jan Kara <[email protected]> Jan Lalinsky <[email protected]> Jani Nikula <[email protected]> Janne Grunau <[email protected]> Jaroslav Kysela <[email protected]> Jason A. Donenfeld <[email protected]> Javier Carrasco <[email protected]> Jens Axboe <[email protected]> Johannes Thumshirn <[email protected]> John Stultz <[email protected]> Joonas Lahtinen <[email protected]> Josef Bacik <[email protected]> Joseph Jang <[email protected]> José Roberto de Souza <[email protected]> Julia Lawall <[email protected]> Keerthy <[email protected]> Keith Busch <[email protected]> Kuninori Morimoto <[email protected]> Lad Prabhakar <[email protected]> Leo Li <[email protected]> Leo Martins <[email protected]> Lianqin Hu <[email protected]> Linus Torvalds <[email protected]> Liviu Dudau <[email protected]> Lizhi Xu <[email protected]> Lucas De Marchi <[email protected]> Maarten Lankhorst <[email protected]> Mark Brown <[email protected]> Mark Rutland <[email protected]> Masami Hiramatsu (Google) <[email protected]> Matt Roper <[email protected]> Matthew Auld <[email protected]> Matthew Brost <[email protected]> Maxime Ripard <[email protected]> Min-Hua Chen <[email protected]> Miquel Raynal <[email protected]> Miquel Sabaté Solà <[email protected]> Nikolai Afanasenkov <[email protected]> Nilay Shroff <[email protected]> Oder Chiou <[email protected]> Oldherl Oh <[email protected]> Pali Rohár <[email protected]> Palmer Dabbelt <[email protected]> Parth Pancholi <[email protected]> Patrick Donnelly <[email protected]> Paulo Alcantara (Red Hat) <[email protected]> Philipp Stanner <[email protected]> Pu Lehui <[email protected]> Qu Wenruo <[email protected]> Rafael J. Wysocki <[email protected]> Ricardo Rivera-Matos <[email protected]> Rob Clark <[email protected]> Rob Herring (Arm) <[email protected]> Rodrigo Vivi <[email protected]> Sami Tolvanen <[email protected]> Sebastian Andrzej Siewior <[email protected]> Shen Lichuan <[email protected]> Shengjiu Wang <[email protected]> Shuah Khan <[email protected]> Srinivas Pandruvada <[email protected]> Steve French <[email protected]> Steven Price <[email protected]> Steven Rostedt (Google) <[email protected]> Steven Rostedt <[email protected]> [email protected] [email protected] Takashi Iwai <[email protected]> Tang Bin <[email protected]> Thomas Gleixner <[email protected]> Thomas Zimmermann <[email protected]> Thorsten Blum <[email protected]> Tom Chung <[email protected]> Tomas Glozar <[email protected]> Tvrtko Ursulin <[email protected]> Uladzislau Rezki (Sony) <[email protected]> Uwe Kleine-König <[email protected]> Uwe Kleine-König <[email protected]> Vignesh Raghavendra <[email protected]> Vijendar Mukunda <[email protected]> Viresh Kumar <[email protected]> Vlastimil Babka <[email protected]> wangrong <[email protected]> Wei Li <[email protected]> Wolfram Sang <[email protected]> xiao sheng wen <[email protected]> Yi Zhang <[email protected]> Yifei Liu <[email protected]> Yihan Zhu <[email protected]> Yu Jiaoliang <[email protected]> Yun Lu <[email protected]> Zhanjun Dong <[email protected]> Zhao Mengmeng <[email protected]> jobs: build-amd64-xsm pass build-arm64-xsm pass build-i386-xsm pass build-amd64 pass build-arm64 pass build-armhf pass build-i386 pass build-amd64-libvirt pass build-arm64-libvirt pass build-armhf-libvirt pass build-i386-libvirt pass build-amd64-pvops pass build-arm64-pvops pass build-armhf-pvops pass build-i386-pvops pass test-amd64-amd64-xl pass test-amd64-coresched-amd64-xl pass test-arm64-arm64-xl pass test-armhf-armhf-xl pass test-amd64-amd64-libvirt-qemuu-debianhvm-amd64-xsm pass test-amd64-amd64-xl-qemut-stubdom-debianhvm-amd64-xsm pass test-amd64-amd64-xl-qemut-debianhvm-i386-xsm fail test-amd64-amd64-xl-qemuu-debianhvm-i386-xsm pass test-amd64-amd64-libvirt-xsm pass test-arm64-arm64-libvirt-xsm pass test-amd64-amd64-xl-xsm pass test-arm64-arm64-xl-xsm pass test-amd64-amd64-qemuu-nested-amd fail test-amd64-amd64-xl-pvhv2-amd pass test-amd64-amd64-dom0pvh-xl-amd pass test-amd64-amd64-xl-qemut-debianhvm-amd64 pass test-amd64-amd64-xl-qemuu-debianhvm-amd64 pass test-amd64-amd64-qemuu-freebsd11-amd64 pass test-amd64-amd64-qemuu-freebsd12-amd64 pass test-amd64-amd64-xl-qemuu-ovmf-amd64 pass test-amd64-amd64-xl-qemut-win7-amd64 fail test-amd64-amd64-xl-qemuu-win7-amd64 fail test-amd64-amd64-xl-qemut-ws16-amd64 fail test-amd64-amd64-xl-qemuu-ws16-amd64 fail test-armhf-armhf-xl-arndale pass test-amd64-amd64-examine-bios pass test-amd64-amd64-xl-credit1 pass test-arm64-arm64-xl-credit1 pass test-armhf-armhf-xl-credit1 pass test-amd64-amd64-xl-credit2 pass test-arm64-arm64-xl-credit2 pass test-armhf-armhf-xl-credit2 pass test-amd64-amd64-xl-qemuu-dmrestrict-amd64-dmrestrict pass test-amd64-amd64-examine pass test-arm64-arm64-examine pass test-armhf-armhf-examine pass test-amd64-amd64-qemuu-nested-intel pass test-amd64-amd64-xl-pvhv2-intel pass test-amd64-amd64-dom0pvh-xl-intel pass test-amd64-amd64-libvirt pass test-armhf-armhf-libvirt pass test-amd64-amd64-xl-multivcpu pass test-armhf-armhf-xl-multivcpu pass test-amd64-amd64-pair pass test-amd64-amd64-libvirt-pair pass test-amd64-amd64-xl-pvshim pass test-amd64-amd64-pygrub pass test-amd64-amd64-libvirt-qcow2 pass test-amd64-amd64-xl-qcow2 pass test-armhf-armhf-xl-qcow2 pass test-amd64-amd64-libvirt-raw pass test-arm64-arm64-libvirt-raw pass test-amd64-amd64-xl-raw pass test-armhf-armhf-xl-raw broken test-amd64-amd64-xl-rtds pass test-armhf-armhf-xl-rtds pass test-amd64-amd64-xl-qemuu-debianhvm-amd64-shadow pass test-amd64-amd64-xl-shadow pass test-arm64-arm64-xl-thunderx pass test-amd64-amd64-examine-uefi pass test-amd64-amd64-libvirt-vhd pass test-armhf-armhf-libvirt-vhd pass test-amd64-amd64-xl-vhd pass test-arm64-arm64-xl-vhd pass ------------------------------------------------------------ sg-report-flight on osstest.test-lab.xenproject.org logs: /home/logs/logs images: /home/logs/images Logs, config files, etc. are available at http://logs.test-lab.xenproject.org/osstest/logs Explanation of these reports, and of osstest in general, is at http://xenbits.xen.org/gitweb/?p=osstest.git;a=blob;f=README.email;hb=master http://xenbits.xen.org/gitweb/?p=osstest.git;a=blob;f=README;hb=master Test harness code can be found at http://xenbits.xen.org/gitweb?p=osstest.git;a=summary broken-job test-armhf-armhf-xl-raw broken broken-step test-armhf-armhf-xl-raw host-install(5) Not pushing. (No revision log; it would be 4857 lines long.)
