flight 187998 xen-unstable-smoke real [real] http://logs.test-lab.xenproject.org/osstest/logs/187998/
Failures :-/ but no regressions. Tests which did not succeed, but are not blocking: test-amd64-amd64-libvirt 15 migrate-support-check fail never pass test-arm64-arm64-xl-xsm 15 migrate-support-check fail never pass test-arm64-arm64-xl-xsm 16 saverestore-support-check fail never pass test-armhf-armhf-xl 15 migrate-support-check fail never pass test-armhf-armhf-xl 16 saverestore-support-check fail never pass version targeted for testing: xen 29555668b5725b9d5393b72bfe7ff9a3fa606714 baseline version: xen 6b20755c24ccd69d2482b45dfb9193940cdc346e Last test of basis 187975 2024-10-05 01:02:06 Z 2 days Testing same since 187998 2024-10-07 10:04:08 Z 0 days 1 attempts ------------------------------------------------------------ People who touched revisions under test: Andrew Cooper <[email protected]> Federico Serafini <[email protected]> Jan Beulich <[email protected]> Marek Marczykowski-Górecki <[email protected]> Roger Pau Monné <[email protected]> Stefano Stabellini <[email protected]> jobs: build-arm64-xsm pass build-amd64 pass build-armhf pass build-amd64-libvirt pass test-armhf-armhf-xl pass test-arm64-arm64-xl-xsm pass test-amd64-amd64-xl-qemuu-debianhvm-amd64 pass test-amd64-amd64-libvirt pass ------------------------------------------------------------ sg-report-flight on osstest.test-lab.xenproject.org logs: /home/logs/logs images: /home/logs/images Logs, config files, etc. are available at http://logs.test-lab.xenproject.org/osstest/logs Explanation of these reports, and of osstest in general, is at http://xenbits.xen.org/gitweb/?p=osstest.git;a=blob;f=README.email;hb=master http://xenbits.xen.org/gitweb/?p=osstest.git;a=blob;f=README;hb=master Test harness code can be found at http://xenbits.xen.org/gitweb?p=osstest.git;a=summary Pushing revision : To xenbits.xen.org:/home/xen/git/xen.git 6b20755c24..29555668b5 29555668b5725b9d5393b72bfe7ff9a3fa606714 -> smoke
