flight 188202 linux-linus real [real]
flight 188261 linux-linus real-retest [real]
http://logs.test-lab.xenproject.org/osstest/logs/188202/
http://logs.test-lab.xenproject.org/osstest/logs/188261/

Failures :-/ but no regressions.

Tests which are failing intermittently (not blocking):
 test-amd64-amd64-xl-pvhv2-amd 22 guest-start/debian.repeat fail pass in 
188261-retest
 test-amd64-amd64-libvirt-vhd 19 guest-start/debian.repeat fail pass in 
188261-retest

Tests which did not succeed, but are not blocking:
 test-amd64-amd64-xl-qemut-win7-amd64 19 guest-stop            fail like 188098
 test-amd64-amd64-xl-qemuu-win7-amd64 19 guest-stop            fail like 188098
 test-amd64-amd64-xl-qemuu-ws16-amd64 19 guest-stop            fail like 188098
 test-armhf-armhf-libvirt     16 saverestore-support-check    fail  like 188098
 test-amd64-amd64-xl-qemut-ws16-amd64 19 guest-stop            fail like 188098
 test-amd64-amd64-qemuu-nested-amd 20 debian-hvm-install/l1/l2 fail like 188098
 test-amd64-amd64-libvirt     15 migrate-support-check        fail   never pass
 test-amd64-amd64-libvirt-xsm 15 migrate-support-check        fail   never pass
 test-arm64-arm64-libvirt-xsm 15 migrate-support-check        fail   never pass
 test-arm64-arm64-libvirt-xsm 16 saverestore-support-check    fail   never pass
 test-arm64-arm64-xl-thunderx 15 migrate-support-check        fail   never pass
 test-arm64-arm64-xl-thunderx 16 saverestore-support-check    fail   never pass
 test-arm64-arm64-xl-credit2  15 migrate-support-check        fail   never pass
 test-arm64-arm64-xl-credit2  16 saverestore-support-check    fail   never pass
 test-arm64-arm64-xl          15 migrate-support-check        fail   never pass
 test-arm64-arm64-xl          16 saverestore-support-check    fail   never pass
 test-arm64-arm64-xl-credit1  15 migrate-support-check        fail   never pass
 test-arm64-arm64-xl-credit1  16 saverestore-support-check    fail   never pass
 test-arm64-arm64-xl-xsm      15 migrate-support-check        fail   never pass
 test-arm64-arm64-xl-xsm      16 saverestore-support-check    fail   never pass
 test-armhf-armhf-xl          15 migrate-support-check        fail   never pass
 test-armhf-armhf-xl          16 saverestore-support-check    fail   never pass
 test-amd64-amd64-libvirt-qcow2 14 migrate-support-check        fail never pass
 test-amd64-amd64-libvirt-qemuu-debianhvm-amd64-xsm 13 migrate-support-check 
fail never pass
 test-amd64-amd64-libvirt-raw 14 migrate-support-check        fail   never pass
 test-amd64-amd64-libvirt-vhd 14 migrate-support-check        fail   never pass
 test-arm64-arm64-libvirt-raw 14 migrate-support-check        fail   never pass
 test-arm64-arm64-libvirt-raw 15 saverestore-support-check    fail   never pass
 test-arm64-arm64-xl-vhd      14 migrate-support-check        fail   never pass
 test-arm64-arm64-xl-vhd      15 saverestore-support-check    fail   never pass
 test-armhf-armhf-xl-qcow2    14 migrate-support-check        fail   never pass
 test-armhf-armhf-xl-qcow2    15 saverestore-support-check    fail   never pass
 test-armhf-armhf-libvirt-vhd 14 migrate-support-check        fail   never pass
 test-armhf-armhf-libvirt-vhd 15 saverestore-support-check    fail   never pass
 test-armhf-armhf-xl-credit2  15 migrate-support-check        fail   never pass
 test-armhf-armhf-xl-credit2  16 saverestore-support-check    fail   never pass
 test-armhf-armhf-xl-arndale  15 migrate-support-check        fail   never pass
 test-armhf-armhf-xl-arndale  16 saverestore-support-check    fail   never pass
 test-armhf-armhf-xl-rtds     15 migrate-support-check        fail   never pass
 test-armhf-armhf-xl-rtds     16 saverestore-support-check    fail   never pass
 test-armhf-armhf-libvirt     15 migrate-support-check        fail   never pass
 test-armhf-armhf-xl-credit1  15 migrate-support-check        fail   never pass
 test-armhf-armhf-xl-credit1  16 saverestore-support-check    fail   never pass
 test-armhf-armhf-xl-multivcpu 15 migrate-support-check        fail  never pass
 test-armhf-armhf-xl-multivcpu 16 saverestore-support-check    fail  never pass
 test-armhf-armhf-xl-raw      14 migrate-support-check        fail   never pass
 test-armhf-armhf-xl-raw      15 saverestore-support-check    fail   never pass

version targeted for testing:
 linux                6efbea77b390604a7be7364583e19cd2d6a1291b
baseline version:
 linux                2f87d0916ce0d2925cedbc9e8f5d6291ba2ac7b2

Last test of basis   188098  2024-10-15 19:12:44 Z    2 days
Failing since        188132  2024-10-16 21:13:43 Z    1 days    3 attempts
Testing same since   188202  2024-10-17 21:42:51 Z    0 days    1 attempts

------------------------------------------------------------
People who touched revisions under test:
  Abhishek Mohapatra <[email protected]>
  Abhishek Mohapatra<[email protected]>
  Alessandro Zanni <[email protected]>
  Alexander Sverdlin <[email protected]>
  Alexander Zubkov <[email protected]>
  Andrew Lunn <[email protected]>
  Anton Protopopov <[email protected]>
  Anumula Murali Mohan Reddy <[email protected]>
  Arnd Bergmann <[email protected]>
  Atte Heikkilä <[email protected]>
  Baojun Xu <[email protected]>
  Bard Liao <[email protected]>
  Bart Van Assche <[email protected]>
  Bhargava Chenna Marreddy <[email protected]>
  Björn Töpel <[email protected]>
  Chandramohan Akula <[email protected]>
  Changhuang Liang <[email protected]>
  Christian Heusel <[email protected]>
  christoph.plattner <[email protected]>
  Christophe Leroy <[email protected]>
  Colin Ian King <[email protected]>
  Cosmin Ratiu <[email protected]>
  Cristian Marussi <[email protected]>
  Daniel Borkmann <[email protected]>
  Daniel Machon <[email protected]>
  David Sterba <[email protected]>
  David Vernet <[email protected]>
  Eric Dumazet <[email protected]>
  Felix Fietkau <[email protected]>
  Filipe Manana <[email protected]>
  Florian Fainelli <[email protected]>
  Florian Klink <[email protected]>
  Gavin Shan <[email protected]>
  Geert Uytterhoeven <[email protected]>
  Gregory CLEMENT <[email protected]>
  Hal Feng <[email protected]>
  Herbert Xu <[email protected]>
  Herve Codina <[email protected]>
  Honglei Wang <[email protected]>
  Jakub Kicinski <[email protected]>
  Jakub Sitnicki <[email protected]>
  Jason Gunthorpe <[email protected]>
  Jinjie Ruan <[email protected]>
  Joey Gouly <[email protected]>
  Josua Mayer <[email protected]>
  Julian Vetter <[email protected]>
  Justin Chen <[email protected]>
  Kai Shen <[email protected]>
  Kalesh AP <[email protected]>
  Karol Kosik <[email protected]>
  Kashyap Desai <[email protected]>
  Konstantin Ryabitsev <[email protected]>
  Krzysztof Kozlowski <[email protected]>
  Kuniyuki Iwashima <[email protected]>
  Leon Romanovsky <[email protected]>
  Li RongQing <[email protected]>
  Linus Torvalds <[email protected]>
  Linus Walleij <[email protected]>
  Maher Sanalla <[email protected]>
  Mark Brown <[email protected]>
  Mark Rutland <[email protected]>
  Markus Grabner <[email protected]>
  Matthieu Baerts (NGI0) <[email protected]>
  Murad Masimov <[email protected]>
  Namjae Jeon <[email protected]>
  Niklas Söderlund <[email protected]>
  Nikolay Nikolaev <[email protected]>
  Oleksij Rempel <[email protected]>
  Oliver Neukum <[email protected]>
  Paolo Abeni <[email protected]>
  Paritosh Dixit <[email protected]>
  Paul Barker <[email protected]>
  Pawel Dembicki <[email protected]>
  Peter Rashleigh <[email protected]>
  Philipp Zabel <[email protected]>
  Pierre-Louis Bossart <[email protected]>
  Potnuri Bharat Teja <[email protected]>
  Qianqiang Liu <[email protected]>
  Richard Cochran <[email protected]>
  Rob Herring (Arm) <[email protected]>
  Roi Martin <[email protected]>
  Sabrina Dubroca <[email protected]>
  Saravanan Vajravel <[email protected]>
  Selvin Xavier <[email protected]>
  Shay Drory <[email protected]>
  Shin'ichiro Kawasaki <[email protected]>
  Showrya M N <[email protected]>
  Steve French <[email protected]>
  Su Hui <[email protected]>
  Sudeep Holla <[email protected]>
  Takashi Iwai <[email protected]>
  Tariq Toukan <[email protected]>
  Tejun Heo <[email protected]>
  Vasiliy Kovalev <[email protected]>
  Vladimir Oltean <[email protected]>
  Wang Hai <[email protected]>
  Wei Fang <[email protected]>
  Will Deacon <[email protected]>
  Willem de Bruijn <[email protected]>
  Xin Long <[email protected]>
  Yan Zhen <[email protected]>
  Yevgeny Kliteynik <[email protected]>
  Zhu Jun <[email protected]>

jobs:
 build-amd64-xsm                                              pass    
 build-arm64-xsm                                              pass    
 build-i386-xsm                                               pass    
 build-amd64                                                  pass    
 build-arm64                                                  pass    
 build-armhf                                                  pass    
 build-i386                                                   pass    
 build-amd64-libvirt                                          pass    
 build-arm64-libvirt                                          pass    
 build-armhf-libvirt                                          pass    
 build-i386-libvirt                                           pass    
 build-amd64-pvops                                            pass    
 build-arm64-pvops                                            pass    
 build-armhf-pvops                                            pass    
 build-i386-pvops                                             pass    
 test-amd64-amd64-xl                                          pass    
 test-amd64-coresched-amd64-xl                                pass    
 test-arm64-arm64-xl                                          pass    
 test-armhf-armhf-xl                                          pass    
 test-amd64-amd64-libvirt-qemuu-debianhvm-amd64-xsm           pass    
 test-amd64-amd64-xl-qemut-stubdom-debianhvm-amd64-xsm        pass    
 test-amd64-amd64-xl-qemut-debianhvm-i386-xsm                 pass    
 test-amd64-amd64-xl-qemuu-debianhvm-i386-xsm                 pass    
 test-amd64-amd64-libvirt-xsm                                 pass    
 test-arm64-arm64-libvirt-xsm                                 pass    
 test-amd64-amd64-xl-xsm                                      pass    
 test-arm64-arm64-xl-xsm                                      pass    
 test-amd64-amd64-qemuu-nested-amd                            fail    
 test-amd64-amd64-xl-pvhv2-amd                                fail    
 test-amd64-amd64-dom0pvh-xl-amd                              pass    
 test-amd64-amd64-xl-qemut-debianhvm-amd64                    pass    
 test-amd64-amd64-xl-qemuu-debianhvm-amd64                    pass    
 test-amd64-amd64-qemuu-freebsd11-amd64                       pass    
 test-amd64-amd64-qemuu-freebsd12-amd64                       pass    
 test-amd64-amd64-xl-qemuu-ovmf-amd64                         pass    
 test-amd64-amd64-xl-qemut-win7-amd64                         fail    
 test-amd64-amd64-xl-qemuu-win7-amd64                         fail    
 test-amd64-amd64-xl-qemut-ws16-amd64                         fail    
 test-amd64-amd64-xl-qemuu-ws16-amd64                         fail    
 test-armhf-armhf-xl-arndale                                  pass    
 test-amd64-amd64-examine-bios                                pass    
 test-amd64-amd64-xl-credit1                                  pass    
 test-arm64-arm64-xl-credit1                                  pass    
 test-armhf-armhf-xl-credit1                                  pass    
 test-amd64-amd64-xl-credit2                                  pass    
 test-arm64-arm64-xl-credit2                                  pass    
 test-armhf-armhf-xl-credit2                                  pass    
 test-amd64-amd64-xl-qemuu-dmrestrict-amd64-dmrestrict        pass    
 test-amd64-amd64-examine                                     pass    
 test-arm64-arm64-examine                                     pass    
 test-armhf-armhf-examine                                     pass    
 test-amd64-amd64-qemuu-nested-intel                          pass    
 test-amd64-amd64-xl-pvhv2-intel                              pass    
 test-amd64-amd64-dom0pvh-xl-intel                            pass    
 test-amd64-amd64-libvirt                                     pass    
 test-armhf-armhf-libvirt                                     pass    
 test-amd64-amd64-xl-multivcpu                                pass    
 test-armhf-armhf-xl-multivcpu                                pass    
 test-amd64-amd64-pair                                        pass    
 test-amd64-amd64-libvirt-pair                                pass    
 test-amd64-amd64-xl-pvshim                                   pass    
 test-amd64-amd64-pygrub                                      pass    
 test-amd64-amd64-libvirt-qcow2                               pass    
 test-amd64-amd64-xl-qcow2                                    pass    
 test-armhf-armhf-xl-qcow2                                    pass    
 test-amd64-amd64-libvirt-raw                                 pass    
 test-arm64-arm64-libvirt-raw                                 pass    
 test-amd64-amd64-xl-raw                                      pass    
 test-armhf-armhf-xl-raw                                      pass    
 test-amd64-amd64-xl-rtds                                     pass    
 test-armhf-armhf-xl-rtds                                     pass    
 test-amd64-amd64-xl-qemuu-debianhvm-amd64-shadow             pass    
 test-amd64-amd64-xl-shadow                                   pass    
 test-arm64-arm64-xl-thunderx                                 pass    
 test-amd64-amd64-examine-uefi                                pass    
 test-amd64-amd64-libvirt-vhd                                 fail    
 test-armhf-armhf-libvirt-vhd                                 pass    
 test-amd64-amd64-xl-vhd                                      pass    
 test-arm64-arm64-xl-vhd                                      pass    


------------------------------------------------------------
sg-report-flight on osstest.test-lab.xenproject.org
logs: /home/logs/logs
images: /home/logs/images

Logs, config files, etc. are available at
    http://logs.test-lab.xenproject.org/osstest/logs

Explanation of these reports, and of osstest in general, is at
    http://xenbits.xen.org/gitweb/?p=osstest.git;a=blob;f=README.email;hb=master
    http://xenbits.xen.org/gitweb/?p=osstest.git;a=blob;f=README;hb=master

Test harness code can be found at
    http://xenbits.xen.org/gitweb?p=osstest.git;a=summary


Pushing revision :

hint: The 'hooks/update' hook was ignored because it's not set as executable.
hint: You can disable this warning with `git config advice.ignoredHook false`.
hint: The 'hooks/post-receive' hook was ignored because it's not set as 
executable.
hint: You can disable this warning with `git config advice.ignoredHook false`.
hint: The 'hooks/post-update' hook was ignored because it's not set as 
executable.
hint: You can disable this warning with `git config advice.ignoredHook false`.
To xenbits.xen.org:/home/xen/git/linux-pvops.git
   2f87d0916ce0..6efbea77b390  6efbea77b390604a7be7364583e19cd2d6a1291b -> 
tested/linux-linus

Reply via email to