flight 125845 libvirt real [real]
http://logs.test-lab.xenproject.org/osstest/logs/125845/

Regressions :-(

Tests which did not succeed and are blocking,
including tests which could not be run:
 build-arm64-xsm                 <job status>                 broken
 build-arm64-pvops               <job status>                 broken
 build-arm64                     <job status>                 broken
 build-i386-libvirt            6 libvirt-build            fail REGR. vs. 123814
 build-amd64-libvirt           6 libvirt-build            fail REGR. vs. 123814
 build-armhf-libvirt           6 libvirt-build            fail REGR. vs. 123814

Regressions which are regarded as allowable (not blocking):
 build-arm64-xsm               2 hosts-allocate         broken REGR. vs. 123814
 build-arm64                   2 hosts-allocate         broken REGR. vs. 123814
 build-arm64-pvops             2 hosts-allocate         broken REGR. vs. 123814

Tests which did not succeed, but are not blocking:
 test-amd64-amd64-libvirt-pair  1 build-check(1)               blocked  n/a
 test-armhf-armhf-libvirt-raw  1 build-check(1)               blocked  n/a
 build-arm64-libvirt           1 build-check(1)               blocked  n/a
 test-arm64-arm64-libvirt-xsm  1 build-check(1)               blocked  n/a
 test-arm64-arm64-libvirt      1 build-check(1)               blocked  n/a
 test-amd64-amd64-libvirt      1 build-check(1)               blocked  n/a
 test-amd64-amd64-libvirt-qemuu-debianhvm-amd64-xsm 1 build-check(1) blocked n/a
 test-armhf-armhf-libvirt      1 build-check(1)               blocked  n/a
 test-amd64-i386-libvirt-xsm   1 build-check(1)               blocked  n/a
 test-amd64-amd64-libvirt-vhd  1 build-check(1)               blocked  n/a
 test-arm64-arm64-libvirt-qcow2  1 build-check(1)               blocked  n/a
 test-amd64-i386-libvirt-qemuu-debianhvm-amd64-xsm 1 build-check(1) blocked n/a
 test-amd64-i386-libvirt       1 build-check(1)               blocked  n/a
 test-amd64-i386-libvirt-pair  1 build-check(1)               blocked  n/a
 test-amd64-amd64-libvirt-xsm  1 build-check(1)               blocked  n/a
 build-arm64                   3 capture-logs          broken blocked in 123814
 build-arm64-xsm               3 capture-logs          broken blocked in 123814
 build-arm64-pvops             3 capture-logs          broken blocked in 123814

version targeted for testing:
 libvirt              68dc579f438b35ff148e5617d48b1ae289391678
baseline version:
 libvirt              076a2b409667dd9f716a2a2085e1ffea9d58fe8b

Last test of basis   123814  2018-06-05 04:19:23 Z   67 days
Failing since        123840  2018-06-06 04:19:28 Z   66 days   51 attempts
Testing same since   125845  2018-08-10 13:55:41 Z    1 days    1 attempts

------------------------------------------------------------
People who touched revisions under test:
    Ales Musil <amu...@redhat.com>
  Andrea Bolognani <abolo...@redhat.com>
  Anya Harter <ahar...@redhat.com>
  Bjoern Walk <bw...@linux.ibm.com>
  Bobo Du <dubo...@126.com>
  Boris Fiuczynski <fiu...@linux.ibm.com>
  Brijesh Singh <brijesh.si...@amd.com>
  Changkuo Shi <shi.chang...@h3c.com>
  Chen Hanxiao <chenhanx...@gmail.com>
  Christian Ehrhardt <christian.ehrha...@canonical.com>
  Clementine Hayat <c...@lse.epita.fr>
  Cole Robinson <crobi...@redhat.com>
  Daniel Nicoletti <dantt...@gmail.com>
  Daniel P. Berrangé <berra...@redhat.com>
  Daniel Veillard <veill...@redhat.com>
  Eric Blake <ebl...@redhat.com>
  Erik Skultety <eskul...@redhat.com>
  Fabiano Fidêncio <fabi...@fidencio.org>
  Filip Alac <filipa...@gmail.com>
  Han Han <h...@redhat.com>
  intrigeri <intrigeri+libv...@boum.org>
  intrigeri <intrig...@boum.org>
  Jamie Strandboge <ja...@canonical.com>
  Jie Wang <wangjie88.huawei.com>
  Jim Fehlig <jfeh...@suse.com>
  Jiri Denemark <jdene...@redhat.com>
  John Ferlan <jfer...@redhat.com>
  Julio Faracco <jcfara...@gmail.com>
  Ján Tomko <jto...@redhat.com>
  Kashyap Chamarthy <kcham...@redhat.com>
  Katerina Koukiou <kkouk...@redhat.com>
  Laine Stump <la...@laine.org>
  Laszlo Ersek <ler...@redhat.com>
  Luyao Huang <lhu...@redhat.com>
  Marc Hartmayer <mhart...@linux.ibm.com>
  Marc Hartmayer <mhart...@linux.vnet.ibm.com>
  Marcos Paulo de Souza <marcos.souza....@gmail.com>
  Marek Marczykowski-Górecki <marma...@invisiblethingslab.com>
  Martin Kletzander <mklet...@redhat.com>
  Matthias Bolte <matthias.bo...@googlemail.com>
  Michal Privoznik <mpriv...@redhat.com>
  Michal Prívozník <mpriv...@redhat.com>
  Nikolay Shirokovskiy <nshirokovs...@virtuozzo.com>
  Pavel Hrdina <phrd...@redhat.com>
  Peter Krempa <pkre...@redhat.com>
  Pino Toscano <ptosc...@redhat.com>
  Radostin Stoyanov <rstoyan...@gmail.com>
  Ramy Elkest <ramyelk...@gmail.com>
  ramyelkest <ramyelk...@gmail.com>
  Richard W.M. Jones <rjo...@redhat.com>
  Roman Bogorodskiy <bogorods...@gmail.com>
  Shi Lei <shilei.massclo...@gmx.com>
  Shichangkuo <shi.chang...@h3c.com>
  Simon Kobyda <skob...@redhat.com>
  Stefan Bader <stefan.ba...@canonical.com>
  Stefan Berger <stef...@linux.vnet.ibm.com>
  Sukrit Bhatnagar <skrtbht...@gmail.com>
  Tomáš Golembiovský <tgole...@redhat.com>
  w00251574 <wangji...@huawei.com>
  Weilun Zhu <zhuwei...@huawei.com>

jobs:
 build-amd64-xsm                                              pass    
 build-arm64-xsm                                              broken  
 build-i386-xsm                                               pass    
 build-amd64                                                  pass    
 build-arm64                                                  broken  
 build-armhf                                                  pass    
 build-i386                                                   pass    
 build-amd64-libvirt                                          fail    
 build-arm64-libvirt                                          blocked 
 build-armhf-libvirt                                          fail    
 build-i386-libvirt                                           fail    
 build-amd64-pvops                                            pass    
 build-arm64-pvops                                            broken  
 build-armhf-pvops                                            pass    
 build-i386-pvops                                             pass    
 test-amd64-amd64-libvirt-qemuu-debianhvm-amd64-xsm           blocked 
 test-amd64-i386-libvirt-qemuu-debianhvm-amd64-xsm            blocked 
 test-amd64-amd64-libvirt-xsm                                 blocked 
 test-arm64-arm64-libvirt-xsm                                 blocked 
 test-amd64-i386-libvirt-xsm                                  blocked 
 test-amd64-amd64-libvirt                                     blocked 
 test-arm64-arm64-libvirt                                     blocked 
 test-armhf-armhf-libvirt                                     blocked 
 test-amd64-i386-libvirt                                      blocked 
 test-amd64-amd64-libvirt-pair                                blocked 
 test-amd64-i386-libvirt-pair                                 blocked 
 test-arm64-arm64-libvirt-qcow2                               blocked 
 test-armhf-armhf-libvirt-raw                                 blocked 
 test-amd64-amd64-libvirt-vhd                                 blocked 


------------------------------------------------------------
sg-report-flight on osstest.test-lab.xenproject.org
logs: /home/logs/logs
images: /home/logs/images

Logs, config files, etc. are available at
    http://logs.test-lab.xenproject.org/osstest/logs

Explanation of these reports, and of osstest in general, is at
    http://xenbits.xen.org/gitweb/?p=osstest.git;a=blob;f=README.email;hb=master
    http://xenbits.xen.org/gitweb/?p=osstest.git;a=blob;f=README;hb=master

Test harness code can be found at
    http://xenbits.xen.org/gitweb?p=osstest.git;a=summary

broken-job build-arm64-xsm broken
broken-job build-arm64-pvops broken
broken-job build-arm64 broken
broken-step build-arm64-xsm hosts-allocate
broken-step build-arm64 hosts-allocate
broken-step build-arm64-pvops hosts-allocate
broken-step build-arm64 capture-logs
broken-step build-arm64-xsm capture-logs
broken-step build-arm64-pvops capture-logs

Not pushing.

(No revision log; it would be 11658 lines long.)

_______________________________________________
Xen-devel mailing list
Xen-devel@lists.xenproject.org
https://lists.xenproject.org/mailman/listinfo/xen-devel

Reply via email to