flight 125868 xen-unstable-smoke real [real]
http://logs.test-lab.xenproject.org/osstest/logs/125868/

Failures and problems with tests :-(

Tests which did not succeed and are blocking,
including tests which could not be run:
 build-arm64-xsm                 <job status>                 broken

Regressions which are regarded as allowable (not blocking):
 build-arm64-xsm               2 hosts-allocate         broken REGR. vs. 125729

Tests which did not succeed, but are not blocking:
 test-arm64-arm64-xl-xsm       1 build-check(1)               blocked  n/a
 build-arm64-xsm               3 capture-logs          broken blocked in 125729
 test-amd64-amd64-libvirt     13 migrate-support-check        fail   never pass
 test-armhf-armhf-xl          13 migrate-support-check        fail   never pass
 test-armhf-armhf-xl          14 saverestore-support-check    fail   never pass

version targeted for testing:
 xen                  2a3b34ec47817048ab59586855cf0709fc77487e
baseline version:
 xen                  ed5f8d9ca47e69e30221c37ec812f2b38af19d83

Last test of basis   125729  2018-08-01 11:00:39 Z   10 days
Failing since        125741  2018-08-02 10:01:09 Z    9 days   46 attempts
Testing same since   125846  2018-08-10 14:00:58 Z    1 days   13 attempts

------------------------------------------------------------
People who touched revisions under test:
  Alexandru Isaila <aisa...@bitdefender.com>
  Andrew Cooper <andrew.coop...@citrix.com>
  Doug Goldstein <car...@cardoe.com>
  George Dunlap <george.dun...@citrix.com>
  Jan Beulich <jbeul...@suse.com>
  Julien Grall <julien.gr...@arm.com>
  Kevin Tian <kevin.t...@intel.com>
  Marek Marczykowski-Górecki <marma...@invisiblethingslab.com>
  Paul Durrant <paul.durr...@citrix.com>
  Razvan Cojocaru <rcojoc...@bitdefender.com>
  Roger Pau Monné <roger....@citrix.com>
  Stefano Stabellini <sstabell...@kernel.org>
  Wei Liu <wei.l...@citrix.com>

jobs:
 build-arm64-xsm                                              broken  
 build-amd64                                                  pass    
 build-armhf                                                  pass    
 build-amd64-libvirt                                          pass    
 test-armhf-armhf-xl                                          pass    
 test-arm64-arm64-xl-xsm                                      blocked 
 test-amd64-amd64-xl-qemuu-debianhvm-i386                     pass    
 test-amd64-amd64-libvirt                                     pass    


------------------------------------------------------------
sg-report-flight on osstest.test-lab.xenproject.org
logs: /home/logs/logs
images: /home/logs/images

Logs, config files, etc. are available at
    http://logs.test-lab.xenproject.org/osstest/logs

Explanation of these reports, and of osstest in general, is at
    http://xenbits.xen.org/gitweb/?p=osstest.git;a=blob;f=README.email;hb=master
    http://xenbits.xen.org/gitweb/?p=osstest.git;a=blob;f=README;hb=master

Test harness code can be found at
    http://xenbits.xen.org/gitweb?p=osstest.git;a=summary

broken-job build-arm64-xsm broken
broken-step build-arm64-xsm hosts-allocate
broken-step build-arm64-xsm capture-logs

Not pushing.

(No revision log; it would be 640 lines long.)

_______________________________________________
Xen-devel mailing list
Xen-devel@lists.xenproject.org
https://lists.xenproject.org/mailman/listinfo/xen-devel

Reply via email to