flight 126867 xen-unstable-smoke real [real] http://logs.test-lab.xenproject.org/osstest/logs/126867/
Failures :-/ but no regressions. Tests which did not succeed, but are not blocking: test-amd64-amd64-libvirt 13 migrate-support-check fail never pass test-armhf-armhf-xl 13 migrate-support-check fail never pass test-armhf-armhf-xl 14 saverestore-support-check fail never pass version targeted for testing: xen 566882ee4ec6d8c75c3f471b05baf65852516c45 baseline version: xen c416666181684a28d9f11989b8b7ef4dfe2ab78b Last test of basis 126858 2018-08-28 13:00:54 Z 0 days Testing same since 126867 2018-08-28 16:00:25 Z 0 days 1 attempts ------------------------------------------------------------ People who touched revisions under test: Andrew Cooper <[email protected]> Daniel De Graaf <[email protected]> Gopalasetty, Manoj <[email protected]> Jan Beulich <[email protected]> Julien Grall <[email protected]> Kevin Tian <[email protected]> Wei Liu <[email protected]> Zhenzhong Duan <[email protected]> jobs: build-amd64 pass build-armhf pass build-amd64-libvirt pass test-armhf-armhf-xl pass test-amd64-amd64-xl-qemuu-debianhvm-i386 pass test-amd64-amd64-libvirt pass ------------------------------------------------------------ sg-report-flight on osstest.test-lab.xenproject.org logs: /home/logs/logs images: /home/logs/images Logs, config files, etc. are available at http://logs.test-lab.xenproject.org/osstest/logs Explanation of these reports, and of osstest in general, is at http://xenbits.xen.org/gitweb/?p=osstest.git;a=blob;f=README.email;hb=master http://xenbits.xen.org/gitweb/?p=osstest.git;a=blob;f=README;hb=master Test harness code can be found at http://xenbits.xen.org/gitweb?p=osstest.git;a=summary Pushing revision : To xenbits.xen.org:/home/xen/git/xen.git c416666181..566882ee4e 566882ee4ec6d8c75c3f471b05baf65852516c45 -> smoke _______________________________________________ Xen-devel mailing list [email protected] https://lists.xenproject.org/mailman/listinfo/xen-devel
