This run is configured for baseline tests only.

flight 75570 qemu-mainline real [real]
http://osstest.xensource.com/osstest/logs/75570/

Regressions :-(

Tests which did not succeed and are blocking,
including tests which could not be run:
 build-armhf                   6 xen-build                 fail REGR. vs. 75564
 test-amd64-i386-xl-raw       10 debian-di-install         fail REGR. vs. 75564

Tests which did not succeed, but are not blocking:
 test-amd64-amd64-libvirt-vhd  1 build-check(1)               blocked  n/a
 test-armhf-armhf-xl-multivcpu  1 build-check(1)               blocked  n/a
 test-amd64-i386-libvirt-qemuu-debianhvm-amd64-xsm 1 build-check(1) blocked n/a
 test-armhf-armhf-xl-midway    1 build-check(1)               blocked  n/a
 test-armhf-armhf-libvirt      1 build-check(1)               blocked  n/a
 build-armhf-libvirt           1 build-check(1)               blocked  n/a
 test-amd64-amd64-libvirt-pair  1 build-check(1)               blocked  n/a
 test-amd64-i386-libvirt       1 build-check(1)               blocked  n/a
 test-armhf-armhf-libvirt-raw  1 build-check(1)               blocked  n/a
 test-amd64-i386-libvirt-xsm   1 build-check(1)               blocked  n/a
 test-armhf-armhf-xl           1 build-check(1)               blocked  n/a
 test-amd64-amd64-libvirt-xsm  1 build-check(1)               blocked  n/a
 test-amd64-amd64-libvirt      1 build-check(1)               blocked  n/a
 test-armhf-armhf-xl-vhd       1 build-check(1)               blocked  n/a
 test-armhf-armhf-xl-credit2   1 build-check(1)               blocked  n/a
 test-amd64-amd64-libvirt-qemuu-debianhvm-amd64-xsm 1 build-check(1) blocked n/a
 test-armhf-armhf-xl-rtds      1 build-check(1)               blocked  n/a
 test-amd64-i386-libvirt-pair  1 build-check(1)               blocked  n/a
 test-amd64-i386-xl-qemuu-win10-i386 17 guest-stop        fail blocked in 75564
 build-amd64-libvirt           6 libvirt-build                fail   like 75564
 test-amd64-i386-xl-qemuu-dmrestrict-amd64-dmrestrict 10 debian-hvm-install 
fail like 75564
 test-amd64-amd64-xl-qemuu-debianhvm-amd64 10 debian-hvm-install fail like 75564
 test-amd64-amd64-xl-qemuu-ovmf-amd64 10 debian-hvm-install     fail like 75564
 test-amd64-amd64-xl-qemuu-win10-i386 10 windows-install        fail like 75564
 test-amd64-amd64-xl-pvshim   12 guest-start                  fail   like 75564
 test-amd64-i386-xl-qemuu-debianhvm-amd64-xsm 10 debian-hvm-install fail like 
75564
 test-amd64-amd64-xl-qemuu-ws16-amd64 10 windows-install        fail like 75564
 test-amd64-amd64-xl-pvhv2-intel 12 guest-start                 fail like 75564
 test-amd64-amd64-qemuu-nested-intel 10 debian-hvm-install      fail like 75564
 build-i386-libvirt            6 libvirt-build                fail   like 75564
 test-amd64-i386-xl-qemuu-debianhvm-amd64-shadow 10 debian-hvm-install fail 
like 75564
 test-amd64-i386-xl-qemuu-win7-amd64 17 guest-stop              fail like 75564
 test-amd64-amd64-xl-qemuu-win7-amd64 17 guest-stop             fail like 75564
 test-amd64-i386-xl-pvshim    12 guest-start                  fail   never pass
 test-amd64-amd64-qemuu-nested-amd 17 debian-hvm-install/l1/l2  fail never pass
 test-amd64-i386-xl-qemuu-ws16-amd64 17 guest-stop              fail never pass

version targeted for testing:
 qemuu                7d56239f159afc2e7bd42623947e56ba48f37836
baseline version:
 qemuu                f96a3165ab1c36dbf4cb63e8761fa45457381aca

Last test of basis    75564  2018-11-02 23:49:22 Z    2 days
Testing same since    75570  2018-11-04 20:23:49 Z    0 days    1 attempts

------------------------------------------------------------
People who touched revisions under test:
  Alex Bennée <alex.ben...@linaro.org>
  Chai Wen <chai...@baidu.com>
  Dayeol Lee <day...@berkeley.edu>
  Dr. David Alan Gilbert <dgilb...@redhat.com>
  Edgar E. Iglesias <edgar.igles...@xilinx.com>
  Eric Auger <eric.au...@redhat.com>
  Guang Wang <wang.guan...@zte.com.cn>
  Jia Lina <jialin...@baidu.com>
  Julia Suvorova <jus...@mail.ru>
  Laurent Vivier <laur...@vivier.eu>
  Marc-André Lureau <marcandre.lur...@redhat.com>
  Markus Armbruster <arm...@redhat.com>
  Palmer Dabbelt <pal...@sifive.com>
  Peter Maydell <peter.mayd...@linaro.org>
  Philippe Mathieu-Daudé <phi...@redhat.com>
  Prasad J Pandit <p...@fedoraproject.org>
  Richard Henderson <richard.hender...@linaro.org>
  Shannon Zhao <shannon.zha...@gmail.com>
  Thomas Huth <th...@redhat.com>
  wangguang <wang.guan...@zte.com.cn>
  Zhang Chen <zhangc...@gmail.com>
  Zhang Yu <zhangy...@baidu.com>

jobs:
 build-amd64-xsm                                              pass    
 build-i386-xsm                                               pass    
 build-amd64                                                  pass    
 build-armhf                                                  fail    
 build-i386                                                   pass    
 build-amd64-libvirt                                          fail    
 build-armhf-libvirt                                          blocked 
 build-i386-libvirt                                           fail    
 build-amd64-pvops                                            pass    
 build-armhf-pvops                                            pass    
 build-i386-pvops                                             pass    
 test-amd64-amd64-xl                                          pass    
 test-armhf-armhf-xl                                          blocked 
 test-amd64-i386-xl                                           pass    
 test-amd64-amd64-libvirt-qemuu-debianhvm-amd64-xsm           blocked 
 test-amd64-i386-libvirt-qemuu-debianhvm-amd64-xsm            blocked 
 test-amd64-amd64-xl-qemuu-debianhvm-amd64-xsm                pass    
 test-amd64-i386-xl-qemuu-debianhvm-amd64-xsm                 fail    
 test-amd64-amd64-libvirt-xsm                                 blocked 
 test-amd64-i386-libvirt-xsm                                  blocked 
 test-amd64-amd64-xl-xsm                                      pass    
 test-amd64-i386-xl-xsm                                       pass    
 test-amd64-amd64-qemuu-nested-amd                            fail    
 test-amd64-amd64-xl-pvhv2-amd                                pass    
 test-amd64-i386-qemuu-rhel6hvm-amd                           pass    
 test-amd64-amd64-xl-qemuu-debianhvm-amd64                    fail    
 test-amd64-i386-xl-qemuu-debianhvm-amd64                     pass    
 test-amd64-i386-freebsd10-amd64                              pass    
 test-amd64-amd64-xl-qemuu-ovmf-amd64                         fail    
 test-amd64-i386-xl-qemuu-ovmf-amd64                          pass    
 test-amd64-amd64-xl-qemuu-win7-amd64                         fail    
 test-amd64-i386-xl-qemuu-win7-amd64                          fail    
 test-amd64-amd64-xl-qemuu-ws16-amd64                         fail    
 test-amd64-i386-xl-qemuu-ws16-amd64                          fail    
 test-amd64-amd64-xl-credit2                                  pass    
 test-armhf-armhf-xl-credit2                                  blocked 
 test-amd64-amd64-xl-qemuu-dmrestrict-amd64-dmrestrict        pass    
 test-amd64-i386-xl-qemuu-dmrestrict-amd64-dmrestrict         fail    
 test-amd64-i386-freebsd10-i386                               pass    
 test-amd64-amd64-xl-qemuu-win10-i386                         fail    
 test-amd64-i386-xl-qemuu-win10-i386                          fail    
 test-amd64-amd64-qemuu-nested-intel                          fail    
 test-amd64-amd64-xl-pvhv2-intel                              fail    
 test-amd64-i386-qemuu-rhel6hvm-intel                         pass    
 test-amd64-amd64-libvirt                                     blocked 
 test-armhf-armhf-libvirt                                     blocked 
 test-amd64-i386-libvirt                                      blocked 
 test-armhf-armhf-xl-midway                                   blocked 
 test-amd64-amd64-xl-multivcpu                                pass    
 test-armhf-armhf-xl-multivcpu                                blocked 
 test-amd64-amd64-pair                                        pass    
 test-amd64-i386-pair                                         pass    
 test-amd64-amd64-libvirt-pair                                blocked 
 test-amd64-i386-libvirt-pair                                 blocked 
 test-amd64-amd64-amd64-pvgrub                                pass    
 test-amd64-amd64-i386-pvgrub                                 pass    
 test-amd64-amd64-xl-pvshim                                   fail    
 test-amd64-i386-xl-pvshim                                    fail    
 test-amd64-amd64-pygrub                                      pass    
 test-amd64-amd64-xl-qcow2                                    pass    
 test-armhf-armhf-libvirt-raw                                 blocked 
 test-amd64-i386-xl-raw                                       fail    
 test-amd64-amd64-xl-rtds                                     pass    
 test-armhf-armhf-xl-rtds                                     blocked 
 test-amd64-amd64-xl-qemuu-debianhvm-amd64-shadow             pass    
 test-amd64-i386-xl-qemuu-debianhvm-amd64-shadow              fail    
 test-amd64-amd64-xl-shadow                                   pass    
 test-amd64-i386-xl-shadow                                    pass    
 test-amd64-amd64-libvirt-vhd                                 blocked 
 test-armhf-armhf-xl-vhd                                      blocked 


------------------------------------------------------------
sg-report-flight on osstest.xs.citrite.net
logs: /home/osstest/logs
images: /home/osstest/images

Logs, config files, etc. are available at
    http://osstest.xensource.com/osstest/logs

Test harness code can be found at
    http://xenbits.xensource.com/gitweb?p=osstest.git;a=summary


Push not applicable.

(No revision log; it would be 593 lines long.)

_______________________________________________
Xen-devel mailing list
Xen-devel@lists.xenproject.org
https://lists.xenproject.org/mailman/listinfo/xen-devel

Reply via email to