flight 131075 linux-4.14 real [real]
http://logs.test-lab.xenproject.org/osstest/logs/131075/
Regressions :-(
Tests which did not succeed and are blocking,
including tests which could not be run:
test-amd64-amd64-pygrub 7 xen-boot fail REGR. vs. 130155
build-armhf 6 xen-build fail REGR. vs. 130155
Tests which did not succeed, but are not blocking:
build-armhf-libvirt 1 build-check(1) blocked n/a
test-armhf-armhf-xl-credit2 1 build-check(1) blocked n/a
test-armhf-armhf-libvirt-raw 1 build-check(1) blocked n/a
test-armhf-armhf-xl-vhd 1 build-check(1) blocked n/a
test-armhf-armhf-xl-rtds 1 build-check(1) blocked n/a
test-armhf-armhf-xl-credit1 1 build-check(1) blocked n/a
test-armhf-armhf-xl-arndale 1 build-check(1) blocked n/a
test-armhf-armhf-xl-cubietruck 1 build-check(1) blocked n/a
test-armhf-armhf-libvirt 1 build-check(1) blocked n/a
test-armhf-armhf-examine 1 build-check(1) blocked n/a
test-armhf-armhf-xl 1 build-check(1) blocked n/a
test-armhf-armhf-xl-multivcpu 1 build-check(1) blocked n/a
test-amd64-amd64-libvirt-xsm 13 migrate-support-check fail never pass
test-amd64-amd64-libvirt 13 migrate-support-check fail never pass
test-amd64-i386-libvirt 13 migrate-support-check fail never pass
test-amd64-i386-libvirt-xsm 13 migrate-support-check fail never pass
test-amd64-amd64-libvirt-qemuu-debianhvm-amd64-xsm 11 migrate-support-check
fail never pass
test-amd64-i386-libvirt-qemuu-debianhvm-amd64-xsm 11 migrate-support-check
fail never pass
test-amd64-amd64-qemuu-nested-amd 17 debian-hvm-install/l1/l2 fail never pass
test-amd64-amd64-libvirt-vhd 12 migrate-support-check fail never pass
test-amd64-i386-xl-qemut-win7-amd64 17 guest-stop fail never pass
test-amd64-amd64-xl-qemuu-win7-amd64 17 guest-stop fail never pass
test-amd64-amd64-xl-qemuu-ws16-amd64 17 guest-stop fail never pass
test-amd64-i386-xl-qemuu-win7-amd64 17 guest-stop fail never pass
test-amd64-i386-xl-pvshim 12 guest-start fail never pass
test-amd64-amd64-xl-qemut-ws16-amd64 17 guest-stop fail never pass
test-amd64-amd64-xl-qemut-win7-amd64 17 guest-stop fail never pass
test-amd64-i386-xl-qemuu-ws16-amd64 17 guest-stop fail never pass
test-amd64-i386-xl-qemut-ws16-amd64 17 guest-stop fail never pass
test-amd64-i386-xl-qemut-win10-i386 10 windows-install fail never pass
test-amd64-amd64-xl-qemut-win10-i386 10 windows-install fail never pass
test-amd64-amd64-xl-qemuu-win10-i386 10 windows-install fail never pass
test-amd64-i386-xl-qemuu-win10-i386 10 windows-install fail never pass
version targeted for testing:
linux 7152401aeedd9685fcf1cb58138c868890d9164f
baseline version:
linux 2e390c487815669fb9bb35d7ea11883cc10a9b50
Last test of basis 130155 2018-11-15 23:53:54 Z 21 days
Failing since 130644 2018-11-21 08:41:02 Z 16 days 8 attempts
Testing same since 131075 2018-12-06 04:41:12 Z 1 days 1 attempts
------------------------------------------------------------
403 people touched revisions under test,
not listing them all
jobs:
build-amd64-xsm pass
build-i386-xsm pass
build-amd64 pass
build-armhf fail
build-i386 pass
build-amd64-libvirt pass
build-armhf-libvirt blocked
build-i386-libvirt pass
build-amd64-pvops pass
build-armhf-pvops pass
build-i386-pvops pass
build-amd64-rumprun pass
build-i386-rumprun pass
test-amd64-amd64-xl pass
test-armhf-armhf-xl blocked
test-amd64-i386-xl pass
test-amd64-amd64-xl-qemut-debianhvm-amd64-xsm pass
test-amd64-i386-xl-qemut-debianhvm-amd64-xsm pass
test-amd64-amd64-libvirt-qemuu-debianhvm-amd64-xsm pass
test-amd64-i386-libvirt-qemuu-debianhvm-amd64-xsm pass
test-amd64-amd64-xl-qemuu-debianhvm-amd64-xsm pass
test-amd64-i386-xl-qemuu-debianhvm-amd64-xsm pass
test-amd64-amd64-xl-qemut-stubdom-debianhvm-amd64-xsm pass
test-amd64-i386-xl-qemut-stubdom-debianhvm-amd64-xsm pass
test-amd64-amd64-libvirt-xsm pass
test-amd64-i386-libvirt-xsm pass
test-amd64-amd64-xl-xsm pass
test-amd64-i386-xl-xsm pass
test-amd64-amd64-qemuu-nested-amd fail
test-amd64-amd64-xl-pvhv2-amd pass
test-amd64-i386-qemut-rhel6hvm-amd pass
test-amd64-i386-qemuu-rhel6hvm-amd pass
test-amd64-amd64-xl-qemut-debianhvm-amd64 pass
test-amd64-i386-xl-qemut-debianhvm-amd64 pass
test-amd64-amd64-xl-qemuu-debianhvm-amd64 pass
test-amd64-i386-xl-qemuu-debianhvm-amd64 pass
test-amd64-i386-freebsd10-amd64 pass
test-amd64-amd64-xl-qemuu-ovmf-amd64 pass
test-amd64-i386-xl-qemuu-ovmf-amd64 pass
test-amd64-amd64-rumprun-amd64 pass
test-amd64-amd64-xl-qemut-win7-amd64 fail
test-amd64-i386-xl-qemut-win7-amd64 fail
test-amd64-amd64-xl-qemuu-win7-amd64 fail
test-amd64-i386-xl-qemuu-win7-amd64 fail
test-amd64-amd64-xl-qemut-ws16-amd64 fail
test-amd64-i386-xl-qemut-ws16-amd64 fail
test-amd64-amd64-xl-qemuu-ws16-amd64 fail
test-amd64-i386-xl-qemuu-ws16-amd64 fail
test-armhf-armhf-xl-arndale blocked
test-amd64-amd64-xl-credit1 pass
test-armhf-armhf-xl-credit1 blocked
test-amd64-amd64-xl-credit2 pass
test-armhf-armhf-xl-credit2 blocked
test-armhf-armhf-xl-cubietruck blocked
test-amd64-amd64-xl-qemuu-dmrestrict-amd64-dmrestrict pass
test-amd64-i386-xl-qemuu-dmrestrict-amd64-dmrestrict pass
test-amd64-amd64-examine pass
test-armhf-armhf-examine blocked
test-amd64-i386-examine pass
test-amd64-i386-freebsd10-i386 pass
test-amd64-i386-rumprun-i386 pass
test-amd64-amd64-xl-qemut-win10-i386 fail
test-amd64-i386-xl-qemut-win10-i386 fail
test-amd64-amd64-xl-qemuu-win10-i386 fail
test-amd64-i386-xl-qemuu-win10-i386 fail
test-amd64-amd64-qemuu-nested-intel pass
test-amd64-amd64-xl-pvhv2-intel pass
test-amd64-i386-qemut-rhel6hvm-intel pass
test-amd64-i386-qemuu-rhel6hvm-intel pass
test-amd64-amd64-libvirt pass
test-armhf-armhf-libvirt blocked
test-amd64-i386-libvirt pass
test-amd64-amd64-xl-multivcpu pass
test-armhf-armhf-xl-multivcpu blocked
test-amd64-amd64-pair pass
test-amd64-i386-pair pass
test-amd64-amd64-libvirt-pair pass
test-amd64-i386-libvirt-pair pass
test-amd64-amd64-amd64-pvgrub pass
test-amd64-amd64-i386-pvgrub pass
test-amd64-amd64-xl-pvshim pass
test-amd64-i386-xl-pvshim fail
test-amd64-amd64-pygrub fail
test-amd64-amd64-xl-qcow2 pass
test-armhf-armhf-libvirt-raw blocked
test-amd64-i386-xl-raw pass
test-amd64-amd64-xl-rtds pass
test-armhf-armhf-xl-rtds blocked
test-amd64-amd64-xl-qemuu-debianhvm-amd64-shadow pass
test-amd64-i386-xl-qemuu-debianhvm-amd64-shadow pass
test-amd64-amd64-xl-shadow pass
test-amd64-i386-xl-shadow pass
test-amd64-amd64-libvirt-vhd pass
test-armhf-armhf-xl-vhd blocked
------------------------------------------------------------
sg-report-flight on osstest.test-lab.xenproject.org
logs: /home/logs/logs
images: /home/logs/images
Logs, config files, etc. are available at
http://logs.test-lab.xenproject.org/osstest/logs
Explanation of these reports, and of osstest in general, is at
http://xenbits.xen.org/gitweb/?p=osstest.git;a=blob;f=README.email;hb=master
http://xenbits.xen.org/gitweb/?p=osstest.git;a=blob;f=README;hb=master
Test harness code can be found at
http://xenbits.xen.org/gitweb?p=osstest.git;a=summary
Not pushing.
(No revision log; it would be 14985 lines long.)
_______________________________________________
Xen-devel mailing list
[email protected]
https://lists.xenproject.org/mailman/listinfo/xen-devel