flight 131522 linux-4.14 real [real] http://logs.test-lab.xenproject.org/osstest/logs/131522/
Failures :-/ but no regressions. Tests which are failing intermittently (not blocking): test-amd64-amd64-pair 10 xen-boot/src_host fail in 131494 pass in 131522 test-armhf-armhf-xl-cubietruck 16 guest-start/debian.repeat fail in 131494 pass in 131522 test-amd64-i386-rumprun-i386 7 xen-boot fail pass in 131494 Tests which did not succeed, but are not blocking: test-amd64-i386-xl-pvshim 12 guest-start fail never pass test-amd64-amd64-libvirt 13 migrate-support-check fail never pass test-amd64-i386-libvirt-xsm 13 migrate-support-check fail never pass test-amd64-i386-libvirt 13 migrate-support-check fail never pass test-amd64-amd64-libvirt-xsm 13 migrate-support-check fail never pass test-amd64-i386-libvirt-qemuu-debianhvm-amd64-xsm 11 migrate-support-check fail never pass test-amd64-amd64-libvirt-qemuu-debianhvm-amd64-xsm 11 migrate-support-check fail never pass test-amd64-amd64-qemuu-nested-amd 17 debian-hvm-install/l1/l2 fail never pass test-amd64-amd64-libvirt-vhd 12 migrate-support-check fail never pass test-armhf-armhf-xl-credit2 13 migrate-support-check fail never pass test-armhf-armhf-xl-credit2 14 saverestore-support-check fail never pass test-armhf-armhf-xl-rtds 13 migrate-support-check fail never pass test-armhf-armhf-xl-rtds 14 saverestore-support-check fail never pass test-armhf-armhf-xl-multivcpu 13 migrate-support-check fail never pass test-armhf-armhf-xl-multivcpu 14 saverestore-support-check fail never pass test-armhf-armhf-libvirt 13 migrate-support-check fail never pass test-armhf-armhf-libvirt 14 saverestore-support-check fail never pass test-armhf-armhf-xl 13 migrate-support-check fail never pass test-armhf-armhf-xl 14 saverestore-support-check fail never pass test-armhf-armhf-xl-cubietruck 13 migrate-support-check fail never pass test-armhf-armhf-xl-cubietruck 14 saverestore-support-check fail never pass test-armhf-armhf-xl-credit1 13 migrate-support-check fail never pass test-armhf-armhf-xl-credit1 14 saverestore-support-check fail never pass test-amd64-i386-xl-qemut-win7-amd64 17 guest-stop fail never pass test-amd64-amd64-xl-qemuu-ws16-amd64 17 guest-stop fail never pass test-amd64-amd64-xl-qemuu-win7-amd64 17 guest-stop fail never pass test-amd64-i386-xl-qemuu-win7-amd64 17 guest-stop fail never pass test-amd64-amd64-xl-qemut-ws16-amd64 17 guest-stop fail never pass test-amd64-amd64-xl-qemut-win7-amd64 17 guest-stop fail never pass test-armhf-armhf-libvirt-raw 12 migrate-support-check fail never pass test-armhf-armhf-libvirt-raw 13 saverestore-support-check fail never pass test-armhf-armhf-xl-arndale 13 migrate-support-check fail never pass test-armhf-armhf-xl-arndale 14 saverestore-support-check fail never pass test-amd64-i386-xl-qemuu-ws16-amd64 17 guest-stop fail never pass test-amd64-i386-xl-qemut-ws16-amd64 17 guest-stop fail never pass test-armhf-armhf-xl-vhd 12 migrate-support-check fail never pass test-armhf-armhf-xl-vhd 13 saverestore-support-check fail never pass test-amd64-i386-xl-qemut-win10-i386 10 windows-install fail never pass test-amd64-amd64-xl-qemut-win10-i386 10 windows-install fail never pass test-amd64-amd64-xl-qemuu-win10-i386 10 windows-install fail never pass test-amd64-i386-xl-qemuu-win10-i386 10 windows-install fail never pass version targeted for testing: linux 592f5569e18471c07208f74540f4e0f646b226f7 baseline version: linux 3beeb2615681fe87f4e6291ade669d50c27ce59a Last test of basis 131427 2018-12-18 11:52:57 Z 5 days Testing same since 131494 2018-12-21 13:41:20 Z 2 days 2 attempts ------------------------------------------------------------ People who touched revisions under test: Aaro Koskinen <[email protected]> Adamski, Krzysztof (Nokia - PL/Wroclaw) <[email protected]> Adrian Hunter <[email protected]> Alek Du <[email protected]> Alex Deucher <[email protected]> Alexandre Belloni <[email protected]> Alexei Starovoitov <[email protected]> Alexey Khoroshilov <[email protected]> Anderson Luiz Alves <[email protected]> Andrea Arcangeli <[email protected]> Andrew Morton <[email protected]> Ard Biesheuvel <[email protected]> Arnd Bergmann <[email protected]> Ben Skeggs <[email protected]> Boqun Feng <[email protected]> Brian Norris <[email protected]> Calum Mackay <[email protected]> Catalin Marinas <[email protected]> Cathy Avery <[email protected]> Chad Austin <[email protected]> Chen-Yu Tsai <[email protected]> Chris Cole <[email protected]> Chris Wilson <[email protected]> Christoph Hellwig <[email protected]> Dan Carpenter <[email protected]> Daniel Borkmann <[email protected]> Dave Airlie <[email protected]> Dave Kleikamp <[email protected]> David Miller <[email protected]> David S. Miller <[email protected]> Dmitry Torokhov <[email protected]> Emmanuel Grumbach <[email protected]> Fred Herard <[email protected]> Greg Kroah-Hartman <[email protected]> Hans de Goede <[email protected]> Heiko Stuebner <[email protected]> Hugh Dickins <[email protected]> Ido Schimmel <[email protected]> Ilan Peer <[email protected]> Ingo Molnar <[email protected]> Israel Rukshin <[email protected]> Jay Vosburgh <[email protected]> Jeff Moyer <[email protected]> Jens Axboe <[email protected]> Jiri Kosina <[email protected]> Johannes Berg <[email protected]> Jonathan Toppins <[email protected]> Joonas Lahtinen <[email protected]> Jose Abreu <[email protected]> Jozsef Kadlecsik <[email protected]> Juha-Matti Tilli <[email protected]> Junwei Zhang <[email protected]> K. Y. Srinivasan <[email protected]> Krzysztof Adamski <[email protected]> Ladislav Michl <[email protected]> Linus Torvalds <[email protected]> Linus Walleij <[email protected]> Lubomir Rintel <[email protected]> Luca Coelho <[email protected]> Lyude Paul <[email protected]> Martin K. Petersen <[email protected]> Masahiro Yamada <[email protected]> Maxime Ripard <[email protected]> Meelis Roos <[email protected]> Michael Ellerman <[email protected]> Michael J. Ruhl <[email protected]> Michael S. Tsirkin <[email protected]> Mike Rapoport <[email protected]> Mike Snitzer <[email protected]> Miklos Szeredi <[email protected]> Nicolas Saenz Julienne <[email protected]> Nicolas Schichan <[email protected]> Olof Johansson <[email protected]> Pablo Neira Ayuso <[email protected]> Paul E. McKenney <[email protected]> Peter Xu <[email protected]> Peter Zijlstra (Intel) <[email protected]> Peter Zijlstra <[email protected]> Radu Rendec <[email protected]> Rob Clark <[email protected]> Robin Murphy <[email protected]> Russell King <[email protected]> Saeed Mahameed <[email protected]> Sam Bobroff <[email protected]> Santosh Shilimkar <[email protected]> Sasha Levin <[email protected]> Sean Paul <[email protected]> Sebastian Andrzej Siewior <[email protected]> Stefan Hajnoczi <[email protected]> Stephen Boyd <[email protected]> Steve French <[email protected]> Steven Rostedt (VMware) <[email protected]> Tariq Toukan <[email protected]> Teika Kazura <[email protected]> Thomas Gleixner <[email protected]> Toni Peltonen <[email protected]> Tony Lindgren <[email protected]> Trent Piepho <[email protected]> Trond Myklebust <[email protected]> Ulf Hansson <[email protected]> Vineet Gupta <[email protected]> Vitaly Kuznetsov <[email protected]> Vitor Soares <[email protected]> Vladimir Murzin <[email protected]> Waiman Long <[email protected]> Wen Yang <[email protected]> Will Deacon <[email protected]> Wolfram Sang <[email protected]> Yangtao Li <[email protected]> YiFei Zhu <[email protected]> Zhenzhong Duan <[email protected]> jobs: build-amd64-xsm pass build-i386-xsm pass build-amd64 pass build-armhf pass build-i386 pass build-amd64-libvirt pass build-armhf-libvirt pass build-i386-libvirt pass build-amd64-pvops pass build-armhf-pvops pass build-i386-pvops pass build-amd64-rumprun pass build-i386-rumprun pass test-amd64-amd64-xl pass test-armhf-armhf-xl pass test-amd64-i386-xl pass test-amd64-amd64-xl-qemut-debianhvm-amd64-xsm pass test-amd64-i386-xl-qemut-debianhvm-amd64-xsm pass test-amd64-amd64-libvirt-qemuu-debianhvm-amd64-xsm pass test-amd64-i386-libvirt-qemuu-debianhvm-amd64-xsm pass test-amd64-amd64-xl-qemuu-debianhvm-amd64-xsm pass test-amd64-i386-xl-qemuu-debianhvm-amd64-xsm pass test-amd64-amd64-xl-qemut-stubdom-debianhvm-amd64-xsm pass test-amd64-i386-xl-qemut-stubdom-debianhvm-amd64-xsm pass test-amd64-amd64-libvirt-xsm pass test-amd64-i386-libvirt-xsm pass test-amd64-amd64-xl-xsm pass test-amd64-i386-xl-xsm pass test-amd64-amd64-qemuu-nested-amd fail test-amd64-amd64-xl-pvhv2-amd pass test-amd64-i386-qemut-rhel6hvm-amd pass test-amd64-i386-qemuu-rhel6hvm-amd pass test-amd64-amd64-xl-qemut-debianhvm-amd64 pass test-amd64-i386-xl-qemut-debianhvm-amd64 pass test-amd64-amd64-xl-qemuu-debianhvm-amd64 pass test-amd64-i386-xl-qemuu-debianhvm-amd64 pass test-amd64-i386-freebsd10-amd64 pass test-amd64-amd64-xl-qemuu-ovmf-amd64 pass test-amd64-i386-xl-qemuu-ovmf-amd64 pass test-amd64-amd64-rumprun-amd64 pass test-amd64-amd64-xl-qemut-win7-amd64 fail test-amd64-i386-xl-qemut-win7-amd64 fail test-amd64-amd64-xl-qemuu-win7-amd64 fail test-amd64-i386-xl-qemuu-win7-amd64 fail test-amd64-amd64-xl-qemut-ws16-amd64 fail test-amd64-i386-xl-qemut-ws16-amd64 fail test-amd64-amd64-xl-qemuu-ws16-amd64 fail test-amd64-i386-xl-qemuu-ws16-amd64 fail test-armhf-armhf-xl-arndale pass test-amd64-amd64-xl-credit1 pass test-armhf-armhf-xl-credit1 pass test-amd64-amd64-xl-credit2 pass test-armhf-armhf-xl-credit2 pass test-armhf-armhf-xl-cubietruck pass test-amd64-amd64-xl-qemuu-dmrestrict-amd64-dmrestrict pass test-amd64-i386-xl-qemuu-dmrestrict-amd64-dmrestrict pass test-amd64-amd64-examine pass test-armhf-armhf-examine pass test-amd64-i386-examine pass test-amd64-i386-freebsd10-i386 pass test-amd64-i386-rumprun-i386 fail test-amd64-amd64-xl-qemut-win10-i386 fail test-amd64-i386-xl-qemut-win10-i386 fail test-amd64-amd64-xl-qemuu-win10-i386 fail test-amd64-i386-xl-qemuu-win10-i386 fail test-amd64-amd64-qemuu-nested-intel pass test-amd64-amd64-xl-pvhv2-intel pass test-amd64-i386-qemut-rhel6hvm-intel pass test-amd64-i386-qemuu-rhel6hvm-intel pass test-amd64-amd64-libvirt pass test-armhf-armhf-libvirt pass test-amd64-i386-libvirt pass test-amd64-amd64-xl-multivcpu pass test-armhf-armhf-xl-multivcpu pass test-amd64-amd64-pair pass test-amd64-i386-pair pass test-amd64-amd64-libvirt-pair pass test-amd64-i386-libvirt-pair pass test-amd64-amd64-amd64-pvgrub pass test-amd64-amd64-i386-pvgrub pass test-amd64-amd64-xl-pvshim pass test-amd64-i386-xl-pvshim fail test-amd64-amd64-pygrub pass test-amd64-amd64-xl-qcow2 pass test-armhf-armhf-libvirt-raw pass test-amd64-i386-xl-raw pass test-amd64-amd64-xl-rtds pass test-armhf-armhf-xl-rtds pass test-amd64-amd64-xl-qemuu-debianhvm-amd64-shadow pass test-amd64-i386-xl-qemuu-debianhvm-amd64-shadow pass test-amd64-amd64-xl-shadow pass test-amd64-i386-xl-shadow pass test-amd64-amd64-libvirt-vhd pass test-armhf-armhf-xl-vhd pass ------------------------------------------------------------ sg-report-flight on osstest.test-lab.xenproject.org logs: /home/logs/logs images: /home/logs/images Logs, config files, etc. are available at http://logs.test-lab.xenproject.org/osstest/logs Explanation of these reports, and of osstest in general, is at http://xenbits.xen.org/gitweb/?p=osstest.git;a=blob;f=README.email;hb=master http://xenbits.xen.org/gitweb/?p=osstest.git;a=blob;f=README;hb=master Test harness code can be found at http://xenbits.xen.org/gitweb?p=osstest.git;a=summary Pushing revision : To xenbits.xen.org:/home/xen/git/linux-pvops.git 3beeb2615681..592f5569e184 592f5569e18471c07208f74540f4e0f646b226f7 -> tested/linux-4.14 _______________________________________________ Xen-devel mailing list [email protected] https://lists.xenproject.org/mailman/listinfo/xen-devel
