flight 131876 freebsd-master real [real] http://logs.test-lab.xenproject.org/osstest/logs/131876/
Regressions :-( Tests which did not succeed and are blocking, including tests which could not be run: build-amd64-xen-freebsd 5 host-install(5) fail REGR. vs. 131783 build-amd64-freebsd-again 5 host-install(5) fail REGR. vs. 131783 version targeted for testing: freebsd 87ee73823609e3a2a692bc475424b75a234e5d05 baseline version: freebsd 2a52bc55467e95f92e1024cd558df3930df99594 Last test of basis 131783 2019-01-07 09:19:04 Z 2 days Testing same since 131876 2019-01-09 09:19:19 Z 0 days 1 attempts ------------------------------------------------------------ People who touched revisions under test: 0mp <0...@freebsd.org> cem <c...@freebsd.org> chuck <ch...@freebsd.org> cperciva <cperc...@freebsd.org> cy <c...@freebsd.org> delphij <delp...@freebsd.org> emaste <ema...@freebsd.org> glebius <gleb...@freebsd.org> ian <i...@freebsd.org> imp <i...@freebsd.org> jkim <j...@freebsd.org> kevans <kev...@freebsd.org> kib <k...@freebsd.org> markj <ma...@freebsd.org> pfg <p...@freebsd.org> pjd <p...@freebsd.org> shurd <sh...@freebsd.org> tuexen <tue...@freebsd.org> jobs: build-amd64-freebsd-again fail build-amd64-freebsd pass build-amd64-xen-freebsd fail ------------------------------------------------------------ sg-report-flight on osstest.test-lab.xenproject.org logs: /home/logs/logs images: /home/logs/images Logs, config files, etc. are available at http://logs.test-lab.xenproject.org/osstest/logs Explanation of these reports, and of osstest in general, is at http://xenbits.xen.org/gitweb/?p=osstest.git;a=blob;f=README.email;hb=master http://xenbits.xen.org/gitweb/?p=osstest.git;a=blob;f=README;hb=master Test harness code can be found at http://xenbits.xen.org/gitweb?p=osstest.git;a=summary Not pushing. (No revision log; it would be 369 lines long.) _______________________________________________ Xen-devel mailing list Xen-devel@lists.xenproject.org https://lists.xenproject.org/mailman/listinfo/xen-devel