flight 134468 linux-4.9 real [real]
http://logs.test-lab.xenproject.org/osstest/logs/134468/

Failures and problems with tests :-(

Tests which did not succeed and are blocking,
including tests which could not be run:
 build-arm64-pvops               <job status>                 broken
 build-arm64                     <job status>                 broken
 build-arm64-xsm                 <job status>                 broken
 build-arm64-xsm               4 host-install(4)        broken REGR. vs. 134015
 build-arm64                   4 host-install(4)        broken REGR. vs. 134015
 build-arm64-pvops             4 host-install(4)        broken REGR. vs. 134015

Tests which did not succeed, but are not blocking:
 build-arm64-libvirt           1 build-check(1)               blocked  n/a
 test-arm64-arm64-xl           1 build-check(1)               blocked  n/a
 test-arm64-arm64-xl-credit2   1 build-check(1)               blocked  n/a
 test-arm64-arm64-xl-credit1   1 build-check(1)               blocked  n/a
 test-arm64-arm64-xl-xsm       1 build-check(1)               blocked  n/a
 test-arm64-arm64-examine      1 build-check(1)               blocked  n/a
 test-arm64-arm64-libvirt-xsm  1 build-check(1)               blocked  n/a
 test-amd64-amd64-xl-qemut-win7-amd64 17 guest-stop            fail like 134015
 test-amd64-i386-xl-qemut-win7-amd64 17 guest-stop             fail like 134015
 test-amd64-amd64-xl-qemuu-win7-amd64 17 guest-stop            fail like 134015
 test-amd64-i386-xl-qemuu-win7-amd64 17 guest-stop             fail like 134015
 test-amd64-amd64-xl-qemuu-ws16-amd64 17 guest-stop            fail like 134015
 test-amd64-i386-xl-qemuu-dmrestrict-amd64-dmrestrict 10 debian-hvm-install 
fail never pass
 test-amd64-amd64-xl-qemuu-dmrestrict-amd64-dmrestrict 10 debian-hvm-install 
fail never pass
 test-amd64-amd64-xl-pvhv2-intel 12 guest-start                 fail never pass
 test-amd64-amd64-xl-pvhv2-amd 12 guest-start                  fail  never pass
 test-amd64-i386-xl-pvshim    12 guest-start                  fail   never pass
 test-amd64-i386-libvirt      13 migrate-support-check        fail   never pass
 test-amd64-amd64-libvirt     13 migrate-support-check        fail   never pass
 test-amd64-amd64-libvirt-xsm 13 migrate-support-check        fail   never pass
 test-amd64-i386-libvirt-xsm  13 migrate-support-check        fail   never pass
 test-amd64-i386-libvirt-qemuu-debianhvm-amd64-xsm 11 migrate-support-check 
fail never pass
 test-amd64-amd64-libvirt-qemuu-debianhvm-amd64-xsm 11 migrate-support-check 
fail never pass
 test-amd64-amd64-qemuu-nested-amd 17 debian-hvm-install/l1/l2  fail never pass
 test-amd64-amd64-libvirt-vhd 12 migrate-support-check        fail   never pass
 test-armhf-armhf-libvirt-raw 12 migrate-support-check        fail   never pass
 test-armhf-armhf-libvirt-raw 13 saverestore-support-check    fail   never pass
 test-armhf-armhf-libvirt     13 migrate-support-check        fail   never pass
 test-armhf-armhf-libvirt     14 saverestore-support-check    fail   never pass
 test-armhf-armhf-xl          13 migrate-support-check        fail   never pass
 test-armhf-armhf-xl          14 saverestore-support-check    fail   never pass
 test-armhf-armhf-xl-rtds     13 migrate-support-check        fail   never pass
 test-armhf-armhf-xl-rtds     14 saverestore-support-check    fail   never pass
 test-armhf-armhf-xl-credit2  13 migrate-support-check        fail   never pass
 test-armhf-armhf-xl-credit2  14 saverestore-support-check    fail   never pass
 test-armhf-armhf-xl-cubietruck 13 migrate-support-check        fail never pass
 test-armhf-armhf-xl-cubietruck 14 saverestore-support-check    fail never pass
 test-armhf-armhf-xl-multivcpu 13 migrate-support-check        fail  never pass
 test-armhf-armhf-xl-multivcpu 14 saverestore-support-check    fail  never pass
 test-amd64-amd64-xl-qemut-ws16-amd64 17 guest-stop             fail never pass
 test-amd64-i386-xl-qemut-ws16-amd64 17 guest-stop              fail never pass
 test-amd64-i386-xl-qemuu-ws16-amd64 17 guest-stop              fail never pass
 test-armhf-armhf-xl-arndale  13 migrate-support-check        fail   never pass
 test-armhf-armhf-xl-arndale  14 saverestore-support-check    fail   never pass
 test-armhf-armhf-xl-credit1  13 migrate-support-check        fail   never pass
 test-armhf-armhf-xl-credit1  14 saverestore-support-check    fail   never pass
 test-armhf-armhf-xl-vhd      12 migrate-support-check        fail   never pass
 test-armhf-armhf-xl-vhd      13 saverestore-support-check    fail   never pass
 test-amd64-amd64-xl-qemut-win10-i386 10 windows-install        fail never pass
 test-amd64-amd64-xl-qemuu-win10-i386 10 windows-install        fail never pass
 test-amd64-i386-xl-qemuu-win10-i386 10 windows-install         fail never pass
 test-amd64-i386-xl-qemut-win10-i386 10 windows-install         fail never pass

version targeted for testing:
 linux                e93d4749118fbb0ae8fc889706daa56d4dafecd4
baseline version:
 linux                1c453afcda4f68f634475f166418e937ac235200

Last test of basis   134015  2019-03-23 12:49:59 Z   15 days
Failing since        134117  2019-03-27 05:46:56 Z   11 days   10 attempts
Testing same since   134468  2019-04-06 03:02:17 Z    1 days    1 attempts

------------------------------------------------------------
People who touched revisions under test:
  Aaro Koskinen <[email protected]>
  Aaron Brown <[email protected]>
  Aditya Pakki <[email protected]>
  Adrian Hunter <[email protected]>
  Akinobu Mita <[email protected]>
  Al Viro <[email protected]>
  Alexandre Belloni <[email protected]>
  Alexei Avshalom Lazar <[email protected]>
  Alexey Khoroshilov <[email protected]>
  Anders Roxell <[email protected]>
  Andrea Righi <[email protected]>
  Andrea Righi <[email protected]>
  Andrew Morton <[email protected]>
  Andrey Konovalov <[email protected]>
  Andy Gross <[email protected]>
  Archer Yan <[email protected]>
  Ard Biesheuvel <[email protected]>
  Arnaldo Carvalho de Melo <[email protected]>
  Arnd Bergmann <[email protected]>
  Aurelien Aptel <[email protected]>
  Aurelien Jarno <[email protected]>
  Axel Lin <[email protected]>
  Baolin Wang <[email protected]>
  Bart Van Assche <[email protected]>
  Bartlomiej Zolnierkiewicz <[email protected]>
  Bartosz Golaszewski <[email protected]>
  Ben Dooks <[email protected]>
  Benjamin Block <[email protected]>
  Bhadram Varka <[email protected]>
  Bjorn Andersson <[email protected]>
  Bjorn Helgaas <[email protected]>
  Bjørn Mork <[email protected]>
  Borislav Petkov <[email protected]>
  Buland Singh <[email protected]>
  Carlos Maiolino <[email protected]>
  Catalin Marinas <[email protected]>
  Chen Jie <[email protected]>
  Christian Brauner <[email protected]>
  Christian Lamparter <[email protected]>
  Christoffer Dall <[email protected]>
  Christoph Paasch <[email protected]>
  Chunyan Zhang <[email protected]>
  Coly Li <[email protected]>
  Connor O'Brien <[email protected]>
  Daniel Borkmann <[email protected]>
  Daniel Thompson <[email protected]>
  Daniel Vetter <[email protected]>
  Daniel Vetter <[email protected]>
  David Rientjes <[email protected]>
  David S. Miller <[email protected]>
  David Sterba <[email protected]>
  David Tolnay <[email protected]>
  Dmitry Golovin <[email protected]>
  Douglas Anderson <[email protected]>
  Enric Balletbo i Serra <[email protected]>
  Eric Biggers <[email protected]>
  Eric Dumazet <[email protected]>
  Ezequiel Garcia <[email protected]>
  Fabrizio Castro <[email protected]>
  Felipe Balbi <[email protected]>
  Finn Thain <[email protected]>
  Florian Fainelli <[email protected]>
  Florian Westphal <[email protected]>
  George McCollister <[email protected]>
  George Rimar <[email protected]>
  Greg Kroah-Hartman <[email protected]>
  Grygorii Strashko <[email protected]>
  Guenter Roeck <[email protected]>
  Gustavo A. R. Silva <[email protected]>
  Hans de Goede <[email protected]>
  Hans Verkuil <[email protected]>
  Hans Verkuil <[email protected]>
  Herbert Xu <[email protected]>
  Hoan Nguyen An <[email protected]>
  Hong Liu <[email protected]>
  Hongyan Song <[email protected]>
  Hui Wang <[email protected]>
  Hussam Al-Tayeb <[email protected]>
  Håkon Bugge <[email protected]>
  Ian Abbott <[email protected]>
  Ilya Dryomov <[email protected]>
  Ingo Molnar <[email protected]>
  Ivan Vasilyev <[email protected]>
  Jacek Anaszewski <[email protected]>
  Jack Morgenstein <[email protected]>
  Jaegeuk Kim <[email protected]>
  Jakub Kicinski <[email protected]>
  James Bottomley <[email protected]>
  Jan Kara <[email protected]>
  Jason Cai (Xiang Feng) <[email protected]>
  Jason Cai (Xiang Feng) <[email protected]>
  Jason Gunthorpe <[email protected]>
  Jason Yan <[email protected]>
  Jeff Kirsher <[email protected]>
  Jens Axboe <[email protected]>
  Jeremy Compostella <[email protected]>
  Jia Guo <[email protected]>
  Jingoo Han <[email protected]>
  Jiri Kosina <[email protected]>
  Jiufei Xue <[email protected]>
  Joerg Roedel <[email protected]>
  Johan Hedberg <[email protected]>
  Johan Hovold <[email protected]>
  Johannes Berg <[email protected]>
  John Garry <[email protected]>
  John Stultz <[email protected]>
  Jon Hunter <[email protected]>
  Josef Bacik <[email protected]>
  Josh Poimboeuf <[email protected]>
  Julia Lawall <[email protected]>
  Jun Piao <[email protected]>
  Kalle Valo <[email protected]>
  Kangjie Lu <[email protected]>
  Kees Cook <[email protected]>
  kehuanlin <[email protected]>
  kehuanlin <[email protected]>
  Kohji Okuno <[email protected]>
  Konstantin Khlebnikov <[email protected]>
  Lanqing Liu <[email protected]>
  Lee Jones <[email protected]>
  Lin Yi <[email protected]>
  Linus Torvalds <[email protected]>
  Linus Walleij <[email protected]>
  Louis Taylor <[email protected]>
  Luc Van Oostenryck <[email protected]>
  Luca Coelho <[email protected]>
  Luis Chamberlain <[email protected]>
  Lukas Czerner <[email protected]>
  luojiajun <[email protected]>
  Malcolm Priestley <[email protected]>
  Manfred Schlaegl <[email protected]>
  Mans Rullgard <[email protected]>
  Marcel Holtmann <[email protected]>
  Mark Brown <[email protected]>
  Martin K. Petersen <[email protected]>
  Martin Kepplinger <[email protected]>
  Masahiro Yamada <[email protected]>
  Masami Hiramatsu <[email protected]>
  Mathias Nyman <[email protected]>
  Mathieu Malaterre <[email protected]>
  Mathieu Poirier <[email protected]>
  Mauro Carvalho Chehab <[email protected]>
  Maxime Chevallier <[email protected]>
  Maya Erez <[email protected]>
  Michael Ellerman <[email protected]>
  Michael W. Bringmann <[email protected]>
  Michal Kazior <[email protected]>
  Mike Snitzer <[email protected]>
  Myungho Jung <[email protected]>
  Nathan Chancellor <[email protected]>
  Nathan Fontenot <[email protected]>
  Naveen N. Rao <[email protected]>
  Neal Cardwell <[email protected]>
  NeilBrown <[email protected]>
  Nick Desaulniers <[email protected]>
  Nicolas Boichat <[email protected]>
  Nicolas Pitre <[email protected]>
  Olga Kornievskaia <[email protected]>
  Olof Johansson <[email protected]>
  Ondrej Mosnacek <[email protected]>
  Oscar Salvador <[email protected]>
  Pablo Neira Ayuso <[email protected]>
  Paolo Bonzini <[email protected]>
  Paul Burton <[email protected]>
  Paul Kocialkowski <[email protected]>
  Paul Moore <[email protected]>
  Pavel Shilovsky <[email protected]>
  Pawe? Chmiel <[email protected]>
  Peng Fan <[email protected]>
  Peter Chen <[email protected]>
  Peter Maydell <[email protected]>
  Peter Zijlstra (Intel) <[email protected]>
  Peter Zijlstra <[email protected]>
  Pierre-Louis Bossart <[email protected]>
  Qian Cai <[email protected]>
  Qiao Zhou <[email protected]>
  Radoslav Gerganov <[email protected]>
  Rafael Aquini <[email protected]>
  Rafael J. Wysocki <[email protected]>
  Rafael Ávila de Espíndola <[email protected]>
  Raju Rangoju <[email protected]>
  Ranjani Sridharan <[email protected]>
  Razvan Stefanescu <[email protected]>
  Richard Genoud <[email protected]>
  Robert Jarzmik <[email protected]>
  Roman Kiryanov <[email protected]>
  Russell King <[email protected]>
  Sahitya Tummala <[email protected]>
  Sai Prakash Ranjan <[email protected]>
  Sai Praneeth Prakhya <[email protected]>
  Sakari Ailus <[email protected]>
  Sara Sharon <[email protected]>
  Sasha Levin <[email protected]>
  Sean Christopherson <[email protected]>
  Sebastian Andrzej Siewior <[email protected]>
  Sebastian Reichel <[email protected]>
  Shawn Guo <[email protected]>
  Shunyong Yang <[email protected]>
  Shuriyc Chu <[email protected]>
  Song Hongyan <[email protected]>
  Spyridon Papageorgiou <[email protected]>
  Srinivas Pandruvada <[email protected]>
  Stanislaw Gruszka <[email protected]>
  Steffen Maier <[email protected]>
  Steve French <[email protected]>
  Steven Rostedt (VMware) <[email protected]>
  Suanming.Mou <[email protected]>
  Sumit Saxena <[email protected]>
  Takashi Iwai <[email protected]>
  Tetsuo Handa <[email protected]>
  Theodore Ts'o <[email protected]>
  Thierry Reding <[email protected]>
  Thierry Reding <[email protected]>
  Thomas Gleixner <[email protected]>
  Thomas Hellstrom <[email protected]>
  Thomas Richter <[email protected]>
  Thomas Zimmermann <[email protected]>
  Tianyu Lan <[email protected]>
  Timo Alho <[email protected]>
  Tony Jones <[email protected]>
  Tony Lindgren <[email protected]>
  Tri Vo <[email protected]>
  Trond Myklebust <[email protected]>
  Uladzislau Rezki (Sony) <[email protected]>
  Ulf Hansson <[email protected]>
  Ville Syrjälä <[email protected]>
  Vinod Koul <[email protected]>
  Vladimir Zapolskiy <[email protected]>
  Waiman Long <[email protected]>
  Wei Qiao <[email protected]>
  Wen Yang <[email protected]>
  Wen Yang <[email protected]>
  Wentao Wang <[email protected]>
  Will Deacon <[email protected]>
  Willem de Bruijn <[email protected]>
  Wolfram Sang <[email protected]>
  Xin Long <[email protected]>
  Yang Shi <[email protected]>
  Yao Liu <[email protected]>
  Yasha Cherikovsky <[email protected]>
  Yasushi Asano <[email protected]>
  Yifeng Li <[email protected]>
  Yoshihiro Shimoda <[email protected]>
  Yuchung Cheng <[email protected]>
  YueHaibing <[email protected]>
  zhangyi (F) <[email protected]>
  Zhiqiang Liu <[email protected]>
  Zumeng Chen <[email protected]>

jobs:
 build-amd64-xsm                                              pass    
 build-arm64-xsm                                              broken  
 build-i386-xsm                                               pass    
 build-amd64                                                  pass    
 build-arm64                                                  broken  
 build-armhf                                                  pass    
 build-i386                                                   pass    
 build-amd64-libvirt                                          pass    
 build-arm64-libvirt                                          blocked 
 build-armhf-libvirt                                          pass    
 build-i386-libvirt                                           pass    
 build-amd64-pvops                                            pass    
 build-arm64-pvops                                            broken  
 build-armhf-pvops                                            pass    
 build-i386-pvops                                             pass    
 build-amd64-rumprun                                          pass    
 build-i386-rumprun                                           pass    
 test-amd64-amd64-xl                                          pass    
 test-arm64-arm64-xl                                          blocked 
 test-armhf-armhf-xl                                          pass    
 test-amd64-i386-xl                                           pass    
 test-amd64-amd64-xl-qemut-debianhvm-amd64-xsm                pass    
 test-amd64-i386-xl-qemut-debianhvm-amd64-xsm                 pass    
 test-amd64-amd64-libvirt-qemuu-debianhvm-amd64-xsm           pass    
 test-amd64-i386-libvirt-qemuu-debianhvm-amd64-xsm            pass    
 test-amd64-amd64-xl-qemuu-debianhvm-amd64-xsm                pass    
 test-amd64-i386-xl-qemuu-debianhvm-amd64-xsm                 pass    
 test-amd64-amd64-xl-qemut-stubdom-debianhvm-amd64-xsm        pass    
 test-amd64-i386-xl-qemut-stubdom-debianhvm-amd64-xsm         pass    
 test-amd64-amd64-libvirt-xsm                                 pass    
 test-arm64-arm64-libvirt-xsm                                 blocked 
 test-amd64-i386-libvirt-xsm                                  pass    
 test-amd64-amd64-xl-xsm                                      pass    
 test-arm64-arm64-xl-xsm                                      blocked 
 test-amd64-i386-xl-xsm                                       pass    
 test-amd64-amd64-qemuu-nested-amd                            fail    
 test-amd64-amd64-xl-pvhv2-amd                                fail    
 test-amd64-i386-qemut-rhel6hvm-amd                           pass    
 test-amd64-i386-qemuu-rhel6hvm-amd                           pass    
 test-amd64-amd64-xl-qemut-debianhvm-amd64                    pass    
 test-amd64-i386-xl-qemut-debianhvm-amd64                     pass    
 test-amd64-amd64-xl-qemuu-debianhvm-amd64                    pass    
 test-amd64-i386-xl-qemuu-debianhvm-amd64                     pass    
 test-amd64-i386-freebsd10-amd64                              pass    
 test-amd64-amd64-xl-qemuu-ovmf-amd64                         pass    
 test-amd64-i386-xl-qemuu-ovmf-amd64                          pass    
 test-amd64-amd64-rumprun-amd64                               pass    
 test-amd64-amd64-xl-qemut-win7-amd64                         fail    
 test-amd64-i386-xl-qemut-win7-amd64                          fail    
 test-amd64-amd64-xl-qemuu-win7-amd64                         fail    
 test-amd64-i386-xl-qemuu-win7-amd64                          fail    
 test-amd64-amd64-xl-qemut-ws16-amd64                         fail    
 test-amd64-i386-xl-qemut-ws16-amd64                          fail    
 test-amd64-amd64-xl-qemuu-ws16-amd64                         fail    
 test-amd64-i386-xl-qemuu-ws16-amd64                          fail    
 test-armhf-armhf-xl-arndale                                  pass    
 test-amd64-amd64-xl-credit1                                  pass    
 test-arm64-arm64-xl-credit1                                  blocked 
 test-armhf-armhf-xl-credit1                                  pass    
 test-amd64-amd64-xl-credit2                                  pass    
 test-arm64-arm64-xl-credit2                                  blocked 
 test-armhf-armhf-xl-credit2                                  pass    
 test-armhf-armhf-xl-cubietruck                               pass    
 test-amd64-amd64-xl-qemuu-dmrestrict-amd64-dmrestrict        fail    
 test-amd64-i386-xl-qemuu-dmrestrict-amd64-dmrestrict         fail    
 test-amd64-amd64-examine                                     pass    
 test-arm64-arm64-examine                                     blocked 
 test-armhf-armhf-examine                                     pass    
 test-amd64-i386-examine                                      pass    
 test-amd64-i386-freebsd10-i386                               pass    
 test-amd64-i386-rumprun-i386                                 pass    
 test-amd64-amd64-xl-qemut-win10-i386                         fail    
 test-amd64-i386-xl-qemut-win10-i386                          fail    
 test-amd64-amd64-xl-qemuu-win10-i386                         fail    
 test-amd64-i386-xl-qemuu-win10-i386                          fail    
 test-amd64-amd64-qemuu-nested-intel                          pass    
 test-amd64-amd64-xl-pvhv2-intel                              fail    
 test-amd64-i386-qemut-rhel6hvm-intel                         pass    
 test-amd64-i386-qemuu-rhel6hvm-intel                         pass    
 test-amd64-amd64-libvirt                                     pass    
 test-armhf-armhf-libvirt                                     pass    
 test-amd64-i386-libvirt                                      pass    
 test-amd64-amd64-xl-multivcpu                                pass    
 test-armhf-armhf-xl-multivcpu                                pass    
 test-amd64-amd64-pair                                        pass    
 test-amd64-i386-pair                                         pass    
 test-amd64-amd64-libvirt-pair                                pass    
 test-amd64-i386-libvirt-pair                                 pass    
 test-amd64-amd64-amd64-pvgrub                                pass    
 test-amd64-amd64-i386-pvgrub                                 pass    
 test-amd64-amd64-xl-pvshim                                   pass    
 test-amd64-i386-xl-pvshim                                    fail    
 test-amd64-amd64-pygrub                                      pass    
 test-amd64-amd64-xl-qcow2                                    pass    
 test-armhf-armhf-libvirt-raw                                 pass    
 test-amd64-i386-xl-raw                                       pass    
 test-amd64-amd64-xl-rtds                                     pass    
 test-armhf-armhf-xl-rtds                                     pass    
 test-amd64-amd64-xl-qemuu-debianhvm-amd64-shadow             pass    
 test-amd64-i386-xl-qemuu-debianhvm-amd64-shadow              pass    
 test-amd64-amd64-xl-shadow                                   pass    
 test-amd64-i386-xl-shadow                                    pass    
 test-amd64-amd64-libvirt-vhd                                 pass    
 test-armhf-armhf-xl-vhd                                      pass    


------------------------------------------------------------
sg-report-flight on osstest.test-lab.xenproject.org
logs: /home/logs/logs
images: /home/logs/images

Logs, config files, etc. are available at
    http://logs.test-lab.xenproject.org/osstest/logs

Explanation of these reports, and of osstest in general, is at
    http://xenbits.xen.org/gitweb/?p=osstest.git;a=blob;f=README.email;hb=master
    http://xenbits.xen.org/gitweb/?p=osstest.git;a=blob;f=README;hb=master

Test harness code can be found at
    http://xenbits.xen.org/gitweb?p=osstest.git;a=summary

broken-job build-arm64-pvops broken
broken-job build-arm64 broken
broken-job build-arm64-xsm broken
broken-step build-arm64-xsm host-install(4)
broken-step build-arm64 host-install(4)
broken-step build-arm64-pvops host-install(4)

Not pushing.

(No revision log; it would be 6445 lines long.)

_______________________________________________
Xen-devel mailing list
[email protected]
https://lists.xenproject.org/mailman/listinfo/xen-devel

Reply via email to