flight 135232 xen-unstable-coverity real [real] http://logs.test-lab.xenproject.org/osstest/logs/135232/
Regressions :-( Tests which did not succeed and are blocking, including tests which could not be run: coverity-amd64 7 coverity-upload fail REGR. vs. 133615 version targeted for testing: xen cb70a26f78848fe45f593f7ebc9cfaac760a791b baseline version: xen eeb31ee522c7bb8541eb4c037be2c42bfcf0a3c3 Last test of basis 133615 2019-03-06 09:18:51 Z 49 days Failing since 133682 2019-03-10 09:18:29 Z 45 days 14 attempts Testing same since 134045 2019-03-24 09:18:44 Z 31 days 10 attempts ------------------------------------------------------------ People who touched revisions under test: Andrew Cooper <[email protected]> Andrii Anisov <[email protected]> Chao Gao <[email protected]> George Dunlap <[email protected]> Ian Jackson <[email protected]> Igor Druzhinin <[email protected]> Jan Beulich <[email protected] Jan Beulich <[email protected]> Juergen Gross <[email protected]> Julien Grall <[email protected]> Kevin Tian <[email protected]> Olaf Hering <[email protected]> Petre Pircalabu <[email protected]> Pritha Srivastava <[email protected]> Roger Pau Monné <[email protected]> Ronan Abhamon <[email protected]> Sergey Dyasli <[email protected]> Tamas K Lengyel <[email protected]> Tim Deegan <[email protected]> Wei Liu <[email protected]> jobs: coverity-amd64 fail ------------------------------------------------------------ sg-report-flight on osstest.test-lab.xenproject.org logs: /home/logs/logs images: /home/logs/images Logs, config files, etc. are available at http://logs.test-lab.xenproject.org/osstest/logs Explanation of these reports, and of osstest in general, is at http://xenbits.xen.org/gitweb/?p=osstest.git;a=blob;f=README.email;hb=master http://xenbits.xen.org/gitweb/?p=osstest.git;a=blob;f=README;hb=master Test harness code can be found at http://xenbits.xen.org/gitweb?p=osstest.git;a=summary Not pushing. (No revision log; it would be 1184 lines long.) _______________________________________________ Xen-devel mailing list [email protected] https://lists.xenproject.org/mailman/listinfo/xen-devel
