flight 138824 freebsd-master real [real]
http://logs.test-lab.xenproject.org/osstest/logs/138824/

Regressions :-(

Tests which did not succeed and are blocking,
including tests which could not be run:
 build-amd64-freebsd-again     5 host-install(5)          fail REGR. vs. 138540

version targeted for testing:
 freebsd              fca80533ae8f1eac79c39312bebc938d755808b9
baseline version:
 freebsd              14e63f898b16382f4577cfea211a7fb5ad7983e9

Last test of basis   138540  2019-06-26 09:23:06 Z   12 days
Failing since        138606  2019-06-28 09:19:28 Z   10 days    5 attempts
Testing same since   138824  2019-07-08 09:19:30 Z    0 days    1 attempts

------------------------------------------------------------
People who touched revisions under test:
  alc <[email protected]>
  arichardson <[email protected]>
  asomers <[email protected]>
  avg <[email protected]>
  bcran <[email protected]>
  bdrewery <[email protected]>
  br <[email protected]>
  cognet <[email protected]>
  cy <[email protected]>
  delphij <[email protected]>
  des <[email protected]>
  dim <[email protected]>
  dougm <[email protected]>
  emaste <[email protected]>
  fsu <[email protected]>
  ganbold <[email protected]>
  hselasky <[email protected]>
  ian <[email protected]>
  imp <[email protected]>
  jhb <[email protected]>
  kevans <[email protected]>
  kib <[email protected]>
  landonf <[email protected]>
  loos <[email protected]>
  luporl <[email protected]>
  lwhsu <[email protected]>
  manu <[email protected]>
  marcel <[email protected]>
  marius <[email protected]>
  markj <[email protected]>
  mav <[email protected]>
  mckusick <[email protected]>
  mhorne <[email protected]>
  mm <[email protected]>
  np <[email protected]>
  philip <[email protected]>
  rgrimes <[email protected]>
  rlibby <[email protected]>
  rmacklem <[email protected]>
  seanc <[email protected]>
  sjg <[email protected]>
  tijl <[email protected]>
  trasz <[email protected]>
  tsoome <[email protected]>
  vangyzen <[email protected]>
  vmaffione <[email protected]>
  wblock <[email protected]>
  zeising <[email protected]>

jobs:
 build-amd64-freebsd-again                                    fail    
 build-amd64-freebsd                                          pass    
 build-amd64-xen-freebsd                                      pass    


------------------------------------------------------------
sg-report-flight on osstest.test-lab.xenproject.org
logs: /home/logs/logs
images: /home/logs/images

Logs, config files, etc. are available at
    http://logs.test-lab.xenproject.org/osstest/logs

Explanation of these reports, and of osstest in general, is at
    http://xenbits.xen.org/gitweb/?p=osstest.git;a=blob;f=README.email;hb=master
    http://xenbits.xen.org/gitweb/?p=osstest.git;a=blob;f=README;hb=master

Test harness code can be found at
    http://xenbits.xen.org/gitweb?p=osstest.git;a=summary


Not pushing.

(No revision log; it would be 2734 lines long.)

_______________________________________________
Xen-devel mailing list
[email protected]
https://lists.xenproject.org/mailman/listinfo/xen-devel

Reply via email to