flight 138882 linux-4.4 real [real]
http://logs.test-lab.xenproject.org/osstest/logs/138882/

Regressions :-(

Tests which did not succeed and are blocking,
including tests which could not be run:
 test-armhf-armhf-libvirt-raw 10 debian-di-install        fail REGR. vs. 138573

Tests which did not succeed, but are not blocking:
 test-amd64-amd64-xl-qemuu-dmrestrict-amd64-dmrestrict 10 debian-hvm-install 
fail never pass
 test-amd64-amd64-libvirt-xsm 13 migrate-support-check        fail   never pass
 test-amd64-i386-xl-qemuu-dmrestrict-amd64-dmrestrict 10 debian-hvm-install 
fail never pass
 test-amd64-amd64-libvirt     13 migrate-support-check        fail   never pass
 test-amd64-amd64-xl-pvhv2-amd 12 guest-start                  fail  never pass
 test-amd64-i386-libvirt      13 migrate-support-check        fail   never pass
 test-arm64-arm64-xl-credit1   7 xen-boot                     fail   never pass
 test-amd64-i386-xl-pvshim    12 guest-start                  fail   never pass
 test-arm64-arm64-xl           7 xen-boot                     fail   never pass
 test-amd64-i386-libvirt-xsm  13 migrate-support-check        fail   never pass
 test-arm64-arm64-xl-xsm       7 xen-boot                     fail   never pass
 test-arm64-arm64-xl-seattle   7 xen-boot                     fail   never pass
 test-arm64-arm64-xl-credit2   7 xen-boot                     fail   never pass
 test-arm64-arm64-examine      8 reboot                       fail   never pass
 test-arm64-arm64-libvirt-xsm  7 xen-boot                     fail   never pass
 test-amd64-amd64-xl-pvhv2-intel 12 guest-start                 fail never pass
 test-arm64-arm64-xl-thunderx  7 xen-boot                     fail   never pass
 test-amd64-i386-libvirt-qemuu-debianhvm-amd64-xsm 11 migrate-support-check 
fail never pass
 test-amd64-amd64-libvirt-qemuu-debianhvm-amd64-xsm 11 migrate-support-check 
fail never pass
 test-amd64-amd64-libvirt-vhd 12 migrate-support-check        fail   never pass
 test-amd64-amd64-qemuu-nested-amd 17 debian-hvm-install/l1/l2  fail never pass
 test-armhf-armhf-xl-rtds     13 migrate-support-check        fail   never pass
 test-armhf-armhf-xl-rtds     14 saverestore-support-check    fail   never pass
 test-armhf-armhf-xl-arndale  13 migrate-support-check        fail   never pass
 test-armhf-armhf-xl-arndale  14 saverestore-support-check    fail   never pass
 test-armhf-armhf-xl-credit1  13 migrate-support-check        fail   never pass
 test-armhf-armhf-xl-credit1  14 saverestore-support-check    fail   never pass
 test-armhf-armhf-xl-multivcpu 13 migrate-support-check        fail  never pass
 test-armhf-armhf-xl-multivcpu 14 saverestore-support-check    fail  never pass
 test-amd64-i386-xl-qemuu-win7-amd64 17 guest-stop              fail never pass
 test-amd64-amd64-xl-qemuu-win7-amd64 17 guest-stop             fail never pass
 test-armhf-armhf-xl          13 migrate-support-check        fail   never pass
 test-armhf-armhf-xl          14 saverestore-support-check    fail   never pass
 test-armhf-armhf-libvirt     13 migrate-support-check        fail   never pass
 test-armhf-armhf-libvirt     14 saverestore-support-check    fail   never pass
 test-amd64-amd64-xl-qemut-win7-amd64 17 guest-stop             fail never pass
 test-armhf-armhf-xl-cubietruck 13 migrate-support-check        fail never pass
 test-armhf-armhf-xl-cubietruck 14 saverestore-support-check    fail never pass
 test-amd64-i386-xl-qemut-win7-amd64 17 guest-stop              fail never pass
 test-amd64-amd64-xl-qemut-ws16-amd64 17 guest-stop             fail never pass
 test-armhf-armhf-xl-vhd      12 migrate-support-check        fail   never pass
 test-armhf-armhf-xl-vhd      13 saverestore-support-check    fail   never pass
 test-armhf-armhf-xl-credit2  13 migrate-support-check        fail   never pass
 test-armhf-armhf-xl-credit2  14 saverestore-support-check    fail   never pass
 test-amd64-amd64-xl-qemuu-ws16-amd64 17 guest-stop             fail never pass
 test-amd64-i386-xl-qemuu-ws16-amd64 17 guest-stop              fail never pass
 test-amd64-i386-xl-qemut-ws16-amd64 17 guest-stop              fail never pass
 test-amd64-amd64-xl-qemut-win10-i386 10 windows-install        fail never pass
 test-amd64-i386-xl-qemuu-win10-i386 10 windows-install         fail never pass
 test-amd64-i386-xl-qemut-win10-i386 10 windows-install         fail never pass
 test-amd64-amd64-xl-qemuu-win10-i386 10 windows-install        fail never pass

version targeted for testing:
 linux                7bbf48947605d6ccef21a896c4b44dc356dc8726
baseline version:
 linux                72d1ee93e9311c88809585a114c138bc6a43627a

Last test of basis   138573  2019-06-27 00:40:41 Z   14 days
Testing same since   138882  2019-07-10 08:11:16 Z    1 days    1 attempts

------------------------------------------------------------
People who touched revisions under test:
  Adeodato Simó <[email protected]>
  Alejandro Jimenez <[email protected]>
  Alessio Balsini <[email protected]>
  Alexander Potapenko <[email protected]>
  Alexandra Winter <[email protected]>
  Alexandre Belloni <[email protected]>
  Andrew Morton <[email protected]>
  Andrey Smirnov <[email protected]>
  Arnaldo Carvalho de Melo <[email protected]>
  Arnd Bergmann <[email protected]>
  Avri Altman <[email protected]>
  Bean Huo <[email protected]>
  Catalin Marinas <[email protected]>
  Christoph Niedermaier <[email protected]>
  Colin Ian King <[email protected]>
  David S. Miller <[email protected]>
  David Sterba <[email protected]>
  Dennis Dalessandro <[email protected]>
  Dmitry Torokhov <[email protected]>
  Dominique Martinet <[email protected]>
  Don Brace <[email protected]>
  Eric Biggers <[email protected]>
  Fabio Estevam <[email protected]>
  Felipe Balbi <[email protected]>
  Filipe Manana <[email protected]>
  Geert Uytterhoeven <[email protected]>
  George G. Davis <[email protected]>
  Greg Kroah-Hartman <[email protected]>
  Guenter Roeck <[email protected]>
  Helge Deller <[email protected]>
  Herbert Xu <[email protected]>
  James Grant <[email protected]>
  Jan Kara <[email protected]>
  Jann Horn <[email protected]>
  Jason A. Donenfeld <[email protected]>
  Jason Gunthorpe <[email protected]>
  Jiri Pirko <[email protected]>
  Joakim Zhang <[email protected]>
  Johan Hedberg <[email protected]>
  Johannes Berg <[email protected]>
  John Johansen <[email protected]>
  Jon Maloy <[email protected]>
  Josh Elsasser <[email protected]>
  Josh Poimboeuf <[email protected]>
  Julian Wiedmann <[email protected]>
  Kees Cook <[email protected]>
  Konrad Rzeszutek Wilk <[email protected]>
  Lee Jones <[email protected]>
  Linus Torvalds <[email protected]>
  Manuel Lauss <[email protected]>
  Marc Kleine-Budde <[email protected]>
  Marcel Holtmann <[email protected]>
  Mark Brown <[email protected]>
  Martin K. Petersen <[email protected]>
  Masahiro Yamada <[email protected]>
  Matias Karhumaa <[email protected]>
  Matt Flax <[email protected]>
  Miguel Ojeda <[email protected]>
  Mike Marciniszyn <[email protected]>
  Miklos Szeredi <[email protected]>
  Naohiro Aota <[email protected]>
  Neil Horman <[email protected]>
  Nikolay Borisov <[email protected]>
  Oleg Nesterov <[email protected]>
  Paolo Bonzini <[email protected]>
  Paul Burton <[email protected]>
  Peter Chen <[email protected]>
  Ralf Baechle <[email protected]>
  Richard Weinberger <[email protected]>
  Robert Hancock <[email protected]>
  Robin Gong <[email protected]>
  Sasha Levin <[email protected]>
  Shawn Guo <[email protected]>
  Srivatsa S. Bhat (VMware) <[email protected]>
  Stephen Suryaputra <[email protected]>
  Steve French <[email protected]>
  Steven Rostedt (VMware) <[email protected]>
  Sven Van Asbroeck <[email protected]>
  Sylvain Lemieux <[email protected]>
  Sébastien Szymanski <[email protected]>
  Takashi Iwai <[email protected]>
  Takashi Sakamoto <[email protected]>
  Thierry Reding <[email protected]>
  Thomas Gleixner <[email protected]>
  Vineet Gupta <[email protected]>
  Vineet Gupta <[email protected]>    [arch/arc]
  Vineet Gupta <[email protected]>   [arch/arc]
  Vinod Koul <[email protected]>
  Vivek Goyal <[email protected]>
  Vladimir Davydov <[email protected]>
  Wanpeng Li <[email protected]>
  Will Deacon <[email protected]>
  Willem de Bruijn <[email protected]>
  Xin Long <[email protected]>
  Yonglong Liu <[email protected]>
  Young Xiao <[email protected]>
  Yu-Hsuan Hsu <[email protected]>
  YueHaibing <[email protected]>

jobs:
 build-amd64-xsm                                              pass    
 build-arm64-xsm                                              pass    
 build-i386-xsm                                               pass    
 build-amd64                                                  pass    
 build-arm64                                                  pass    
 build-armhf                                                  pass    
 build-i386                                                   pass    
 build-amd64-libvirt                                          pass    
 build-arm64-libvirt                                          pass    
 build-armhf-libvirt                                          pass    
 build-i386-libvirt                                           pass    
 build-amd64-pvops                                            pass    
 build-arm64-pvops                                            pass    
 build-armhf-pvops                                            pass    
 build-i386-pvops                                             pass    
 test-amd64-amd64-xl                                          pass    
 test-arm64-arm64-xl                                          fail    
 test-armhf-armhf-xl                                          pass    
 test-amd64-i386-xl                                           pass    
 test-amd64-amd64-libvirt-qemuu-debianhvm-amd64-xsm           pass    
 test-amd64-i386-libvirt-qemuu-debianhvm-amd64-xsm            pass    
 test-amd64-amd64-xl-qemut-stubdom-debianhvm-amd64-xsm        pass    
 test-amd64-i386-xl-qemut-stubdom-debianhvm-amd64-xsm         pass    
 test-amd64-amd64-xl-qemut-debianhvm-i386-xsm                 pass    
 test-amd64-i386-xl-qemut-debianhvm-i386-xsm                  pass    
 test-amd64-amd64-xl-qemuu-debianhvm-i386-xsm                 pass    
 test-amd64-i386-xl-qemuu-debianhvm-i386-xsm                  pass    
 test-amd64-amd64-libvirt-xsm                                 pass    
 test-arm64-arm64-libvirt-xsm                                 fail    
 test-amd64-i386-libvirt-xsm                                  pass    
 test-amd64-amd64-xl-xsm                                      pass    
 test-arm64-arm64-xl-xsm                                      fail    
 test-amd64-i386-xl-xsm                                       pass    
 test-amd64-amd64-qemuu-nested-amd                            fail    
 test-amd64-amd64-xl-pvhv2-amd                                fail    
 test-amd64-i386-qemut-rhel6hvm-amd                           pass    
 test-amd64-i386-qemuu-rhel6hvm-amd                           pass    
 test-amd64-amd64-xl-qemut-debianhvm-amd64                    pass    
 test-amd64-i386-xl-qemut-debianhvm-amd64                     pass    
 test-amd64-amd64-xl-qemuu-debianhvm-amd64                    pass    
 test-amd64-i386-xl-qemuu-debianhvm-amd64                     pass    
 test-amd64-i386-freebsd10-amd64                              pass    
 test-amd64-amd64-xl-qemuu-ovmf-amd64                         pass    
 test-amd64-i386-xl-qemuu-ovmf-amd64                          pass    
 test-amd64-amd64-xl-qemut-win7-amd64                         fail    
 test-amd64-i386-xl-qemut-win7-amd64                          fail    
 test-amd64-amd64-xl-qemuu-win7-amd64                         fail    
 test-amd64-i386-xl-qemuu-win7-amd64                          fail    
 test-amd64-amd64-xl-qemut-ws16-amd64                         fail    
 test-amd64-i386-xl-qemut-ws16-amd64                          fail    
 test-amd64-amd64-xl-qemuu-ws16-amd64                         fail    
 test-amd64-i386-xl-qemuu-ws16-amd64                          fail    
 test-armhf-armhf-xl-arndale                                  pass    
 test-amd64-amd64-xl-credit1                                  pass    
 test-arm64-arm64-xl-credit1                                  fail    
 test-armhf-armhf-xl-credit1                                  pass    
 test-amd64-amd64-xl-credit2                                  pass    
 test-arm64-arm64-xl-credit2                                  fail    
 test-armhf-armhf-xl-credit2                                  pass    
 test-armhf-armhf-xl-cubietruck                               pass    
 test-amd64-amd64-xl-qemuu-dmrestrict-amd64-dmrestrict        fail    
 test-amd64-i386-xl-qemuu-dmrestrict-amd64-dmrestrict         fail    
 test-amd64-amd64-examine                                     pass    
 test-arm64-arm64-examine                                     fail    
 test-armhf-armhf-examine                                     pass    
 test-amd64-i386-examine                                      pass    
 test-amd64-i386-freebsd10-i386                               pass    
 test-amd64-amd64-xl-qemut-win10-i386                         fail    
 test-amd64-i386-xl-qemut-win10-i386                          fail    
 test-amd64-amd64-xl-qemuu-win10-i386                         fail    
 test-amd64-i386-xl-qemuu-win10-i386                          fail    
 test-amd64-amd64-qemuu-nested-intel                          pass    
 test-amd64-amd64-xl-pvhv2-intel                              fail    
 test-amd64-i386-qemut-rhel6hvm-intel                         pass    
 test-amd64-i386-qemuu-rhel6hvm-intel                         pass    
 test-amd64-amd64-libvirt                                     pass    
 test-armhf-armhf-libvirt                                     pass    
 test-amd64-i386-libvirt                                      pass    
 test-amd64-amd64-xl-multivcpu                                pass    
 test-armhf-armhf-xl-multivcpu                                pass    
 test-amd64-amd64-pair                                        pass    
 test-amd64-i386-pair                                         pass    
 test-amd64-amd64-libvirt-pair                                pass    
 test-amd64-i386-libvirt-pair                                 pass    
 test-amd64-amd64-amd64-pvgrub                                pass    
 test-amd64-amd64-i386-pvgrub                                 pass    
 test-amd64-amd64-xl-pvshim                                   pass    
 test-amd64-i386-xl-pvshim                                    fail    
 test-amd64-amd64-pygrub                                      pass    
 test-amd64-amd64-xl-qcow2                                    pass    
 test-armhf-armhf-libvirt-raw                                 fail    
 test-amd64-i386-xl-raw                                       pass    
 test-amd64-amd64-xl-rtds                                     pass    
 test-armhf-armhf-xl-rtds                                     pass    
 test-arm64-arm64-xl-seattle                                  fail    
 test-amd64-amd64-xl-qemuu-debianhvm-amd64-shadow             pass    
 test-amd64-i386-xl-qemuu-debianhvm-amd64-shadow              pass    
 test-amd64-amd64-xl-shadow                                   pass    
 test-amd64-i386-xl-shadow                                    pass    
 test-arm64-arm64-xl-thunderx                                 fail    
 test-amd64-amd64-libvirt-vhd                                 pass    
 test-armhf-armhf-xl-vhd                                      pass    


------------------------------------------------------------
sg-report-flight on osstest.test-lab.xenproject.org
logs: /home/logs/logs
images: /home/logs/images

Logs, config files, etc. are available at
    http://logs.test-lab.xenproject.org/osstest/logs

Explanation of these reports, and of osstest in general, is at
    http://xenbits.xen.org/gitweb/?p=osstest.git;a=blob;f=README.email;hb=master
    http://xenbits.xen.org/gitweb/?p=osstest.git;a=blob;f=README;hb=master

Test harness code can be found at
    http://xenbits.xen.org/gitweb?p=osstest.git;a=summary


Not pushing.

(No revision log; it would be 2158 lines long.)

_______________________________________________
Xen-devel mailing list
[email protected]
https://lists.xenproject.org/mailman/listinfo/xen-devel

Reply via email to