flight 138885 linux-next real [real]
http://logs.test-lab.xenproject.org/osstest/logs/138885/
Regressions :-(
Tests which did not succeed and are blocking,
including tests which could not be run:
test-amd64-amd64-xl-qemut-win7-amd64 7 xen-boot fail REGR. vs. 138849
test-amd64-amd64-i386-pvgrub 7 xen-boot fail REGR. vs. 138849
test-amd64-i386-examine 8 reboot fail REGR. vs. 138849
test-amd64-i386-xl-qemuu-debianhvm-amd64 7 xen-boot fail REGR. vs. 138849
test-amd64-amd64-xl-qemut-ws16-amd64 7 xen-boot fail REGR. vs. 138849
test-amd64-i386-xl-qemuu-dmrestrict-amd64-dmrestrict 7 xen-boot fail REGR. vs.
138849
test-amd64-i386-xl 7 xen-boot fail REGR. vs. 138849
test-amd64-i386-xl-shadow 7 xen-boot fail REGR. vs. 138849
test-amd64-amd64-xl-qemuu-debianhvm-i386-xsm 7 xen-boot fail REGR. vs. 138849
test-amd64-amd64-xl-pvshim 7 xen-boot fail REGR. vs. 138849
test-amd64-amd64-libvirt 7 xen-boot fail REGR. vs. 138849
test-amd64-amd64-libvirt-qemuu-debianhvm-amd64-xsm 7 xen-boot fail REGR. vs.
138849
test-amd64-amd64-xl 7 xen-boot fail REGR. vs. 138849
test-amd64-amd64-amd64-pvgrub 7 xen-boot fail REGR. vs. 138849
test-amd64-i386-xl-raw 7 xen-boot fail REGR. vs. 138849
test-amd64-amd64-pair 10 xen-boot/src_host fail REGR. vs. 138849
test-amd64-amd64-pair 11 xen-boot/dst_host fail REGR. vs. 138849
test-amd64-i386-libvirt 7 xen-boot fail REGR. vs. 138849
test-amd64-amd64-xl-qemut-stubdom-debianhvm-amd64-xsm 7 xen-boot fail REGR.
vs. 138849
test-amd64-i386-xl-qemuu-win10-i386 7 xen-boot fail REGR. vs. 138849
test-amd64-i386-qemut-rhel6hvm-intel 7 xen-boot fail REGR. vs. 138849
test-amd64-i386-xl-xsm 7 xen-boot fail REGR. vs. 138849
test-amd64-i386-xl-qemut-win10-i386 7 xen-boot fail REGR. vs. 138849
test-amd64-amd64-xl-qemuu-debianhvm-amd64 7 xen-boot fail REGR. vs. 138849
test-amd64-amd64-xl-qemuu-debianhvm-amd64-shadow 7 xen-boot fail REGR. vs.
138849
test-amd64-amd64-xl-qcow2 7 xen-boot fail REGR. vs. 138849
test-amd64-i386-xl-qemut-stubdom-debianhvm-amd64-xsm 7 xen-boot fail REGR. vs.
138849
test-amd64-amd64-xl-credit1 7 xen-boot fail REGR. vs. 138849
test-amd64-amd64-xl-xsm 7 xen-boot fail REGR. vs. 138849
test-amd64-amd64-qemuu-nested-amd 7 xen-boot fail REGR. vs. 138849
test-amd64-amd64-libvirt-pair 10 xen-boot/src_host fail REGR. vs. 138849
test-amd64-amd64-libvirt-pair 11 xen-boot/dst_host fail REGR. vs. 138849
test-amd64-i386-libvirt-xsm 7 xen-boot fail REGR. vs. 138849
test-amd64-i386-qemut-rhel6hvm-amd 7 xen-boot fail REGR. vs. 138849
test-amd64-amd64-xl-shadow 7 xen-boot fail REGR. vs. 138849
test-amd64-amd64-xl-qemuu-ws16-amd64 7 xen-boot fail REGR. vs. 138849
test-amd64-i386-freebsd10-i386 7 xen-boot fail REGR. vs. 138849
test-amd64-amd64-xl-qemut-debianhvm-amd64 7 xen-boot fail REGR. vs. 138849
test-amd64-amd64-libvirt-xsm 7 xen-boot fail REGR. vs. 138849
test-amd64-i386-xl-qemuu-debianhvm-amd64-shadow 7 xen-boot fail REGR. vs.
138849
test-amd64-amd64-xl-qemut-debianhvm-i386-xsm 7 xen-boot fail REGR. vs. 138849
test-amd64-i386-pair 10 xen-boot/src_host fail REGR. vs. 138849
test-amd64-i386-pair 11 xen-boot/dst_host fail REGR. vs. 138849
test-amd64-amd64-pygrub 7 xen-boot fail REGR. vs. 138849
test-amd64-i386-libvirt-pair 10 xen-boot/src_host fail REGR. vs. 138849
test-amd64-i386-xl-qemut-ws16-amd64 7 xen-boot fail REGR. vs. 138849
test-amd64-i386-libvirt-pair 11 xen-boot/dst_host fail REGR. vs. 138849
test-amd64-i386-xl-qemuu-ws16-amd64 7 xen-boot fail REGR. vs. 138849
test-amd64-amd64-xl-credit2 7 xen-boot fail REGR. vs. 138849
test-amd64-i386-qemuu-rhel6hvm-intel 7 xen-boot fail REGR. vs. 138849
test-amd64-amd64-xl-multivcpu 7 xen-boot fail REGR. vs. 138849
test-amd64-amd64-libvirt-vhd 7 xen-boot fail REGR. vs. 138849
test-amd64-amd64-xl-qemut-win10-i386 7 xen-boot fail REGR. vs. 138849
test-amd64-i386-xl-qemut-debianhvm-i386-xsm 7 xen-boot fail REGR. vs. 138849
test-amd64-amd64-xl-pvhv2-intel 7 xen-boot fail REGR. vs. 138849
test-amd64-amd64-xl-pvhv2-amd 7 xen-boot fail REGR. vs. 138849
test-amd64-i386-libvirt-qemuu-debianhvm-amd64-xsm 7 xen-boot fail REGR. vs.
138849
test-amd64-i386-xl-pvshim 7 xen-boot fail REGR. vs. 138849
test-amd64-i386-xl-qemut-debianhvm-amd64 7 xen-boot fail REGR. vs. 138849
test-amd64-i386-xl-qemuu-debianhvm-i386-xsm 7 xen-boot fail REGR. vs. 138849
test-amd64-i386-xl-qemut-win7-amd64 7 xen-boot fail REGR. vs. 138849
test-amd64-amd64-xl-qemuu-win7-amd64 7 xen-boot fail REGR. vs. 138849
test-amd64-amd64-qemuu-nested-intel 7 xen-boot fail REGR. vs. 138849
test-amd64-amd64-xl-qemuu-dmrestrict-amd64-dmrestrict 7 xen-boot fail REGR.
vs. 138849
test-amd64-amd64-xl-qemuu-ovmf-amd64 7 xen-boot fail REGR. vs. 138849
test-amd64-amd64-xl-qemuu-win10-i386 7 xen-boot fail REGR. vs. 138849
test-amd64-i386-freebsd10-amd64 7 xen-boot fail REGR. vs. 138849
test-amd64-i386-xl-qemuu-win7-amd64 7 xen-boot fail REGR. vs. 138849
test-amd64-i386-qemuu-rhel6hvm-amd 7 xen-boot fail REGR. vs. 138849
test-amd64-i386-xl-qemuu-ovmf-amd64 7 xen-boot fail REGR. vs. 138849
test-arm64-arm64-examine 11 examine-serial/bootloader fail REGR. vs. 138849
test-arm64-arm64-libvirt-xsm 16 guest-start/debian.repeat fail REGR. vs. 138849
test-amd64-amd64-examine 8 reboot fail REGR. vs. 138849
Regressions which are regarded as allowable (not blocking):
test-amd64-amd64-xl-rtds 7 xen-boot fail REGR. vs. 138849
Tests which did not succeed, but are not blocking:
test-armhf-armhf-xl-arndale 1 build-check(1) blocked n/a
test-armhf-armhf-xl-credit1 1 build-check(1) blocked n/a
test-armhf-armhf-xl-vhd 1 build-check(1) blocked n/a
test-armhf-armhf-libvirt-raw 1 build-check(1) blocked n/a
test-armhf-armhf-libvirt 1 build-check(1) blocked n/a
test-armhf-armhf-xl-cubietruck 1 build-check(1) blocked n/a
test-armhf-armhf-xl-credit2 1 build-check(1) blocked n/a
test-armhf-armhf-xl-rtds 1 build-check(1) blocked n/a
test-armhf-armhf-xl-multivcpu 1 build-check(1) blocked n/a
test-armhf-armhf-examine 1 build-check(1) blocked n/a
test-armhf-armhf-xl 1 build-check(1) blocked n/a
build-armhf-pvops 6 kernel-build fail like 138849
test-arm64-arm64-xl-seattle 13 migrate-support-check fail never pass
test-arm64-arm64-xl-seattle 14 saverestore-support-check fail never pass
test-arm64-arm64-xl-credit1 13 migrate-support-check fail never pass
test-arm64-arm64-xl-credit1 14 saverestore-support-check fail never pass
test-arm64-arm64-xl 13 migrate-support-check fail never pass
test-arm64-arm64-xl 14 saverestore-support-check fail never pass
test-arm64-arm64-xl-xsm 13 migrate-support-check fail never pass
test-arm64-arm64-xl-xsm 14 saverestore-support-check fail never pass
test-arm64-arm64-libvirt-xsm 13 migrate-support-check fail never pass
test-arm64-arm64-libvirt-xsm 14 saverestore-support-check fail never pass
test-arm64-arm64-xl-thunderx 13 migrate-support-check fail never pass
test-arm64-arm64-xl-thunderx 14 saverestore-support-check fail never pass
test-arm64-arm64-xl-credit2 13 migrate-support-check fail never pass
test-arm64-arm64-xl-credit2 14 saverestore-support-check fail never pass
version targeted for testing:
linux 4608a726c66807c27bc7d91bdf8a288254e29985
baseline version:
linux 223cea6a4f0552b86fb25e3b8bbd00469816cd7a
Last test of basis (not found)
Failing since (not found)
Testing same since 138885 2019-07-10 09:19:12 Z 1 days 1 attempts
jobs:
build-amd64-xsm pass
build-arm64-xsm pass
build-i386-xsm pass
build-amd64 pass
build-arm64 pass
build-armhf pass
build-i386 pass
build-amd64-libvirt pass
build-arm64-libvirt pass
build-armhf-libvirt pass
build-i386-libvirt pass
build-amd64-pvops pass
build-arm64-pvops pass
build-armhf-pvops fail
build-i386-pvops pass
test-amd64-amd64-xl fail
test-arm64-arm64-xl pass
test-armhf-armhf-xl blocked
test-amd64-i386-xl fail
test-amd64-amd64-libvirt-qemuu-debianhvm-amd64-xsm fail
test-amd64-i386-libvirt-qemuu-debianhvm-amd64-xsm fail
test-amd64-amd64-xl-qemut-stubdom-debianhvm-amd64-xsm fail
test-amd64-i386-xl-qemut-stubdom-debianhvm-amd64-xsm fail
test-amd64-amd64-xl-qemut-debianhvm-i386-xsm fail
test-amd64-i386-xl-qemut-debianhvm-i386-xsm fail
test-amd64-amd64-xl-qemuu-debianhvm-i386-xsm fail
test-amd64-i386-xl-qemuu-debianhvm-i386-xsm fail
test-amd64-amd64-libvirt-xsm fail
test-arm64-arm64-libvirt-xsm fail
test-amd64-i386-libvirt-xsm fail
test-amd64-amd64-xl-xsm fail
test-arm64-arm64-xl-xsm pass
test-amd64-i386-xl-xsm fail
test-amd64-amd64-qemuu-nested-amd fail
test-amd64-amd64-xl-pvhv2-amd fail
test-amd64-i386-qemut-rhel6hvm-amd fail
test-amd64-i386-qemuu-rhel6hvm-amd fail
test-amd64-amd64-xl-qemut-debianhvm-amd64 fail
test-amd64-i386-xl-qemut-debianhvm-amd64 fail
test-amd64-amd64-xl-qemuu-debianhvm-amd64 fail
test-amd64-i386-xl-qemuu-debianhvm-amd64 fail
test-amd64-i386-freebsd10-amd64 fail
test-amd64-amd64-xl-qemuu-ovmf-amd64 fail
test-amd64-i386-xl-qemuu-ovmf-amd64 fail
test-amd64-amd64-xl-qemut-win7-amd64 fail
test-amd64-i386-xl-qemut-win7-amd64 fail
test-amd64-amd64-xl-qemuu-win7-amd64 fail
test-amd64-i386-xl-qemuu-win7-amd64 fail
test-amd64-amd64-xl-qemut-ws16-amd64 fail
test-amd64-i386-xl-qemut-ws16-amd64 fail
test-amd64-amd64-xl-qemuu-ws16-amd64 fail
test-amd64-i386-xl-qemuu-ws16-amd64 fail
test-armhf-armhf-xl-arndale blocked
test-amd64-amd64-xl-credit1 fail
test-arm64-arm64-xl-credit1 pass
test-armhf-armhf-xl-credit1 blocked
test-amd64-amd64-xl-credit2 fail
test-arm64-arm64-xl-credit2 pass
test-armhf-armhf-xl-credit2 blocked
test-armhf-armhf-xl-cubietruck blocked
test-amd64-amd64-xl-qemuu-dmrestrict-amd64-dmrestrict fail
test-amd64-i386-xl-qemuu-dmrestrict-amd64-dmrestrict fail
test-amd64-amd64-examine fail
test-arm64-arm64-examine pass
test-armhf-armhf-examine blocked
test-amd64-i386-examine fail
test-amd64-i386-freebsd10-i386 fail
test-amd64-amd64-xl-qemut-win10-i386 fail
test-amd64-i386-xl-qemut-win10-i386 fail
test-amd64-amd64-xl-qemuu-win10-i386 fail
test-amd64-i386-xl-qemuu-win10-i386 fail
test-amd64-amd64-qemuu-nested-intel fail
test-amd64-amd64-xl-pvhv2-intel fail
test-amd64-i386-qemut-rhel6hvm-intel fail
test-amd64-i386-qemuu-rhel6hvm-intel fail
test-amd64-amd64-libvirt fail
test-armhf-armhf-libvirt blocked
test-amd64-i386-libvirt fail
test-amd64-amd64-xl-multivcpu fail
test-armhf-armhf-xl-multivcpu blocked
test-amd64-amd64-pair fail
test-amd64-i386-pair fail
test-amd64-amd64-libvirt-pair fail
test-amd64-i386-libvirt-pair fail
test-amd64-amd64-amd64-pvgrub fail
test-amd64-amd64-i386-pvgrub fail
test-amd64-amd64-xl-pvshim fail
test-amd64-i386-xl-pvshim fail
test-amd64-amd64-pygrub fail
test-amd64-amd64-xl-qcow2 fail
test-armhf-armhf-libvirt-raw blocked
test-amd64-i386-xl-raw fail
test-amd64-amd64-xl-rtds fail
test-armhf-armhf-xl-rtds blocked
test-arm64-arm64-xl-seattle pass
test-amd64-amd64-xl-qemuu-debianhvm-amd64-shadow fail
test-amd64-i386-xl-qemuu-debianhvm-amd64-shadow fail
test-amd64-amd64-xl-shadow fail
test-amd64-i386-xl-shadow fail
test-arm64-arm64-xl-thunderx pass
test-amd64-amd64-libvirt-vhd fail
test-armhf-armhf-xl-vhd blocked
------------------------------------------------------------
sg-report-flight on osstest.test-lab.xenproject.org
logs: /home/logs/logs
images: /home/logs/images
Logs, config files, etc. are available at
http://logs.test-lab.xenproject.org/osstest/logs
Explanation of these reports, and of osstest in general, is at
http://xenbits.xen.org/gitweb/?p=osstest.git;a=blob;f=README.email;hb=master
http://xenbits.xen.org/gitweb/?p=osstest.git;a=blob;f=README;hb=master
Test harness code can be found at
http://xenbits.xen.org/gitweb?p=osstest.git;a=summary
Push not applicable.
_______________________________________________
Xen-devel mailing list
[email protected]
https://lists.xenproject.org/mailman/listinfo/xen-devel