flight 140131 linux-4.4 real [real]
http://logs.test-lab.xenproject.org/osstest/logs/140131/

Regressions :-(

Tests which did not succeed and are blocking,
including tests which could not be run:
 test-arm64-arm64-xl-credit2     <job status>                 broken
 build-amd64-xsm               6 xen-build                fail REGR. vs. 139698
 test-amd64-amd64-xl-pvshim 20 guest-start/debian.repeat fail in 140072 REGR. 
vs. 139698

Tests which are failing intermittently (not blocking):
 test-arm64-arm64-xl-credit2   4 host-install(4)          broken pass in 140097
 test-armhf-armhf-libvirt-raw 10 debian-di-install fail in 140072 pass in 140131
 test-armhf-armhf-xl-vhd     10 debian-di-install fail in 140072 pass in 140131
 test-amd64-amd64-xl-pvshim   12 guest-start      fail in 140097 pass in 140131
 test-armhf-armhf-libvirt 16 guest-start/debian.repeat fail in 140097 pass in 
140131
 test-amd64-amd64-xl-pvshim   17 guest-saverestore.2        fail pass in 140072

Tests which did not succeed, but are not blocking:
 test-amd64-amd64-xl-qemuu-debianhvm-i386-xsm  1 build-check(1)     blocked n/a
 test-amd64-amd64-xl-qemut-stubdom-debianhvm-amd64-xsm 1 build-check(1) blocked 
n/a
 test-amd64-i386-xl-qemut-stubdom-debianhvm-amd64-xsm 1 build-check(1) blocked 
n/a
 test-amd64-amd64-xl-qemut-debianhvm-i386-xsm  1 build-check(1)     blocked n/a
 test-amd64-amd64-libvirt-qemuu-debianhvm-amd64-xsm 1 build-check(1) blocked n/a
 test-amd64-i386-xl-xsm        1 build-check(1)               blocked  n/a
 test-amd64-amd64-libvirt-xsm  1 build-check(1)               blocked  n/a
 test-amd64-i386-libvirt-qemuu-debianhvm-amd64-xsm 1 build-check(1) blocked n/a
 test-amd64-i386-xl-qemut-debianhvm-i386-xsm  1 build-check(1)      blocked n/a
 test-amd64-i386-libvirt-xsm   1 build-check(1)               blocked  n/a
 test-amd64-amd64-xl-xsm       1 build-check(1)               blocked  n/a
 test-amd64-i386-xl-qemuu-debianhvm-i386-xsm  1 build-check(1)      blocked n/a
 test-arm64-arm64-xl-credit2   7 xen-boot             fail in 140097 never pass
 test-amd64-amd64-libvirt-xsm 13 migrate-support-check fail in 140097 never pass
 test-amd64-i386-libvirt-xsm 13 migrate-support-check fail in 140097 never pass
 test-amd64-amd64-libvirt-qemuu-debianhvm-amd64-xsm 11 migrate-support-check 
fail in 140097 never pass
 test-amd64-i386-libvirt-qemuu-debianhvm-amd64-xsm 11 migrate-support-check 
fail in 140097 never pass
 test-amd64-amd64-xl-qemuu-dmrestrict-amd64-dmrestrict 10 debian-hvm-install 
fail never pass
 test-amd64-i386-xl-qemuu-dmrestrict-amd64-dmrestrict 10 debian-hvm-install 
fail never pass
 test-amd64-i386-xl-pvshim    12 guest-start                  fail   never pass
 test-amd64-amd64-xl-pvhv2-amd 12 guest-start                  fail  never pass
 test-arm64-arm64-xl           7 xen-boot                     fail   never pass
 test-arm64-arm64-xl-credit1   7 xen-boot                     fail   never pass
 test-arm64-arm64-examine      8 reboot                       fail   never pass
 test-arm64-arm64-xl-seattle   7 xen-boot                     fail   never pass
 test-amd64-amd64-xl-pvhv2-intel 12 guest-start                 fail never pass
 test-amd64-amd64-libvirt     13 migrate-support-check        fail   never pass
 test-arm64-arm64-libvirt-xsm  7 xen-boot                     fail   never pass
 test-amd64-i386-libvirt      13 migrate-support-check        fail   never pass
 test-arm64-arm64-xl-thunderx  7 xen-boot                     fail   never pass
 test-amd64-amd64-qemuu-nested-amd 17 debian-hvm-install/l1/l2  fail never pass
 test-amd64-amd64-libvirt-vhd 12 migrate-support-check        fail   never pass
 test-armhf-armhf-xl-arndale  13 migrate-support-check        fail   never pass
 test-armhf-armhf-xl-arndale  14 saverestore-support-check    fail   never pass
 test-amd64-amd64-xl-qemuu-win7-amd64 17 guest-stop             fail never pass
 test-amd64-i386-xl-qemuu-win7-amd64 17 guest-stop              fail never pass
 test-amd64-amd64-xl-qemut-win7-amd64 17 guest-stop             fail never pass
 test-armhf-armhf-xl-credit2  13 migrate-support-check        fail   never pass
 test-armhf-armhf-xl-credit2  14 saverestore-support-check    fail   never pass
 test-armhf-armhf-libvirt     13 migrate-support-check        fail   never pass
 test-armhf-armhf-libvirt     14 saverestore-support-check    fail   never pass
 test-armhf-armhf-xl-rtds     13 migrate-support-check        fail   never pass
 test-armhf-armhf-xl-rtds     14 saverestore-support-check    fail   never pass
 test-armhf-armhf-xl-credit1  13 migrate-support-check        fail   never pass
 test-armhf-armhf-xl-cubietruck 13 migrate-support-check        fail never pass
 test-armhf-armhf-xl-credit1  14 saverestore-support-check    fail   never pass
 test-armhf-armhf-xl-cubietruck 14 saverestore-support-check    fail never pass
 test-armhf-armhf-xl-multivcpu 13 migrate-support-check        fail  never pass
 test-armhf-armhf-xl-multivcpu 14 saverestore-support-check    fail  never pass
 test-armhf-armhf-xl          13 migrate-support-check        fail   never pass
 test-armhf-armhf-xl          14 saverestore-support-check    fail   never pass
 test-amd64-i386-xl-qemut-win7-amd64 17 guest-stop              fail never pass
 test-arm64-arm64-xl-xsm       7 xen-boot                     fail   never pass
 test-amd64-amd64-xl-qemut-ws16-amd64 17 guest-stop             fail never pass
 test-armhf-armhf-libvirt-raw 12 migrate-support-check        fail   never pass
 test-armhf-armhf-libvirt-raw 13 saverestore-support-check    fail   never pass
 test-armhf-armhf-xl-vhd      12 migrate-support-check        fail   never pass
 test-armhf-armhf-xl-vhd      13 saverestore-support-check    fail   never pass
 test-amd64-amd64-xl-qemuu-ws16-amd64 17 guest-stop             fail never pass
 test-amd64-i386-xl-qemuu-ws16-amd64 17 guest-stop              fail never pass
 test-amd64-i386-xl-qemut-ws16-amd64 17 guest-stop              fail never pass
 test-amd64-amd64-xl-qemut-win10-i386 10 windows-install        fail never pass
 test-amd64-i386-xl-qemut-win10-i386 10 windows-install         fail never pass
 test-amd64-i386-xl-qemuu-win10-i386 10 windows-install         fail never pass
 test-amd64-amd64-xl-qemuu-win10-i386 10 windows-install        fail never pass

version targeted for testing:
 linux                3904234bd04fa7c40467e5d8b3301893fae16e87
baseline version:
 linux                dc16a7e5f36d65b25a1b66ade14356773ed52875

Last test of basis   139698  2019-08-04 07:48:30 Z   11 days
Failing since        139773  2019-08-06 16:40:26 Z    8 days   12 attempts
Testing same since   139968  2019-08-12 02:01:49 Z    3 days    6 attempts

------------------------------------------------------------
People who touched revisions under test:
  "Eric W. Biederman" <ebied...@xmission.com>
  Al Viro <v...@zeniv.linux.org.uk>
  Alessio Balsini <bals...@android.com>
  Andrea Parri <andrea.pa...@amarulasolutions.com>
  Andrew Morton <a...@linux-foundation.org>
  Andrew Prout <apr...@ll.mit.edu>
  Andy Lutomirski <l...@kernel.org>
  Arnd Bergmann <a...@arndb.de>
  Barret Rhoden <b...@google.com>
  Ben Hutchings <b...@decadent.org.uk>
  Benjamin Block <bbl...@linux.ibm.com>
  Benjamin Poirier <bpoir...@suse.com>
  Catalin Marinas <catalin.mari...@arm.com>
  Christoph Paasch <cpaa...@apple.com>
  David S. Miller <da...@davemloft.net>
  David Sterba <dste...@suse.com>
  Doug Berger <open...@gmail.com>
  Douglas Anderson <diand...@chromium.org>
  Eric Dumazet <eduma...@google.com>
  Geert Uytterhoeven <geert+rene...@glider.be>
  Greg Kroah-Hartman <gre...@linuxfoundation.org>
  Guenter Roeck <li...@roeck-us.net>
  Guillaume Nault <g.na...@alphalink.fr>
  Gustavo A. R. Silva <gust...@embeddedor.com>
  Heiko Stuebner <he...@sntech.de>
  Ilya Dryomov <idryo...@gmail.com>
  Ingo Molnar <mi...@kernel.org>
  Jan Harkes <jahar...@cs.cmu.edu>
  Jens Axboe <ax...@kernel.dk>
  Jessica Yu <j...@kernel.org>
  Jia-Ju Bai <baijiaju1...@gmail.com>
  Jiri Kosina <jkos...@suse.cz>
  Jiri Pirko <j...@mellanox.com>
  Jonathan Lemon <jonathan.le...@gmail.com>
  Josh Poimboeuf <jpoim...@redhat.com>
  Juergen Gross <jgr...@suse.com>
  Kees Cook <keesc...@chromium.org>
  Konrad Rzeszutek Wilk <konrad.w...@oracle.com>
  Linus Torvalds <torva...@linux-foundation.org>
  Lukas Wunner <lu...@wunner.de>
  Manish Chopra <mani...@marvell.com>
  Mark Brown <broo...@kernel.org>
  Mark Rutland <mark.rutl...@arm.com>
  Mark Zhang <ma...@mellanox.com>
  Martin K. Petersen <martin.peter...@oracle.com>
  Michal Kubecek <mkube...@suse.cz>
  Michal Nazarewicz <min...@mina86.com>
  Mikko Rapeli <mikko.rap...@iki.fi>
  Neal Cardwell <ncardw...@google.com>
  Nikolay Aleksandrov <niko...@cumulusnetworks.com>
  Ondrej Mosnacek <omosn...@redhat.com>
  Pablo Neira Ayuso <pa...@netfilter.org>
  Paolo Bonzini <pbonz...@redhat.com>
  Paul Burton <paul.bur...@mips.com>
  Paul Moore <p...@paul-moore.com>
  Peter Zijlstra (Intel) <pet...@infradead.org>
  Petr Cvek <petrcve...@gmail.com>
  Phil Turnbull <phil.turnb...@oracle.com>
  Prarit Bhargava <pra...@redhat.com>
  Qian Cai <c...@lca.pw>
  Rafael J. Wysocki <rafael.j.wyso...@intel.com>
  Russell King <rmk+ker...@armlinux.org.uk>
  Saeed Mahameed <sae...@mellanox.com>
  Sam Protsenko <semen.protse...@linaro.org>
  Sasha Levin <sas...@kernel.org>
  Sebastian Parschauer <s.parscha...@gmx.de>
  Stefan Haberland <s...@linux.ibm.com>
  Stefan Wahren <wahre...@gmx.net>
  Sudarsana Reddy Kalluru <skall...@marvell.com>
  Taras Kondratiuk <takon...@cisco.com>
  Thomas Gleixner <t...@linutronix.de>
  Vinod Koul <vk...@kernel.org>
  Wanpeng Li <wanpeng...@hotmail.com>
  Will Deacon <will.dea...@arm.com>
  Will Deacon <w...@kernel.org>
  xiao jin <jin.x...@intel.com>
  Ying Xue <ying....@windriver.com>
  Yuchung Cheng <ych...@google.com>
  Zhouyang Jia <jiazhouyan...@gmail.com>

jobs:
 build-amd64-xsm                                              fail    
 build-arm64-xsm                                              pass    
 build-i386-xsm                                               pass    
 build-amd64                                                  pass    
 build-arm64                                                  pass    
 build-armhf                                                  pass    
 build-i386                                                   pass    
 build-amd64-libvirt                                          pass    
 build-arm64-libvirt                                          pass    
 build-armhf-libvirt                                          pass    
 build-i386-libvirt                                           pass    
 build-amd64-pvops                                            pass    
 build-arm64-pvops                                            pass    
 build-armhf-pvops                                            pass    
 build-i386-pvops                                             pass    
 test-amd64-amd64-xl                                          pass    
 test-arm64-arm64-xl                                          fail    
 test-armhf-armhf-xl                                          pass    
 test-amd64-i386-xl                                           pass    
 test-amd64-amd64-libvirt-qemuu-debianhvm-amd64-xsm           blocked 
 test-amd64-i386-libvirt-qemuu-debianhvm-amd64-xsm            blocked 
 test-amd64-amd64-xl-qemut-stubdom-debianhvm-amd64-xsm        blocked 
 test-amd64-i386-xl-qemut-stubdom-debianhvm-amd64-xsm         blocked 
 test-amd64-amd64-xl-qemut-debianhvm-i386-xsm                 blocked 
 test-amd64-i386-xl-qemut-debianhvm-i386-xsm                  blocked 
 test-amd64-amd64-xl-qemuu-debianhvm-i386-xsm                 blocked 
 test-amd64-i386-xl-qemuu-debianhvm-i386-xsm                  blocked 
 test-amd64-amd64-libvirt-xsm                                 blocked 
 test-arm64-arm64-libvirt-xsm                                 fail    
 test-amd64-i386-libvirt-xsm                                  blocked 
 test-amd64-amd64-xl-xsm                                      blocked 
 test-arm64-arm64-xl-xsm                                      fail    
 test-amd64-i386-xl-xsm                                       blocked 
 test-amd64-amd64-qemuu-nested-amd                            fail    
 test-amd64-amd64-xl-pvhv2-amd                                fail    
 test-amd64-i386-qemut-rhel6hvm-amd                           pass    
 test-amd64-i386-qemuu-rhel6hvm-amd                           pass    
 test-amd64-amd64-xl-qemut-debianhvm-amd64                    pass    
 test-amd64-i386-xl-qemut-debianhvm-amd64                     pass    
 test-amd64-amd64-xl-qemuu-debianhvm-amd64                    pass    
 test-amd64-i386-xl-qemuu-debianhvm-amd64                     pass    
 test-amd64-i386-freebsd10-amd64                              pass    
 test-amd64-amd64-xl-qemuu-ovmf-amd64                         pass    
 test-amd64-i386-xl-qemuu-ovmf-amd64                          pass    
 test-amd64-amd64-xl-qemut-win7-amd64                         fail    
 test-amd64-i386-xl-qemut-win7-amd64                          fail    
 test-amd64-amd64-xl-qemuu-win7-amd64                         fail    
 test-amd64-i386-xl-qemuu-win7-amd64                          fail    
 test-amd64-amd64-xl-qemut-ws16-amd64                         fail    
 test-amd64-i386-xl-qemut-ws16-amd64                          fail    
 test-amd64-amd64-xl-qemuu-ws16-amd64                         fail    
 test-amd64-i386-xl-qemuu-ws16-amd64                          fail    
 test-armhf-armhf-xl-arndale                                  pass    
 test-amd64-amd64-xl-credit1                                  pass    
 test-arm64-arm64-xl-credit1                                  fail    
 test-armhf-armhf-xl-credit1                                  pass    
 test-amd64-amd64-xl-credit2                                  pass    
 test-arm64-arm64-xl-credit2                                  broken  
 test-armhf-armhf-xl-credit2                                  pass    
 test-armhf-armhf-xl-cubietruck                               pass    
 test-amd64-amd64-xl-qemuu-dmrestrict-amd64-dmrestrict        fail    
 test-amd64-i386-xl-qemuu-dmrestrict-amd64-dmrestrict         fail    
 test-amd64-amd64-examine                                     pass    
 test-arm64-arm64-examine                                     fail    
 test-armhf-armhf-examine                                     pass    
 test-amd64-i386-examine                                      pass    
 test-amd64-i386-freebsd10-i386                               pass    
 test-amd64-amd64-xl-qemut-win10-i386                         fail    
 test-amd64-i386-xl-qemut-win10-i386                          fail    
 test-amd64-amd64-xl-qemuu-win10-i386                         fail    
 test-amd64-i386-xl-qemuu-win10-i386                          fail    
 test-amd64-amd64-qemuu-nested-intel                          pass    
 test-amd64-amd64-xl-pvhv2-intel                              fail    
 test-amd64-i386-qemut-rhel6hvm-intel                         pass    
 test-amd64-i386-qemuu-rhel6hvm-intel                         pass    
 test-amd64-amd64-libvirt                                     pass    
 test-armhf-armhf-libvirt                                     pass    
 test-amd64-i386-libvirt                                      pass    
 test-amd64-amd64-xl-multivcpu                                pass    
 test-armhf-armhf-xl-multivcpu                                pass    
 test-amd64-amd64-pair                                        pass    
 test-amd64-i386-pair                                         pass    
 test-amd64-amd64-libvirt-pair                                pass    
 test-amd64-i386-libvirt-pair                                 pass    
 test-amd64-amd64-amd64-pvgrub                                pass    
 test-amd64-amd64-i386-pvgrub                                 pass    
 test-amd64-amd64-xl-pvshim                                   fail    
 test-amd64-i386-xl-pvshim                                    fail    
 test-amd64-amd64-pygrub                                      pass    
 test-amd64-amd64-xl-qcow2                                    pass    
 test-armhf-armhf-libvirt-raw                                 pass    
 test-amd64-i386-xl-raw                                       pass    
 test-amd64-amd64-xl-rtds                                     pass    
 test-armhf-armhf-xl-rtds                                     pass    
 test-arm64-arm64-xl-seattle                                  fail    
 test-amd64-amd64-xl-qemuu-debianhvm-amd64-shadow             pass    
 test-amd64-i386-xl-qemuu-debianhvm-amd64-shadow              pass    
 test-amd64-amd64-xl-shadow                                   pass    
 test-amd64-i386-xl-shadow                                    pass    
 test-arm64-arm64-xl-thunderx                                 fail    
 test-amd64-amd64-libvirt-vhd                                 pass    
 test-armhf-armhf-xl-vhd                                      pass    


------------------------------------------------------------
sg-report-flight on osstest.test-lab.xenproject.org
logs: /home/logs/logs
images: /home/logs/images

Logs, config files, etc. are available at
    http://logs.test-lab.xenproject.org/osstest/logs

Explanation of these reports, and of osstest in general, is at
    http://xenbits.xen.org/gitweb/?p=osstest.git;a=blob;f=README.email;hb=master
    http://xenbits.xen.org/gitweb/?p=osstest.git;a=blob;f=README;hb=master

Test harness code can be found at
    http://xenbits.xen.org/gitweb?p=osstest.git;a=summary

broken-job test-arm64-arm64-xl-credit2 broken
broken-step test-arm64-arm64-xl-credit2 host-install(4)

Not pushing.

(No revision log; it would be 1596 lines long.)

_______________________________________________
Xen-devel mailing list
Xen-devel@lists.xenproject.org
https://lists.xenproject.org/mailman/listinfo/xen-devel

Reply via email to