flight 140653 linux-4.4 real [real]
http://logs.test-lab.xenproject.org/osstest/logs/140653/

Regressions :-(

Tests which did not succeed and are blocking,
including tests which could not be run:
 test-amd64-amd64-xl-pvshim 20 guest-start/debian.repeat fail in 140632 REGR. 
vs. 139698

Tests which are failing intermittently (not blocking):
 test-amd64-i386-xl-qemuu-ovmf-amd64  7 xen-boot  fail in 140632 pass in 140653
 test-armhf-armhf-xl           7 xen-boot         fail in 140632 pass in 140653
 test-armhf-armhf-libvirt     19 leak-check/check fail in 140632 pass in 140653
 test-amd64-amd64-xl-pvshim   16 guest-localmigrate         fail pass in 140632
 test-amd64-amd64-xl-qemuu-ovmf-amd64 18 guest-start/debianhvm.repeat fail pass 
in 140632

Tests which did not succeed, but are not blocking:
 test-amd64-amd64-xl-qemuu-dmrestrict-amd64-dmrestrict 10 debian-hvm-install 
fail never pass
 test-amd64-i386-xl-qemuu-dmrestrict-amd64-dmrestrict 10 debian-hvm-install 
fail never pass
 test-amd64-i386-xl-pvshim    12 guest-start                  fail   never pass
 test-amd64-amd64-xl-pvhv2-amd 12 guest-start                  fail  never pass
 test-arm64-arm64-examine      8 reboot                       fail   never pass
 test-arm64-arm64-xl-seattle   7 xen-boot                     fail   never pass
 test-arm64-arm64-libvirt-xsm  7 xen-boot                     fail   never pass
 test-arm64-arm64-xl           7 xen-boot                     fail   never pass
 test-amd64-amd64-libvirt-xsm 13 migrate-support-check        fail   never pass
 test-amd64-amd64-xl-pvhv2-intel 12 guest-start                 fail never pass
 test-amd64-amd64-libvirt     13 migrate-support-check        fail   never pass
 test-amd64-i386-libvirt      13 migrate-support-check        fail   never pass
 test-amd64-i386-libvirt-xsm  13 migrate-support-check        fail   never pass
 test-arm64-arm64-xl-thunderx  7 xen-boot                     fail   never pass
 test-amd64-i386-libvirt-qemuu-debianhvm-amd64-xsm 11 migrate-support-check 
fail never pass
 test-amd64-amd64-libvirt-qemuu-debianhvm-amd64-xsm 11 migrate-support-check 
fail never pass
 test-amd64-amd64-qemuu-nested-amd 17 debian-hvm-install/l1/l2  fail never pass
 test-armhf-armhf-xl-arndale  13 migrate-support-check        fail   never pass
 test-armhf-armhf-xl-arndale  14 saverestore-support-check    fail   never pass
 test-amd64-amd64-libvirt-vhd 12 migrate-support-check        fail   never pass
 test-amd64-i386-xl-qemuu-win7-amd64 17 guest-stop              fail never pass
 test-amd64-amd64-xl-qemuu-win7-amd64 17 guest-stop             fail never pass
 test-amd64-amd64-xl-qemut-win7-amd64 17 guest-stop             fail never pass
 test-armhf-armhf-xl-multivcpu 13 migrate-support-check        fail  never pass
 test-armhf-armhf-xl-multivcpu 14 saverestore-support-check    fail  never pass
 test-armhf-armhf-xl-credit1  13 migrate-support-check        fail   never pass
 test-armhf-armhf-xl-credit1  14 saverestore-support-check    fail   never pass
 test-armhf-armhf-xl-rtds     13 migrate-support-check        fail   never pass
 test-armhf-armhf-xl-rtds     14 saverestore-support-check    fail   never pass
 test-armhf-armhf-xl-credit2  13 migrate-support-check        fail   never pass
 test-armhf-armhf-xl-credit2  14 saverestore-support-check    fail   never pass
 test-armhf-armhf-libvirt     13 migrate-support-check        fail   never pass
 test-armhf-armhf-libvirt     14 saverestore-support-check    fail   never pass
 test-amd64-i386-xl-qemut-win7-amd64 17 guest-stop              fail never pass
 test-arm64-arm64-xl-credit1   7 xen-boot                     fail   never pass
 test-arm64-arm64-xl-credit2   7 xen-boot                     fail   never pass
 test-arm64-arm64-xl-xsm       7 xen-boot                     fail   never pass
 test-amd64-amd64-xl-qemut-ws16-amd64 17 guest-stop             fail never pass
 test-armhf-armhf-xl-vhd      12 migrate-support-check        fail   never pass
 test-armhf-armhf-xl-vhd      13 saverestore-support-check    fail   never pass
 test-armhf-armhf-libvirt-raw 12 migrate-support-check        fail   never pass
 test-armhf-armhf-libvirt-raw 13 saverestore-support-check    fail   never pass
 test-armhf-armhf-xl          13 migrate-support-check        fail   never pass
 test-armhf-armhf-xl          14 saverestore-support-check    fail   never pass
 test-amd64-amd64-xl-qemuu-ws16-amd64 17 guest-stop             fail never pass
 test-amd64-i386-xl-qemuu-ws16-amd64 17 guest-stop              fail never pass
 test-amd64-i386-xl-qemut-ws16-amd64 17 guest-stop              fail never pass
 test-amd64-amd64-xl-qemut-win10-i386 10 windows-install        fail never pass
 test-amd64-i386-xl-qemut-win10-i386 10 windows-install         fail never pass
 test-amd64-i386-xl-qemuu-win10-i386 10 windows-install         fail never pass
 test-amd64-amd64-xl-qemuu-win10-i386 10 windows-install        fail never pass
 test-armhf-armhf-xl-cubietruck 13 migrate-support-check        fail never pass
 test-armhf-armhf-xl-cubietruck 14 saverestore-support-check    fail never pass

version targeted for testing:
 linux                5e9f4d704f8698b6d655afa7e9fac3509da253bc
baseline version:
 linux                dc16a7e5f36d65b25a1b66ade14356773ed52875

Last test of basis   139698  2019-08-04 07:48:30 Z   22 days
Failing since        139773  2019-08-06 16:40:26 Z   20 days   26 attempts
Testing same since   140632  2019-08-25 10:24:21 Z    1 days    2 attempts

------------------------------------------------------------
People who touched revisions under test:
  "Eric W. Biederman" <[email protected]>
  Adrian Hunter <[email protected]>
  Al Viro <[email protected]>
  Alan Stern <[email protected]>
  Alessio Balsini <[email protected]>
  Andrea Parri <[email protected]>
  Andrew Morton <[email protected]>
  Andrew Prout <[email protected]>
  Andy Lutomirski <[email protected]>
  Angus Ainslie (Purism) <[email protected]>
  Arnaldo Carvalho de Melo <[email protected]>
  Arnd Bergmann <[email protected]>
  Barret Rhoden <[email protected]>
  Ben Hutchings <[email protected]>
  Benjamin Block <[email protected]>
  Benjamin Poirier <[email protected]>
  Bjoern Gerhart <[email protected]>
  Björn Gerhart <[email protected]>
  Bob Ham <[email protected]>
  Borislav Petkov <[email protected]>
  Brian Norris <[email protected]>
  Catalin Marinas <[email protected]>
  Charles Keepax <[email protected]>
  Christoph Paasch <[email protected]>
  David S. Miller <[email protected]>
  David Sterba <[email protected]>
  Denis Kirjanov <[email protected]>
  Dmitry Torokhov <[email protected]>
  Don Brace <[email protected]>
  Doug Berger <[email protected]>
  Doug Ledford <[email protected]>
  Douglas Anderson <[email protected]>
  Eric Dumazet <[email protected]>
  Felipe Balbi <[email protected]>
  Felipe Balbi <[email protected]>
  Felipe F. Tonello <[email protected]>
  Florian Westphal <[email protected]>
  Geert Uytterhoeven <[email protected]>
  Greg Kroah-Hartman <[email protected]>
  Guenter Roeck <[email protected]>
  Guillaume Nault <[email protected]>
  Gustavo A. R. Silva <[email protected]>
  Hannes Reinecke <[email protected]>
  Heiko Carstens <[email protected]>
  Heiko Stuebner <[email protected]>
  Hillf Danton <[email protected]>
  Hiroyuki Yamamoto <[email protected]>
  Huy Nguyen <[email protected]>
  Ian Abbott <[email protected]>
  Ilya Dryomov <[email protected]>
  Ingo Molnar <[email protected]>
  Jakub Kicinski <[email protected]>
  Jan Harkes <[email protected]>
  Jason Gunthorpe <[email protected]>
  Jay Vosburgh <[email protected]>
  Jeffrin Jose T <[email protected]>
  Jens Axboe <[email protected]>
  Jessica Yu <[email protected]>
  Jia-Ju Bai <[email protected]>
  Jiri Kosina <[email protected]>
  Jiri Pirko <[email protected]>
  Joerg Roedel <[email protected]>
  Johan Hovold <[email protected]>
  Johannes Berg <[email protected]>
  Jonathan Lemon <[email protected]>
  Joseph Qi <[email protected]>
  Josh Poimboeuf <[email protected]>
  Juergen Gross <[email protected]>
  Julian Wiedmann <[email protected]>
  Junxiao Bi <[email protected]>
  Kalle Valo <[email protected]>
  Kees Cook <[email protected]>
  Konrad Rzeszutek Wilk <[email protected]>
  Leonard Crestez <[email protected]>
  Linus Torvalds <[email protected]>
  Lucas Stach <[email protected]>
  Luck, Tony <[email protected]>
  Lukas Wunner <[email protected]>
  Manish Chopra <[email protected]>
  Marc Kleine-Budde <[email protected]>
  Marc Zyngier <[email protected]>
  Marcelo Ricardo Leitner <[email protected]>
  Mark Brown <[email protected]>
  Mark Rutland <[email protected]>
  Mark Zhang <[email protected]>
  Martin K. Petersen <[email protected]>
  Masahiro Yamada <[email protected]>
  Matthias Kaehlcke <[email protected]>
  Michal Hocko <[email protected]>
  Michal Kubecek <[email protected]>
  Michal Nazarewicz <[email protected]>
  Miguel Ojeda <[email protected]>
  Mikko Rapeli <[email protected]>
  Miles Chen <[email protected]>
  Miquel Raynal <[email protected]>
  Neal Cardwell <[email protected]>
  Nikolay Aleksandrov <[email protected]>
  Numfor Mbiziwo-Tiapo <[email protected]>
  Oliver Neukum <[email protected]>
  Olof Johansson <[email protected]>
  Ondrej Mosnacek <[email protected]>
  Pablo Neira Ayuso <[email protected]>
  Paolo Bonzini <[email protected]>
  Paul Burton <[email protected]>
  Paul Moore <[email protected]>
  Pavel Machek <[email protected]>
  Pavel Shilovsky <[email protected]>
  Peter Zijlstra (Intel) <[email protected]>
  Peter Zijlstra <[email protected]>
  Petr Cvek <[email protected]>
  Phil Turnbull <[email protected]>
  Prarit Bhargava <[email protected]>
  Qian Cai <[email protected]>
  Rafael J. Wysocki <[email protected]>
  Rogan Dawes <[email protected]>
  Ross Lagerwall <[email protected]>
  Russell King <[email protected]>
  Saeed Mahameed <[email protected]>
  Sam Protsenko <[email protected]>
  Sasha Levin <[email protected]>
  Sebastian Parschauer <[email protected]>
  Sekhar Nori <[email protected]>
  Stefan Haberland <[email protected]>
  Stefan Wahren <[email protected]>
  Stephane Grosjean <[email protected]>
  Steve French <[email protected]>
  Sudarsana Reddy Kalluru <[email protected]>
  Suganath Prabu <[email protected]>
  Sumit Saxena <[email protected]>
  Suzuki K Poulose <[email protected]>
  Takashi Iwai <[email protected]>
  Taras Kondratiuk <[email protected]>
  Thomas Gleixner <[email protected]>
  Thomas Tai <[email protected]>
  Tomas Bortoli <[email protected]>
  Tony Lindgren <[email protected]>
  Tony Luck <[email protected]>
  Tuba Yavuz <[email protected]>
  Tyrel Datwyler <[email protected]>
  Vince Weaver <[email protected]>
  Vinod Koul <[email protected]>
  Viresh Kumar <[email protected]>
  Wanpeng Li <[email protected]>
  Wen Yang <[email protected]>
  Wenwen Wang <[email protected]>
  Will Deacon <[email protected]>
  Will Deacon <[email protected]>
  xiao jin <[email protected]>
  Xin Long <[email protected]>
  Yavuz, Tuba <[email protected]>
  Ying Xue <[email protected]>
  Yoshiaki Okamoto <[email protected]>
  Yuchung Cheng <[email protected]>
  YueHaibing <[email protected]>
  Zhouyang Jia <[email protected]>

jobs:
 build-amd64-xsm                                              pass    
 build-arm64-xsm                                              pass    
 build-i386-xsm                                               pass    
 build-amd64                                                  pass    
 build-arm64                                                  pass    
 build-armhf                                                  pass    
 build-i386                                                   pass    
 build-amd64-libvirt                                          pass    
 build-arm64-libvirt                                          pass    
 build-armhf-libvirt                                          pass    
 build-i386-libvirt                                           pass    
 build-amd64-pvops                                            pass    
 build-arm64-pvops                                            pass    
 build-armhf-pvops                                            pass    
 build-i386-pvops                                             pass    
 test-amd64-amd64-xl                                          pass    
 test-arm64-arm64-xl                                          fail    
 test-armhf-armhf-xl                                          pass    
 test-amd64-i386-xl                                           pass    
 test-amd64-amd64-libvirt-qemuu-debianhvm-amd64-xsm           pass    
 test-amd64-i386-libvirt-qemuu-debianhvm-amd64-xsm            pass    
 test-amd64-amd64-xl-qemut-stubdom-debianhvm-amd64-xsm        pass    
 test-amd64-i386-xl-qemut-stubdom-debianhvm-amd64-xsm         pass    
 test-amd64-amd64-xl-qemut-debianhvm-i386-xsm                 pass    
 test-amd64-i386-xl-qemut-debianhvm-i386-xsm                  pass    
 test-amd64-amd64-xl-qemuu-debianhvm-i386-xsm                 pass    
 test-amd64-i386-xl-qemuu-debianhvm-i386-xsm                  pass    
 test-amd64-amd64-libvirt-xsm                                 pass    
 test-arm64-arm64-libvirt-xsm                                 fail    
 test-amd64-i386-libvirt-xsm                                  pass    
 test-amd64-amd64-xl-xsm                                      pass    
 test-arm64-arm64-xl-xsm                                      fail    
 test-amd64-i386-xl-xsm                                       pass    
 test-amd64-amd64-qemuu-nested-amd                            fail    
 test-amd64-amd64-xl-pvhv2-amd                                fail    
 test-amd64-i386-qemut-rhel6hvm-amd                           pass    
 test-amd64-i386-qemuu-rhel6hvm-amd                           pass    
 test-amd64-amd64-xl-qemut-debianhvm-amd64                    pass    
 test-amd64-i386-xl-qemut-debianhvm-amd64                     pass    
 test-amd64-amd64-xl-qemuu-debianhvm-amd64                    pass    
 test-amd64-i386-xl-qemuu-debianhvm-amd64                     pass    
 test-amd64-i386-freebsd10-amd64                              pass    
 test-amd64-amd64-xl-qemuu-ovmf-amd64                         fail    
 test-amd64-i386-xl-qemuu-ovmf-amd64                          pass    
 test-amd64-amd64-xl-qemut-win7-amd64                         fail    
 test-amd64-i386-xl-qemut-win7-amd64                          fail    
 test-amd64-amd64-xl-qemuu-win7-amd64                         fail    
 test-amd64-i386-xl-qemuu-win7-amd64                          fail    
 test-amd64-amd64-xl-qemut-ws16-amd64                         fail    
 test-amd64-i386-xl-qemut-ws16-amd64                          fail    
 test-amd64-amd64-xl-qemuu-ws16-amd64                         fail    
 test-amd64-i386-xl-qemuu-ws16-amd64                          fail    
 test-armhf-armhf-xl-arndale                                  pass    
 test-amd64-amd64-xl-credit1                                  pass    
 test-arm64-arm64-xl-credit1                                  fail    
 test-armhf-armhf-xl-credit1                                  pass    
 test-amd64-amd64-xl-credit2                                  pass    
 test-arm64-arm64-xl-credit2                                  fail    
 test-armhf-armhf-xl-credit2                                  pass    
 test-armhf-armhf-xl-cubietruck                               pass    
 test-amd64-amd64-xl-qemuu-dmrestrict-amd64-dmrestrict        fail    
 test-amd64-i386-xl-qemuu-dmrestrict-amd64-dmrestrict         fail    
 test-amd64-amd64-examine                                     pass    
 test-arm64-arm64-examine                                     fail    
 test-armhf-armhf-examine                                     pass    
 test-amd64-i386-examine                                      pass    
 test-amd64-i386-freebsd10-i386                               pass    
 test-amd64-amd64-xl-qemut-win10-i386                         fail    
 test-amd64-i386-xl-qemut-win10-i386                          fail    
 test-amd64-amd64-xl-qemuu-win10-i386                         fail    
 test-amd64-i386-xl-qemuu-win10-i386                          fail    
 test-amd64-amd64-qemuu-nested-intel                          pass    
 test-amd64-amd64-xl-pvhv2-intel                              fail    
 test-amd64-i386-qemut-rhel6hvm-intel                         pass    
 test-amd64-i386-qemuu-rhel6hvm-intel                         pass    
 test-amd64-amd64-libvirt                                     pass    
 test-armhf-armhf-libvirt                                     pass    
 test-amd64-i386-libvirt                                      pass    
 test-amd64-amd64-xl-multivcpu                                pass    
 test-armhf-armhf-xl-multivcpu                                pass    
 test-amd64-amd64-pair                                        pass    
 test-amd64-i386-pair                                         pass    
 test-amd64-amd64-libvirt-pair                                pass    
 test-amd64-i386-libvirt-pair                                 pass    
 test-amd64-amd64-amd64-pvgrub                                pass    
 test-amd64-amd64-i386-pvgrub                                 pass    
 test-amd64-amd64-xl-pvshim                                   fail    
 test-amd64-i386-xl-pvshim                                    fail    
 test-amd64-amd64-pygrub                                      pass    
 test-amd64-amd64-xl-qcow2                                    pass    
 test-armhf-armhf-libvirt-raw                                 pass    
 test-amd64-i386-xl-raw                                       pass    
 test-amd64-amd64-xl-rtds                                     pass    
 test-armhf-armhf-xl-rtds                                     pass    
 test-arm64-arm64-xl-seattle                                  fail    
 test-amd64-amd64-xl-qemuu-debianhvm-amd64-shadow             pass    
 test-amd64-i386-xl-qemuu-debianhvm-amd64-shadow              pass    
 test-amd64-amd64-xl-shadow                                   pass    
 test-amd64-i386-xl-shadow                                    pass    
 test-arm64-arm64-xl-thunderx                                 fail    
 test-amd64-amd64-libvirt-vhd                                 pass    
 test-armhf-armhf-xl-vhd                                      pass    


------------------------------------------------------------
sg-report-flight on osstest.test-lab.xenproject.org
logs: /home/logs/logs
images: /home/logs/images

Logs, config files, etc. are available at
    http://logs.test-lab.xenproject.org/osstest/logs

Explanation of these reports, and of osstest in general, is at
    http://xenbits.xen.org/gitweb/?p=osstest.git;a=blob;f=README.email;hb=master
    http://xenbits.xen.org/gitweb/?p=osstest.git;a=blob;f=README;hb=master

Test harness code can be found at
    http://xenbits.xen.org/gitweb?p=osstest.git;a=summary


Not pushing.

(No revision log; it would be 4272 lines long.)

_______________________________________________
Xen-devel mailing list
[email protected]
https://lists.xenproject.org/mailman/listinfo/xen-devel

Reply via email to