flight 142535 libvirt real [real] http://logs.test-lab.xenproject.org/osstest/logs/142535/
Regressions :-( Tests which did not succeed and are blocking, including tests which could not be run: test-arm64-arm64-libvirt-qcow2 16 guest-start.2 fail REGR. vs. 142252 Tests which did not succeed, but are not blocking: test-armhf-armhf-libvirt 14 saverestore-support-check fail like 142252 test-armhf-armhf-libvirt-raw 13 saverestore-support-check fail like 142252 test-amd64-i386-libvirt 13 migrate-support-check fail never pass test-amd64-i386-libvirt-xsm 13 migrate-support-check fail never pass test-amd64-amd64-libvirt 13 migrate-support-check fail never pass test-amd64-amd64-libvirt-xsm 13 migrate-support-check fail never pass test-amd64-i386-libvirt-qemuu-debianhvm-amd64-xsm 11 migrate-support-check fail never pass test-amd64-amd64-libvirt-qemuu-debianhvm-amd64-xsm 11 migrate-support-check fail never pass test-arm64-arm64-libvirt-xsm 13 migrate-support-check fail never pass test-arm64-arm64-libvirt-xsm 14 saverestore-support-check fail never pass test-arm64-arm64-libvirt 13 migrate-support-check fail never pass test-arm64-arm64-libvirt 14 saverestore-support-check fail never pass test-arm64-arm64-libvirt-qcow2 12 migrate-support-check fail never pass test-arm64-arm64-libvirt-qcow2 13 saverestore-support-check fail never pass test-amd64-amd64-libvirt-vhd 12 migrate-support-check fail never pass test-armhf-armhf-libvirt 13 migrate-support-check fail never pass test-armhf-armhf-libvirt-raw 12 migrate-support-check fail never pass version targeted for testing: libvirt 8958b47fabe122a8c1dac14198a07906158191c9 baseline version: libvirt 2346b2f6564ae9f7ba35bc863cb0fab39cadeb12 Last test of basis 142252 2019-10-04 04:23:56 Z 6 days Failing since 142345 2019-10-06 04:19:12 Z 4 days 5 attempts Testing same since 142535 2019-10-10 04:25:36 Z 0 days 1 attempts ------------------------------------------------------------ People who touched revisions under test: Cole Robinson <[email protected]> Collin Walling <[email protected]> Daniel Henrique Barboza <[email protected]> Daniel P. Berrangé <[email protected]> Daniel Veillard <[email protected]> Fabiano Fidêncio <[email protected]> Jiri Denemark <[email protected]> Jonathon Jongsma <[email protected]> Ján Tomko <[email protected]> Michal Privoznik <[email protected]> Pavel Mores <[email protected]> Peter Krempa <[email protected]> jobs: build-amd64-xsm pass build-arm64-xsm pass build-i386-xsm pass build-amd64 pass build-arm64 pass build-armhf pass build-i386 pass build-amd64-libvirt pass build-arm64-libvirt pass build-armhf-libvirt pass build-i386-libvirt pass build-amd64-pvops pass build-arm64-pvops pass build-armhf-pvops pass build-i386-pvops pass test-amd64-amd64-libvirt-qemuu-debianhvm-amd64-xsm pass test-amd64-i386-libvirt-qemuu-debianhvm-amd64-xsm pass test-amd64-amd64-libvirt-xsm pass test-arm64-arm64-libvirt-xsm pass test-amd64-i386-libvirt-xsm pass test-amd64-amd64-libvirt pass test-arm64-arm64-libvirt pass test-armhf-armhf-libvirt pass test-amd64-i386-libvirt pass test-amd64-amd64-libvirt-pair pass test-amd64-i386-libvirt-pair pass test-arm64-arm64-libvirt-qcow2 fail test-armhf-armhf-libvirt-raw pass test-amd64-amd64-libvirt-vhd pass ------------------------------------------------------------ sg-report-flight on osstest.test-lab.xenproject.org logs: /home/logs/logs images: /home/logs/images Logs, config files, etc. are available at http://logs.test-lab.xenproject.org/osstest/logs Explanation of these reports, and of osstest in general, is at http://xenbits.xen.org/gitweb/?p=osstest.git;a=blob;f=README.email;hb=master http://xenbits.xen.org/gitweb/?p=osstest.git;a=blob;f=README;hb=master Test harness code can be found at http://xenbits.xen.org/gitweb?p=osstest.git;a=summary Not pushing. (No revision log; it would be 1063 lines long.) _______________________________________________ Xen-devel mailing list [email protected] https://lists.xenproject.org/mailman/listinfo/xen-devel
