flight 142850 linux-4.9 real [real]
http://logs.test-lab.xenproject.org/osstest/logs/142850/

Regressions :-(

Tests which did not succeed and are blocking,
including tests which could not be run:
 test-arm64-arm64-examine    11 examine-serial/bootloader fail REGR. vs. 142443

Regressions which are regarded as allowable (not blocking):
 test-amd64-amd64-xl-rtds     17 guest-saverestore.2      fail REGR. vs. 142443

Tests which did not succeed, but are not blocking:
 test-amd64-amd64-xl-qemut-win7-amd64 17 guest-stop            fail like 142443
 test-amd64-i386-xl-qemut-win7-amd64 17 guest-stop             fail like 142443
 test-amd64-amd64-xl-qemuu-win7-amd64 17 guest-stop            fail like 142443
 test-amd64-i386-xl-qemuu-win7-amd64 17 guest-stop             fail like 142443
 test-amd64-amd64-xl-qemuu-ws16-amd64 17 guest-stop            fail like 142443
 test-amd64-amd64-xl-qemuu-dmrestrict-amd64-dmrestrict 10 debian-hvm-install 
fail never pass
 test-amd64-i386-xl-qemuu-dmrestrict-amd64-dmrestrict 10 debian-hvm-install 
fail never pass
 test-amd64-amd64-xl-pvhv2-intel 12 guest-start                 fail never pass
 test-amd64-amd64-xl-pvhv2-amd 12 guest-start                  fail  never pass
 test-amd64-amd64-libvirt-xsm 13 migrate-support-check        fail   never pass
 test-amd64-i386-xl-pvshim    12 guest-start                  fail   never pass
 test-amd64-amd64-libvirt     13 migrate-support-check        fail   never pass
 test-amd64-i386-libvirt-xsm  13 migrate-support-check        fail   never pass
 test-arm64-arm64-xl-seattle  13 migrate-support-check        fail   never pass
 test-arm64-arm64-xl-seattle  14 saverestore-support-check    fail   never pass
 test-amd64-i386-libvirt-qemuu-debianhvm-amd64-xsm 11 migrate-support-check 
fail never pass
 test-amd64-i386-libvirt      13 migrate-support-check        fail   never pass
 test-amd64-amd64-libvirt-qemuu-debianhvm-amd64-xsm 11 migrate-support-check 
fail never pass
 test-arm64-arm64-xl-credit2  13 migrate-support-check        fail   never pass
 test-arm64-arm64-xl-credit2  14 saverestore-support-check    fail   never pass
 test-arm64-arm64-xl-xsm      13 migrate-support-check        fail   never pass
 test-arm64-arm64-xl-xsm      14 saverestore-support-check    fail   never pass
 test-arm64-arm64-xl          13 migrate-support-check        fail   never pass
 test-arm64-arm64-xl          14 saverestore-support-check    fail   never pass
 test-arm64-arm64-xl-thunderx 13 migrate-support-check        fail   never pass
 test-arm64-arm64-xl-thunderx 14 saverestore-support-check    fail   never pass
 test-arm64-arm64-xl-credit1  13 migrate-support-check        fail   never pass
 test-arm64-arm64-xl-credit1  14 saverestore-support-check    fail   never pass
 test-arm64-arm64-libvirt-xsm 13 migrate-support-check        fail   never pass
 test-arm64-arm64-libvirt-xsm 14 saverestore-support-check    fail   never pass
 test-armhf-armhf-xl          13 migrate-support-check        fail   never pass
 test-armhf-armhf-xl          14 saverestore-support-check    fail   never pass
 test-amd64-amd64-qemuu-nested-amd 17 debian-hvm-install/l1/l2  fail never pass
 test-armhf-armhf-xl-arndale  13 migrate-support-check        fail   never pass
 test-armhf-armhf-xl-arndale  14 saverestore-support-check    fail   never pass
 test-amd64-amd64-libvirt-vhd 12 migrate-support-check        fail   never pass
 test-armhf-armhf-libvirt     13 migrate-support-check        fail   never pass
 test-armhf-armhf-libvirt     14 saverestore-support-check    fail   never pass
 test-armhf-armhf-xl-multivcpu 13 migrate-support-check        fail  never pass
 test-armhf-armhf-xl-multivcpu 14 saverestore-support-check    fail  never pass
 test-amd64-amd64-xl-qemut-ws16-amd64 17 guest-stop             fail never pass
 test-armhf-armhf-xl-rtds     13 migrate-support-check        fail   never pass
 test-armhf-armhf-xl-rtds     14 saverestore-support-check    fail   never pass
 test-armhf-armhf-xl-credit1  13 migrate-support-check        fail   never pass
 test-armhf-armhf-xl-credit1  14 saverestore-support-check    fail   never pass
 test-armhf-armhf-xl-cubietruck 13 migrate-support-check        fail never pass
 test-armhf-armhf-xl-cubietruck 14 saverestore-support-check    fail never pass
 test-armhf-armhf-xl-credit2  13 migrate-support-check        fail   never pass
 test-armhf-armhf-xl-credit2  14 saverestore-support-check    fail   never pass
 test-armhf-armhf-libvirt-raw 12 migrate-support-check        fail   never pass
 test-armhf-armhf-libvirt-raw 13 saverestore-support-check    fail   never pass
 test-amd64-i386-xl-qemuu-ws16-amd64 17 guest-stop              fail never pass
 test-armhf-armhf-xl-vhd      12 migrate-support-check        fail   never pass
 test-armhf-armhf-xl-vhd      13 saverestore-support-check    fail   never pass
 test-amd64-i386-xl-qemut-ws16-amd64 17 guest-stop              fail never pass
 test-amd64-amd64-xl-qemuu-win10-i386 10 windows-install        fail never pass
 test-amd64-i386-xl-qemut-win10-i386 10 windows-install         fail never pass
 test-amd64-i386-xl-qemuu-win10-i386 10 windows-install         fail never pass
 test-amd64-amd64-xl-qemut-win10-i386 10 windows-install        fail never pass

version targeted for testing:
 linux                364ef83db0273acc89c6ba8ae1aebee70a133056
baseline version:
 linux                140fcbee3e9de3d649c5cb313c4919bd07f0017f

Last test of basis   142443  2019-10-08 14:07:33 Z   10 days
Testing same since   142850  2019-10-17 21:11:26 Z    1 days    1 attempts

------------------------------------------------------------
People who touched revisions under test:
  Ajay Kaher <[email protected]>
  Al Viro <[email protected]>
  Alan Stern <[email protected]>
  Alex Deucher <[email protected]>
  Alexander Sverdlin <[email protected]>
  Andrew Donnellan <[email protected]>
  Andrew Morton <[email protected]>
  Andrew Murray <[email protected]>
  Anna Schumaker <[email protected]>
  Ard Biesheuvel <[email protected]>
  Arnaldo Carvalho de Melo <[email protected]>
  Bastien Nocera <[email protected]>
  Beni Mahler <[email protected]>
  Boris Ostrovsky <[email protected]>
  Borislav Petkov <[email protected]>
  Chengguang Xu <[email protected]>
  Christian Borntraeger <[email protected]>
  Colin Ian King <[email protected]>
  Daniel Thompson <[email protected]>
  Daniel Vetter <[email protected]>
  Daniel Vetter <[email protected]>
  Daniele Palmas <[email protected]>
  Darrick J. Wong <[email protected]>
  Dave Chinner <[email protected]>
  David Frey <[email protected]>
  Dmitry Osipenko <[email protected]>
  Dominique Martinet <[email protected]>
  Erqi Chen <[email protected]>
  Erqi Chen [email protected]
  Greg Kroah-Hartman <[email protected]>
  Guenter Roeck <[email protected]>
  Herbert Xu <[email protected]>
  Horia Geantă <[email protected]>
  Ian Rogers <[email protected]>
  Ido Schimmel <[email protected]>
  Igor Druzhinin <[email protected]>
  Ilya Dryomov <[email protected]>
  Ingo Molnar <[email protected]>
  Jack Wang <[email protected]>
  Jacky Cao <[email protected]>
  [email protected] <[email protected]>
  Jan Schmidt <[email protected]>
  Janakarajan Natarajan <[email protected]>
  Jeff Layton <[email protected]>
  Jia-Ju Bai <[email protected]>
  Jiri Olsa <[email protected]>
  Jiri Pirko <[email protected]>
  Johan Hovold <[email protected]>
  Johannes Berg <[email protected]>
  Jonathan Cameron <[email protected]>
  Jouni Malinen <[email protected]>
  Kai-Heng Feng <[email protected]>
  Kees Cook <[email protected]>
  KeMeng Shi <[email protected]>
  Lee Jones <[email protected]>
  Li RongQing <[email protected]>
  Liang ZhiCheng <[email protected]>
  Linus Torvalds <[email protected]>
  Luis Henriques <[email protected]>
  Marc Kleine-Budde <[email protected]>
  Marco Felsch <[email protected]>
  Mark Brown <[email protected]>
  Mathias Nyman <[email protected]>
  Mathieu Poirier <[email protected]>
  Mauro Carvalho Chehab <[email protected]>
  Michael Ellerman <[email protected]>
  Michal Hocko <[email protected]>
  Miklos Szeredi <[email protected]>
  Mimi Zohar <[email protected]>
  Navid Emamdoost <[email protected]>
  Oleksandr Suvorov <[email protected]>
  Oliver Neukum <[email protected]>
  Paolo Bonzini <[email protected]>
  Paul Burton <[email protected]>
  Pavel Shilovsky <[email protected]>
  Pavel Shilovsky <[email protected]>
  Peter Zijlstra (Intel) <[email protected]>
  Philipp Zabel <[email protected]>
  Randy Dunlap <[email protected]>
  Rasmus Villemoes <[email protected]>
  Ravi Bangoria <[email protected]>
  Reinhard Speyerer <[email protected]>
  Rick Tseng <[email protected]>
  Sascha Hauer <[email protected]>
  Sasha Levin <[email protected]>
  Scott Talbert <[email protected]>
  Sean Nyekjaer <[email protected]>
  Srikar Dronamraju <[email protected]>
  Srivatsa S. Bhat (VMware) <[email protected]>
  Stefan Schmidt <[email protected]>
  Steve French <[email protected]>
  Steve MacLean <[email protected]>
  Steven Rostedt (VMware) <[email protected]>
  [email protected]
  [email protected]
  Thomas Gleixner <[email protected]>
  Thomas Huth <[email protected]>
  Trek <[email protected]>
  Valdis Kletnieks <[email protected]>
  Vasily Gorbik <[email protected]>
  Will Deacon <[email protected]>
  Wim Van Sebroeck <[email protected]>
  Yoshihiro Shimoda <[email protected]>
  Zhang Rui <[email protected]>
  zhengbin <[email protected]>

jobs:
 build-amd64-xsm                                              pass    
 build-arm64-xsm                                              pass    
 build-i386-xsm                                               pass    
 build-amd64                                                  pass    
 build-arm64                                                  pass    
 build-armhf                                                  pass    
 build-i386                                                   pass    
 build-amd64-libvirt                                          pass    
 build-arm64-libvirt                                          pass    
 build-armhf-libvirt                                          pass    
 build-i386-libvirt                                           pass    
 build-amd64-pvops                                            pass    
 build-arm64-pvops                                            pass    
 build-armhf-pvops                                            pass    
 build-i386-pvops                                             pass    
 test-amd64-amd64-xl                                          pass    
 test-arm64-arm64-xl                                          pass    
 test-armhf-armhf-xl                                          pass    
 test-amd64-i386-xl                                           pass    
 test-amd64-amd64-libvirt-qemuu-debianhvm-amd64-xsm           pass    
 test-amd64-i386-libvirt-qemuu-debianhvm-amd64-xsm            pass    
 test-amd64-amd64-xl-qemut-stubdom-debianhvm-amd64-xsm        pass    
 test-amd64-i386-xl-qemut-stubdom-debianhvm-amd64-xsm         pass    
 test-amd64-amd64-xl-qemut-debianhvm-i386-xsm                 pass    
 test-amd64-i386-xl-qemut-debianhvm-i386-xsm                  pass    
 test-amd64-amd64-xl-qemuu-debianhvm-i386-xsm                 pass    
 test-amd64-i386-xl-qemuu-debianhvm-i386-xsm                  pass    
 test-amd64-amd64-libvirt-xsm                                 pass    
 test-arm64-arm64-libvirt-xsm                                 pass    
 test-amd64-i386-libvirt-xsm                                  pass    
 test-amd64-amd64-xl-xsm                                      pass    
 test-arm64-arm64-xl-xsm                                      pass    
 test-amd64-i386-xl-xsm                                       pass    
 test-amd64-amd64-qemuu-nested-amd                            fail    
 test-amd64-amd64-xl-pvhv2-amd                                fail    
 test-amd64-i386-qemut-rhel6hvm-amd                           pass    
 test-amd64-i386-qemuu-rhel6hvm-amd                           pass    
 test-amd64-amd64-xl-qemut-debianhvm-amd64                    pass    
 test-amd64-i386-xl-qemut-debianhvm-amd64                     pass    
 test-amd64-amd64-xl-qemuu-debianhvm-amd64                    pass    
 test-amd64-i386-xl-qemuu-debianhvm-amd64                     pass    
 test-amd64-i386-freebsd10-amd64                              pass    
 test-amd64-amd64-xl-qemuu-ovmf-amd64                         pass    
 test-amd64-i386-xl-qemuu-ovmf-amd64                          pass    
 test-amd64-amd64-xl-qemut-win7-amd64                         fail    
 test-amd64-i386-xl-qemut-win7-amd64                          fail    
 test-amd64-amd64-xl-qemuu-win7-amd64                         fail    
 test-amd64-i386-xl-qemuu-win7-amd64                          fail    
 test-amd64-amd64-xl-qemut-ws16-amd64                         fail    
 test-amd64-i386-xl-qemut-ws16-amd64                          fail    
 test-amd64-amd64-xl-qemuu-ws16-amd64                         fail    
 test-amd64-i386-xl-qemuu-ws16-amd64                          fail    
 test-armhf-armhf-xl-arndale                                  pass    
 test-amd64-amd64-xl-credit1                                  pass    
 test-arm64-arm64-xl-credit1                                  pass    
 test-armhf-armhf-xl-credit1                                  pass    
 test-amd64-amd64-xl-credit2                                  pass    
 test-arm64-arm64-xl-credit2                                  pass    
 test-armhf-armhf-xl-credit2                                  pass    
 test-armhf-armhf-xl-cubietruck                               pass    
 test-amd64-amd64-xl-qemuu-dmrestrict-amd64-dmrestrict        fail    
 test-amd64-i386-xl-qemuu-dmrestrict-amd64-dmrestrict         fail    
 test-amd64-amd64-examine                                     pass    
 test-arm64-arm64-examine                                     pass    
 test-armhf-armhf-examine                                     pass    
 test-amd64-i386-examine                                      pass    
 test-amd64-i386-freebsd10-i386                               pass    
 test-amd64-amd64-xl-qemut-win10-i386                         fail    
 test-amd64-i386-xl-qemut-win10-i386                          fail    
 test-amd64-amd64-xl-qemuu-win10-i386                         fail    
 test-amd64-i386-xl-qemuu-win10-i386                          fail    
 test-amd64-amd64-qemuu-nested-intel                          pass    
 test-amd64-amd64-xl-pvhv2-intel                              fail    
 test-amd64-i386-qemut-rhel6hvm-intel                         pass    
 test-amd64-i386-qemuu-rhel6hvm-intel                         pass    
 test-amd64-amd64-libvirt                                     pass    
 test-armhf-armhf-libvirt                                     pass    
 test-amd64-i386-libvirt                                      pass    
 test-amd64-amd64-xl-multivcpu                                pass    
 test-armhf-armhf-xl-multivcpu                                pass    
 test-amd64-amd64-pair                                        pass    
 test-amd64-i386-pair                                         pass    
 test-amd64-amd64-libvirt-pair                                pass    
 test-amd64-i386-libvirt-pair                                 pass    
 test-amd64-amd64-amd64-pvgrub                                pass    
 test-amd64-amd64-i386-pvgrub                                 pass    
 test-amd64-amd64-xl-pvshim                                   pass    
 test-amd64-i386-xl-pvshim                                    fail    
 test-amd64-amd64-pygrub                                      pass    
 test-amd64-amd64-xl-qcow2                                    pass    
 test-armhf-armhf-libvirt-raw                                 pass    
 test-amd64-i386-xl-raw                                       pass    
 test-amd64-amd64-xl-rtds                                     fail    
 test-armhf-armhf-xl-rtds                                     pass    
 test-arm64-arm64-xl-seattle                                  pass    
 test-amd64-amd64-xl-qemuu-debianhvm-amd64-shadow             pass    
 test-amd64-i386-xl-qemuu-debianhvm-amd64-shadow              pass    
 test-amd64-amd64-xl-shadow                                   pass    
 test-amd64-i386-xl-shadow                                    pass    
 test-arm64-arm64-xl-thunderx                                 pass    
 test-amd64-amd64-libvirt-vhd                                 pass    
 test-armhf-armhf-xl-vhd                                      pass    


------------------------------------------------------------
sg-report-flight on osstest.test-lab.xenproject.org
logs: /home/logs/logs
images: /home/logs/images

Logs, config files, etc. are available at
    http://logs.test-lab.xenproject.org/osstest/logs

Explanation of these reports, and of osstest in general, is at
    http://xenbits.xen.org/gitweb/?p=osstest.git;a=blob;f=README.email;hb=master
    http://xenbits.xen.org/gitweb/?p=osstest.git;a=blob;f=README;hb=master

Test harness code can be found at
    http://xenbits.xen.org/gitweb?p=osstest.git;a=summary


Not pushing.

(No revision log; it would be 2846 lines long.)

_______________________________________________
Xen-devel mailing list
[email protected]
https://lists.xenproject.org/mailman/listinfo/xen-devel

Reply via email to