flight 143935 libvirt real [real]
http://logs.test-lab.xenproject.org/osstest/logs/143935/

Regressions :-(

Tests which did not succeed and are blocking,
including tests which could not be run:
 build-arm64-libvirt           6 libvirt-build            fail REGR. vs. 143023
 build-amd64-libvirt           6 libvirt-build            fail REGR. vs. 143023
 build-i386-libvirt            6 libvirt-build            fail REGR. vs. 143023
 build-armhf-libvirt           6 libvirt-build            fail REGR. vs. 143023

Tests which did not succeed, but are not blocking:
 test-arm64-arm64-libvirt-qcow2  1 build-check(1)               blocked  n/a
 test-amd64-amd64-libvirt-qemuu-debianhvm-amd64-xsm 1 build-check(1) blocked n/a
 test-amd64-amd64-libvirt-xsm  1 build-check(1)               blocked  n/a
 test-amd64-amd64-libvirt      1 build-check(1)               blocked  n/a
 test-amd64-i386-libvirt-xsm   1 build-check(1)               blocked  n/a
 test-amd64-amd64-libvirt-vhd  1 build-check(1)               blocked  n/a
 test-amd64-amd64-libvirt-pair  1 build-check(1)               blocked  n/a
 test-amd64-i386-libvirt       1 build-check(1)               blocked  n/a
 test-armhf-armhf-libvirt-raw  1 build-check(1)               blocked  n/a
 test-amd64-i386-libvirt-pair  1 build-check(1)               blocked  n/a
 test-armhf-armhf-libvirt      1 build-check(1)               blocked  n/a
 test-arm64-arm64-libvirt-xsm  1 build-check(1)               blocked  n/a
 test-amd64-i386-libvirt-qemuu-debianhvm-amd64-xsm 1 build-check(1) blocked n/a
 test-arm64-arm64-libvirt      1 build-check(1)               blocked  n/a

version targeted for testing:
 libvirt              70218e10bcde54456ac436fee7ce39ce0a7d4457
baseline version:
 libvirt              2cff65e4c60ed7b3c0c6a97d526d1f8d52c0e919

Last test of basis   143023  2019-10-22 04:19:26 Z   18 days
Failing since        143051  2019-10-23 04:18:57 Z   17 days   13 attempts
Testing same since   143935  2019-11-08 20:39:19 Z    0 days    1 attempts

------------------------------------------------------------
People who touched revisions under test:
  Andrea Bolognani <abolo...@redhat.com>
  Andrew Jones <drjo...@redhat.com>
  Daniel P. Berrangé <berra...@redhat.com>
  Daniel Veillard <veill...@redhat.com>
  Eric Blake <ebl...@redhat.com>
  Jim Fehlig <jfeh...@suse.com>
  John Ferlan <jfer...@redhat.com>
  Ján Tomko <jto...@redhat.com>
  Laine Stump <la...@laine.org>
  Laine Stump <la...@redhat.com>
  Maya Rashish <co...@sdf.org>
  Michal Privoznik <mpriv...@redhat.com>
  Pavel Hrdina <phrd...@redhat.com>
  Peter Krempa <pkre...@redhat.com>
  Wang Yechao <wang.yechao...@zte.com.cn>

jobs:
 build-amd64-xsm                                              pass    
 build-arm64-xsm                                              pass    
 build-i386-xsm                                               pass    
 build-amd64                                                  pass    
 build-arm64                                                  pass    
 build-armhf                                                  pass    
 build-i386                                                   pass    
 build-amd64-libvirt                                          fail    
 build-arm64-libvirt                                          fail    
 build-armhf-libvirt                                          fail    
 build-i386-libvirt                                           fail    
 build-amd64-pvops                                            pass    
 build-arm64-pvops                                            pass    
 build-armhf-pvops                                            pass    
 build-i386-pvops                                             pass    
 test-amd64-amd64-libvirt-qemuu-debianhvm-amd64-xsm           blocked 
 test-amd64-i386-libvirt-qemuu-debianhvm-amd64-xsm            blocked 
 test-amd64-amd64-libvirt-xsm                                 blocked 
 test-arm64-arm64-libvirt-xsm                                 blocked 
 test-amd64-i386-libvirt-xsm                                  blocked 
 test-amd64-amd64-libvirt                                     blocked 
 test-arm64-arm64-libvirt                                     blocked 
 test-armhf-armhf-libvirt                                     blocked 
 test-amd64-i386-libvirt                                      blocked 
 test-amd64-amd64-libvirt-pair                                blocked 
 test-amd64-i386-libvirt-pair                                 blocked 
 test-arm64-arm64-libvirt-qcow2                               blocked 
 test-armhf-armhf-libvirt-raw                                 blocked 
 test-amd64-amd64-libvirt-vhd                                 blocked 


------------------------------------------------------------
sg-report-flight on osstest.test-lab.xenproject.org
logs: /home/logs/logs
images: /home/logs/images

Logs, config files, etc. are available at
    http://logs.test-lab.xenproject.org/osstest/logs

Explanation of these reports, and of osstest in general, is at
    http://xenbits.xen.org/gitweb/?p=osstest.git;a=blob;f=README.email;hb=master
    http://xenbits.xen.org/gitweb/?p=osstest.git;a=blob;f=README;hb=master

Test harness code can be found at
    http://xenbits.xen.org/gitweb?p=osstest.git;a=summary


Not pushing.

(No revision log; it would be 1997 lines long.)

_______________________________________________
Xen-devel mailing list
Xen-devel@lists.xenproject.org
https://lists.xenproject.org/mailman/listinfo/xen-devel

Reply via email to