flight 147160 ovmf real [real]
http://logs.test-lab.xenproject.org/osstest/logs/147160/

Regressions :-(

Tests which did not succeed and are blocking,
including tests which could not be run:
 test-amd64-amd64-xl-qemuu-ovmf-amd64 10 debian-hvm-install fail REGR. vs. 
145767
 test-amd64-i386-xl-qemuu-ovmf-amd64 10 debian-hvm-install fail REGR. vs. 145767

version targeted for testing:
 ovmf                 f1d78c489a39971b5aac5d2fc8a39bfa925c3c5d
baseline version:
 ovmf                 70911f1f4aee0366b6122f2b90d367ec0f066beb

Last test of basis   145767  2020-01-08 00:39:09 Z   41 days
Failing since        145774  2020-01-08 02:50:20 Z   41 days  126 attempts
Testing same since   147093  2020-02-15 16:19:17 Z    2 days    2 attempts

------------------------------------------------------------
People who touched revisions under test:
  Aaron Li <[email protected]>
  Albecki, Mateusz <[email protected]>
  Amol N Sukerkar <[email protected]>
  Anthony PERARD <[email protected]>
  Antoine Coeur <[email protected]>
  Ard Biesheuvel <[email protected]>
  Ashish Singhal <[email protected]>
  Bob Feng <[email protected]>
  Bret Barkelew <[email protected]>
  Brian R Haug <[email protected]>
  Chasel Chiu <[email protected]>
  Dandan Bi <[email protected]>
  Eric Dong <[email protected]>
  Fan, ZhijuX <[email protected]>
  Felix Polyudov <[email protected]>
  Guo Dong <[email protected]>
  GuoMinJ <[email protected]>
  Hao A Wu <[email protected]>
  Heng Luo <[email protected]>
  Jason Voelz <[email protected]>
  Jeff Brasen <[email protected]>
  Jian J Wang <[email protected]>
  Kinney, Michael D <[email protected]>
  Krzysztof Koch <[email protected]>
  Laszlo Ersek <[email protected]>
  Leif Lindholm <[email protected]>
  Li, Aaron <[email protected]>
  Liming Gao <[email protected]>
  Liu, Zhiguang <[email protected]>
  Mateusz Albecki <[email protected]>
  Matthew Carlson <[email protected]>
  Michael D Kinney <[email protected]>
  Michael Kubacki <[email protected]>
  Pavana.K <[email protected]>
  Philippe Mathieu-Daud? <[email protected]>
  Philippe Mathieu-Daude <[email protected]>
  Philippe Mathieu-Daudé <[email protected]>
  Philippe Mathieu-Daudé <[email protected]>
  Pierre Gondois <[email protected]>
  Ray Ni <[email protected]>
  Sami Mujawar <[email protected]>
  Sean Brogan <[email protected]>
  Siyuan Fu <[email protected]>
  Siyuan, Fu <[email protected]>
  Steven <[email protected]>
  Steven Shi <[email protected]>
  Sudipto Paul <[email protected]>
  Vitaly Cheptsov <[email protected]>
  Vitaly Cheptsov via Groups.Io <[email protected]>
  Wei6 Xu <[email protected]>
  Xu, Wei6 <[email protected]>
  Zhichao Gao <[email protected]>
  Zhiguang Liu <[email protected]>
  Zhiju.Fan <[email protected]>

jobs:
 build-amd64-xsm                                              pass    
 build-i386-xsm                                               pass    
 build-amd64                                                  pass    
 build-i386                                                   pass    
 build-amd64-libvirt                                          pass    
 build-i386-libvirt                                           pass    
 build-amd64-pvops                                            pass    
 build-i386-pvops                                             pass    
 test-amd64-amd64-xl-qemuu-ovmf-amd64                         fail    
 test-amd64-i386-xl-qemuu-ovmf-amd64                          fail    


------------------------------------------------------------
sg-report-flight on osstest.test-lab.xenproject.org
logs: /home/logs/logs
images: /home/logs/images

Logs, config files, etc. are available at
    http://logs.test-lab.xenproject.org/osstest/logs

Explanation of these reports, and of osstest in general, is at
    http://xenbits.xen.org/gitweb/?p=osstest.git;a=blob;f=README.email;hb=master
    http://xenbits.xen.org/gitweb/?p=osstest.git;a=blob;f=README;hb=master

Test harness code can be found at
    http://xenbits.xen.org/gitweb?p=osstest.git;a=summary


Not pushing.

(No revision log; it would be 5317 lines long.)

_______________________________________________
Xen-devel mailing list
[email protected]
https://lists.xenproject.org/mailman/listinfo/xen-devel

Reply via email to