flight 151016 linux-linus real [real] http://logs.test-lab.xenproject.org/osstest/logs/151016/
Failures :-/ but no regressions. Regressions which are regarded as allowable (not blocking): test-armhf-armhf-xl-rtds 12 guest-start fail REGR. vs. 150931 Tests which did not succeed, but are not blocking: test-amd64-amd64-xl-qemut-win7-amd64 17 guest-stop fail like 150931 test-amd64-amd64-xl-qemuu-win7-amd64 17 guest-stop fail like 150931 test-amd64-amd64-xl-qemut-ws16-amd64 17 guest-stop fail like 150931 test-amd64-i386-xl-qemuu-win7-amd64 17 guest-stop fail like 150931 test-armhf-armhf-libvirt 14 saverestore-support-check fail like 150931 test-armhf-armhf-libvirt-raw 13 saverestore-support-check fail like 150931 test-amd64-i386-xl-qemut-win7-amd64 17 guest-stop fail like 150931 test-amd64-amd64-xl-qemuu-ws16-amd64 17 guest-stop fail like 150931 test-amd64-i386-xl-pvshim 12 guest-start fail never pass test-amd64-amd64-libvirt 13 migrate-support-check fail never pass test-amd64-amd64-libvirt-xsm 13 migrate-support-check fail never pass test-amd64-i386-libvirt 13 migrate-support-check fail never pass test-amd64-i386-libvirt-xsm 13 migrate-support-check fail never pass test-arm64-arm64-xl-seattle 13 migrate-support-check fail never pass test-arm64-arm64-xl-seattle 14 saverestore-support-check fail never pass test-amd64-i386-libvirt-qemuu-debianhvm-amd64-xsm 11 migrate-support-check fail never pass test-amd64-amd64-libvirt-qemuu-debianhvm-amd64-xsm 11 migrate-support-check fail never pass test-arm64-arm64-xl-thunderx 13 migrate-support-check fail never pass test-arm64-arm64-xl-thunderx 14 saverestore-support-check fail never pass test-arm64-arm64-xl-credit2 13 migrate-support-check fail never pass test-arm64-arm64-xl-credit2 14 saverestore-support-check fail never pass test-arm64-arm64-xl-credit1 13 migrate-support-check fail never pass test-arm64-arm64-xl-credit1 14 saverestore-support-check fail never pass test-arm64-arm64-libvirt-xsm 13 migrate-support-check fail never pass test-arm64-arm64-libvirt-xsm 14 saverestore-support-check fail never pass test-amd64-amd64-libvirt-vhd 12 migrate-support-check fail never pass test-armhf-armhf-xl-arndale 13 migrate-support-check fail never pass test-armhf-armhf-xl-arndale 14 saverestore-support-check fail never pass test-armhf-armhf-xl-cubietruck 13 migrate-support-check fail never pass test-armhf-armhf-xl-cubietruck 14 saverestore-support-check fail never pass test-amd64-i386-xl-qemuu-ws16-amd64 17 guest-stop fail never pass test-arm64-arm64-xl-xsm 13 migrate-support-check fail never pass test-arm64-arm64-xl-xsm 14 saverestore-support-check fail never pass test-arm64-arm64-xl 13 migrate-support-check fail never pass test-arm64-arm64-xl 14 saverestore-support-check fail never pass test-amd64-i386-xl-qemut-ws16-amd64 17 guest-stop fail never pass test-armhf-armhf-xl-multivcpu 13 migrate-support-check fail never pass test-armhf-armhf-xl-multivcpu 14 saverestore-support-check fail never pass test-armhf-armhf-xl-credit2 13 migrate-support-check fail never pass test-armhf-armhf-xl-credit2 14 saverestore-support-check fail never pass test-armhf-armhf-libvirt 13 migrate-support-check fail never pass test-armhf-armhf-xl-vhd 12 migrate-support-check fail never pass test-armhf-armhf-xl-vhd 13 saverestore-support-check fail never pass test-armhf-armhf-libvirt-raw 12 migrate-support-check fail never pass test-armhf-armhf-xl-credit1 13 migrate-support-check fail never pass test-armhf-armhf-xl-credit1 14 saverestore-support-check fail never pass test-armhf-armhf-xl 13 migrate-support-check fail never pass test-armhf-armhf-xl 14 saverestore-support-check fail never pass test-amd64-amd64-qemuu-nested-amd 17 debian-hvm-install/l1/l2 fail never pass version targeted for testing: linux 5b14671be58d0084e7e2d1cc9c2c36a94467f6e0 baseline version: linux abfbb29297c27e3f101f348dc9e467b0fe70f919 Last test of basis 150931 2020-06-09 00:40:27 Z 2 days Failing since 150945 2020-06-09 17:08:56 Z 1 days 2 attempts Testing same since 151016 2020-06-10 12:58:42 Z 0 days 1 attempts ------------------------------------------------------------ People who touched revisions under test: Al Viro <[email protected]> Alexander Potapenko <[email protected]> Amir Goldstein <[email protected]> Anders Roxell <[email protected]> Andrei Vagin <[email protected]> Andrew Morton <[email protected]> Borislav Petkov <[email protected]> Brian Cain <[email protected]> Chao Yu <[email protected]> Cheng Jian <[email protected]> Chengguang Xu <[email protected]> Christian Borntraeger <[email protected]> Christoph Hellwig <[email protected]> Christoph Lameter <[email protected]> Colin Ian King <[email protected]> Daeho Jeong <[email protected]> Dan Carpenter <[email protected]> Daniel Thompson <[email protected]> Dave Botsch <[email protected]> David Gow <[email protected]> David Howells <[email protected]> David S. Miller <[email protected]> Dmitry Safonov <[email protected]> Eric Biggers <[email protected]> Eryu Guan <[email protected]> Geert Uytterhoeven <[email protected]> Greg Ungerer <[email protected]> hyeongseok.kim <[email protected]> Jaegeuk Kim <[email protected]> Jason Yan <[email protected]> Jeffle Xu <[email protected]> Joe Perches <[email protected]> John Johansen <[email protected]> Josh Poimboeuf <[email protected]> Julia Lawall <[email protected]> Kees Cook <[email protected]> Kirill Tkhai <[email protected]> Konstantin Khlebnikov <[email protected]> Linus Torvalds <[email protected]> Lothar Rubusch <[email protected]> Lubos Dolezel <[email protected]> Luis Chamberlain <[email protected]> Ma Feng <[email protected]> Mark Brown <[email protected]> Mark Gross <[email protected]> Masami Hiramatsu <[email protected]> Masayoshi Mizuma <[email protected]> Maxim Patlasov <[email protected]> Mel Gorman <[email protected]> Michael Ellerman <[email protected]> (powerpc) Michel Lespinasse <[email protected]> Mike Rapoport <[email protected]> Miklos Szeredi <[email protected]> Namjae Jeon <[email protected]> Neelima Krishnan <[email protected]> Nikita Sobolev <[email protected]> Nishad Kamdar <[email protected]> Oleg Nesterov <[email protected]> Pali Rohár <[email protected]> Peter Zijlstra (Intel) <[email protected]> Peter Zijlstra <[email protected]> Rafael Aquini <[email protected]> Rafael J. Wysocki <[email protected]> Randy Dunlap <[email protected]> Sahitya Tummala <[email protected]> Sayali Lokhande <[email protected]> Shuah Khan <[email protected]> Stephen Rothwell <[email protected]> Steven Rostedt (VMware) <[email protected]> Steven Rostedt (VMware) <[email protected]> Sungjong Seo <[email protected]> Sven Schnelle <[email protected]> Tetsuhiro Kohada <[email protected]> Tetsuhiro Kohada <[email protected]> Thomas Gleixner <[email protected]> Tom Zanussi <[email protected]> Vasily Averin <[email protected]> Veronika Kabatova <[email protected]> Vincenzo Frascino <[email protected]> Vitor Massaru Iha <[email protected]> Vivek Goyal <[email protected]> youngjun <[email protected]> YueHaibing <[email protected]> Yuxuan Shui <[email protected]> Zhihao Cheng <[email protected]> jobs: build-amd64-xsm pass build-arm64-xsm pass build-i386-xsm pass build-amd64 pass build-arm64 pass build-armhf pass build-i386 pass build-amd64-libvirt pass build-arm64-libvirt pass build-armhf-libvirt pass build-i386-libvirt pass build-amd64-pvops pass build-arm64-pvops pass build-armhf-pvops pass build-i386-pvops pass test-amd64-amd64-xl pass test-amd64-coresched-amd64-xl pass test-arm64-arm64-xl pass test-armhf-armhf-xl pass test-amd64-i386-xl pass test-amd64-coresched-i386-xl pass test-amd64-amd64-libvirt-qemuu-debianhvm-amd64-xsm pass test-amd64-i386-libvirt-qemuu-debianhvm-amd64-xsm pass test-amd64-amd64-xl-qemut-stubdom-debianhvm-amd64-xsm pass test-amd64-i386-xl-qemut-stubdom-debianhvm-amd64-xsm pass test-amd64-amd64-xl-qemut-debianhvm-i386-xsm pass test-amd64-i386-xl-qemut-debianhvm-i386-xsm pass test-amd64-amd64-xl-qemuu-debianhvm-i386-xsm pass test-amd64-i386-xl-qemuu-debianhvm-i386-xsm pass test-amd64-amd64-libvirt-xsm pass test-arm64-arm64-libvirt-xsm pass test-amd64-i386-libvirt-xsm pass test-amd64-amd64-xl-xsm pass test-arm64-arm64-xl-xsm pass test-amd64-i386-xl-xsm pass test-amd64-amd64-qemuu-nested-amd fail test-amd64-amd64-xl-pvhv2-amd pass test-amd64-i386-qemut-rhel6hvm-amd pass test-amd64-i386-qemuu-rhel6hvm-amd pass test-amd64-amd64-xl-qemut-debianhvm-amd64 pass test-amd64-i386-xl-qemut-debianhvm-amd64 pass test-amd64-amd64-xl-qemuu-debianhvm-amd64 pass test-amd64-i386-xl-qemuu-debianhvm-amd64 pass test-amd64-i386-freebsd10-amd64 pass test-amd64-amd64-xl-qemuu-ovmf-amd64 pass test-amd64-i386-xl-qemuu-ovmf-amd64 pass test-amd64-amd64-xl-qemut-win7-amd64 fail test-amd64-i386-xl-qemut-win7-amd64 fail test-amd64-amd64-xl-qemuu-win7-amd64 fail test-amd64-i386-xl-qemuu-win7-amd64 fail test-amd64-amd64-xl-qemut-ws16-amd64 fail test-amd64-i386-xl-qemut-ws16-amd64 fail test-amd64-amd64-xl-qemuu-ws16-amd64 fail test-amd64-i386-xl-qemuu-ws16-amd64 fail test-armhf-armhf-xl-arndale pass test-amd64-amd64-xl-credit1 pass test-arm64-arm64-xl-credit1 pass test-armhf-armhf-xl-credit1 pass test-amd64-amd64-xl-credit2 pass test-arm64-arm64-xl-credit2 pass test-armhf-armhf-xl-credit2 pass test-armhf-armhf-xl-cubietruck pass test-amd64-amd64-xl-qemuu-dmrestrict-amd64-dmrestrict pass test-amd64-i386-xl-qemuu-dmrestrict-amd64-dmrestrict pass test-amd64-amd64-examine pass test-arm64-arm64-examine pass test-armhf-armhf-examine pass test-amd64-i386-examine pass test-amd64-i386-freebsd10-i386 pass test-amd64-amd64-qemuu-nested-intel pass test-amd64-amd64-xl-pvhv2-intel pass test-amd64-i386-qemut-rhel6hvm-intel pass test-amd64-i386-qemuu-rhel6hvm-intel pass test-amd64-amd64-libvirt pass test-armhf-armhf-libvirt pass test-amd64-i386-libvirt pass test-amd64-amd64-xl-multivcpu pass test-armhf-armhf-xl-multivcpu pass test-amd64-amd64-pair pass test-amd64-i386-pair pass test-amd64-amd64-libvirt-pair pass test-amd64-i386-libvirt-pair pass test-amd64-amd64-amd64-pvgrub pass test-amd64-amd64-i386-pvgrub pass test-amd64-amd64-xl-pvshim pass test-amd64-i386-xl-pvshim fail test-amd64-amd64-pygrub pass test-amd64-amd64-xl-qcow2 pass test-armhf-armhf-libvirt-raw pass test-amd64-i386-xl-raw pass test-amd64-amd64-xl-rtds pass test-armhf-armhf-xl-rtds fail test-arm64-arm64-xl-seattle pass test-amd64-amd64-xl-qemuu-debianhvm-amd64-shadow pass test-amd64-i386-xl-qemuu-debianhvm-amd64-shadow pass test-amd64-amd64-xl-shadow pass test-amd64-i386-xl-shadow pass test-arm64-arm64-xl-thunderx pass test-amd64-amd64-libvirt-vhd pass test-armhf-armhf-xl-vhd pass ------------------------------------------------------------ sg-report-flight on osstest.test-lab.xenproject.org logs: /home/logs/logs images: /home/logs/images Logs, config files, etc. are available at http://logs.test-lab.xenproject.org/osstest/logs Explanation of these reports, and of osstest in general, is at http://xenbits.xen.org/gitweb/?p=osstest.git;a=blob;f=README.email;hb=master http://xenbits.xen.org/gitweb/?p=osstest.git;a=blob;f=README;hb=master Test harness code can be found at http://xenbits.xen.org/gitweb?p=osstest.git;a=summary Pushing revision : hint: The 'hooks/update' hook was ignored because it's not set as executable. hint: You can disable this warning with `git config advice.ignoredHook false`. hint: The 'hooks/post-receive' hook was ignored because it's not set as executable. hint: You can disable this warning with `git config advice.ignoredHook false`. hint: The 'hooks/post-update' hook was ignored because it's not set as executable. hint: You can disable this warning with `git config advice.ignoredHook false`. To xenbits.xen.org:/home/xen/git/linux-pvops.git abfbb29297c2..5b14671be58d 5b14671be58d0084e7e2d1cc9c2c36a94467f6e0 -> tested/linux-linus
