flight 155547 xen-unstable-smoke real [real] http://logs.test-lab.xenproject.org/osstest/logs/155547/
Failures :-/ but no regressions. Tests which did not succeed, but are not blocking: test-amd64-amd64-libvirt 13 migrate-support-check fail never pass test-arm64-arm64-xl-xsm 13 migrate-support-check fail never pass test-arm64-arm64-xl-xsm 14 saverestore-support-check fail never pass test-armhf-armhf-xl 13 migrate-support-check fail never pass test-armhf-armhf-xl 14 saverestore-support-check fail never pass version targeted for testing: xen 0241809bf838875615797f52af34222e5ab8e98f baseline version: xen 7a519f8bda6f3505a4c1fbf277f002aa0c12ab9a Last test of basis 155521 2020-10-07 16:00:31 Z 1 days Testing same since 155547 2020-10-08 13:01:25 Z 0 days 1 attempts ------------------------------------------------------------ People who touched revisions under test: Bertrand Marquis <[email protected]> Christian Lindig <[email protected]> Edwin Török <[email protected]> Juergen Gross <[email protected]> Wei Liu <[email protected]> jobs: build-arm64-xsm pass build-amd64 pass build-armhf pass build-amd64-libvirt pass test-armhf-armhf-xl pass test-arm64-arm64-xl-xsm pass test-amd64-amd64-xl-qemuu-debianhvm-amd64 pass test-amd64-amd64-libvirt pass ------------------------------------------------------------ sg-report-flight on osstest.test-lab.xenproject.org logs: /home/logs/logs images: /home/logs/images Logs, config files, etc. are available at http://logs.test-lab.xenproject.org/osstest/logs Explanation of these reports, and of osstest in general, is at http://xenbits.xen.org/gitweb/?p=osstest.git;a=blob;f=README.email;hb=master http://xenbits.xen.org/gitweb/?p=osstest.git;a=blob;f=README;hb=master Test harness code can be found at http://xenbits.xen.org/gitweb?p=osstest.git;a=summary Pushing revision : To xenbits.xen.org:/home/xen/git/xen.git 7a519f8bda..0241809bf8 0241809bf838875615797f52af34222e5ab8e98f -> smoke
