flight 155957 ovmf real [real]
flight 155967 ovmf real-retest [real]
http://logs.test-lab.xenproject.org/osstest/logs/155957/
http://logs.test-lab.xenproject.org/osstest/logs/155967/

Regressions :-(

Tests which did not succeed and are blocking,
including tests which could not be run:
 test-amd64-i386-xl-qemuu-ovmf-amd64 18 guest-localmigrate/x10 fail REGR. vs. 
155942

version targeted for testing:
 ovmf                 709b163940c55604b983400eb49dad144a2aa091
baseline version:
 ovmf                 73e3cb6c7eea4f5db81c87574dcefe1282de4772

Last test of basis   155942  2020-10-18 01:09:50 Z    0 days
Testing same since   155957  2020-10-18 11:07:14 Z    0 days    1 attempts

------------------------------------------------------------
People who touched revisions under test:
  Terry Lee <[email protected]>
  Zhichao Gao <[email protected]>

jobs:
 build-amd64-xsm                                              pass    
 build-i386-xsm                                               pass    
 build-amd64                                                  pass    
 build-i386                                                   pass    
 build-amd64-libvirt                                          pass    
 build-i386-libvirt                                           pass    
 build-amd64-pvops                                            pass    
 build-i386-pvops                                             pass    
 test-amd64-amd64-xl-qemuu-ovmf-amd64                         pass    
 test-amd64-i386-xl-qemuu-ovmf-amd64                          fail    


------------------------------------------------------------
sg-report-flight on osstest.test-lab.xenproject.org
logs: /home/logs/logs
images: /home/logs/images

Logs, config files, etc. are available at
    http://logs.test-lab.xenproject.org/osstest/logs

Explanation of these reports, and of osstest in general, is at
    http://xenbits.xen.org/gitweb/?p=osstest.git;a=blob;f=README.email;hb=master
    http://xenbits.xen.org/gitweb/?p=osstest.git;a=blob;f=README;hb=master

Test harness code can be found at
    http://xenbits.xen.org/gitweb?p=osstest.git;a=summary


Not pushing.

------------------------------------------------------------
commit 709b163940c55604b983400eb49dad144a2aa091
Author: Terry Lee <[email protected]>
Date:   Thu Jul 9 10:46:47 2020 +0800

    SecurityPkg/Tcg2PhysicalPresenceLib: Fix incorrect TCG VER comparision
    
    REF: https://bugzilla.tianocore.org/show_bug.cgi?id=2697
    
    Tcg2PhysicalPresenceLibConstructor set the module variable
    mIsTcg2PPVerLowerThan_1_3 with incorrect TCG version comparision.
    
    Cc: Jiewen Yao <[email protected]>
    Cc: Jian J Wang <[email protected]>
    Cc: Chao Zhang <[email protected]>
    Signed-off-by: Zhichao Gao <[email protected]>
    Reviewed-by: Jiewen Yao <[email protected]>

Reply via email to