flight 156235 xen-unstable-smoke real [real] http://logs.test-lab.xenproject.org/osstest/logs/156235/
Regressions :-( Tests which did not succeed and are blocking, including tests which could not be run: build-amd64 6 xen-build fail REGR. vs. 156117 build-arm64-xsm 6 xen-build fail REGR. vs. 156117 build-armhf 6 xen-build fail REGR. vs. 156117 Tests which did not succeed, but are not blocking: build-amd64-libvirt 1 build-check(1) blocked n/a test-amd64-amd64-libvirt 1 build-check(1) blocked n/a test-amd64-amd64-xl-qemuu-debianhvm-amd64 1 build-check(1) blocked n/a test-arm64-arm64-xl-xsm 1 build-check(1) blocked n/a test-armhf-armhf-xl 1 build-check(1) blocked n/a version targeted for testing: xen 4ddd6499d999a7d08cabfda5b0262e473dd5beed baseline version: xen 6ca70821b59849ad97c3fadc47e63c1a4af1a78c Last test of basis 156117 2020-10-23 09:01:23 Z 2 days Failing since 156120 2020-10-23 14:01:24 Z 2 days 32 attempts Testing same since 156129 2020-10-23 18:01:24 Z 2 days 31 attempts ------------------------------------------------------------ People who touched revisions under test: Andrew Cooper <[email protected]> Bertrand Marquis <[email protected]> Christian Lindig <[email protected]> George Dunlap <[email protected]> Ian Jackson <[email protected]> Ian Jackson <[email protected]> Jan Beulich <[email protected]> Jason Andryuk <[email protected]> Juergen Gross <[email protected]> Wei Liu <[email protected]> jobs: build-arm64-xsm fail build-amd64 fail build-armhf fail build-amd64-libvirt blocked test-armhf-armhf-xl blocked test-arm64-arm64-xl-xsm blocked test-amd64-amd64-xl-qemuu-debianhvm-amd64 blocked test-amd64-amd64-libvirt blocked ------------------------------------------------------------ sg-report-flight on osstest.test-lab.xenproject.org logs: /home/logs/logs images: /home/logs/images Logs, config files, etc. are available at http://logs.test-lab.xenproject.org/osstest/logs Explanation of these reports, and of osstest in general, is at http://xenbits.xen.org/gitweb/?p=osstest.git;a=blob;f=README.email;hb=master http://xenbits.xen.org/gitweb/?p=osstest.git;a=blob;f=README;hb=master Test harness code can be found at http://xenbits.xen.org/gitweb?p=osstest.git;a=summary Not pushing. ------------------------------------------------------------ commit 4ddd6499d999a7d08cabfda5b0262e473dd5beed Author: Jason Andryuk <[email protected]> Date: Sun May 24 22:55:06 2020 -0400 SUPPORT: Add linux device model stubdom to Toolstack Add qemu-xen linux device model stubdomain to the Toolstack section as a Tech Preview. Signed-off-by: Jason Andryuk <[email protected]> Acked-by: George Dunlap <[email protected]> Acked-by: Ian Jackson <[email protected]> commit 06f0598b41f23c9e4cf7d8c5a05b282de92f3a35 Author: Jan Beulich <[email protected]> Date: Fri Oct 23 18:03:18 2020 +0200 x86emul: fix PINSRW and adjust other {,V}PINSR* The use of simd_packed_int together with no further update to op_bytes has lead to wrong signaling of #GP(0) for PINSRW without a 16-byte aligned memory operand. Use simd_none instead and override it after general decoding with simd_other, like is done for the B/D/Q siblings. While benign, for consistency also use DstImplicit instead of DstReg in x86_decode_twobyte(). PINSR{B,D,Q} also had a stray (redundant) get_fpu() invocation, which gets dropped. For further consistency also - use src.bytes instead of op_bytes in relevant memcpy() invocations, - avoid the pointless updating of op_bytes (all we care about later is that the value be less than 16). Signed-off-by: Jan Beulich <[email protected]> Acked-by: Andrew Cooper <[email protected]> commit 9af5e2b31b4e6f3892b4614ecd0a619af5d64d7e Author: Juergen Gross <[email protected]> Date: Mon Oct 19 17:27:54 2020 +0200 tools/libs/store: don't use symbolic links for external files Instead of using symbolic links to include files from xenstored use the vpath directive and an include path. Signed-off-by: Juergen Gross <[email protected]> Acked-by: Christian Lindig <[email protected]> Tested-by: Bertrand Marquis <[email protected]> Acked-by: Ian Jackson <[email protected]> commit 588756db020e73e6f5e4407bbf78fbd53f15b731 Author: Juergen Gross <[email protected]> Date: Mon Oct 19 17:27:54 2020 +0200 tools/libs/guest: don't use symbolic links for xenctrl headers Instead of using symbolic links for accessing the xenctrl private headers use an include path instead. Signed-off-by: Juergen Gross <[email protected]> Acked-by: Christian Lindig <[email protected]> Tested-by: Bertrand Marquis <[email protected]> Acked-by: Ian Jackson <[email protected]> commit 4664034cdc720a52913bc26358240bb9d3798527 Author: Juergen Gross <[email protected]> Date: Mon Oct 19 17:27:54 2020 +0200 tools/libs: move official headers to common directory Instead of each library having an own include directory move the official headers to tools/include instead. This will drop the need to link those headers to tools/include and there is no need any longer to have library-specific include paths when building Xen. While at it remove setting of the unused variable PKG_CONFIG_CFLAGS_LOCAL in libs/*/Makefile. Signed-off-by: Juergen Gross <[email protected]> Acked-by: Christian Lindig <[email protected]> Tested-by: Bertrand Marquis <[email protected]> Acked-by: Ian Jackson <[email protected]> commit 154137dfdba334348887baf0be9693c407f7cef3 Author: Juergen Gross <[email protected]> Date: Wed Oct 7 08:50:03 2020 +0200 stubdom: add xenstore pvh stubdom Add a PVH xenstore stubdom in order to support a Xenstore stubdom on a hypervisor built without PV-support. Signed-off-by: Juergen Gross <[email protected]> Reviewed-by: Samuel Thibault <[email protected]> Acked-by: Wei Liu <[email protected]> commit f89955449c5a47ff688e91873bbce4c3670ed9fe Author: Juergen Gross <[email protected]> Date: Fri Oct 23 15:53:10 2020 +0200 tools/init-xenstore-domain: support xenstore pvh stubdom Instead of creating the xenstore-stubdom domain first and parsing the kernel later do it the other way round. This enables to probe for the domain type supported by the xenstore-stubdom and to support both, pv and pvh type stubdoms. Try to parse the stubdom image first for PV support, if this fails use HVM. Then create the domain with the appropriate type selected. Signed-off-by: Juergen Gross <[email protected]> Acked-by: Wei Liu <[email protected]> commit 56c1aca6a2bc013f45e7af2fa88605a693402770 Author: Juergen Gross <[email protected]> Date: Fri Oct 23 15:53:09 2020 +0200 tools/init-xenstore-domain: add logging Add a possibility to do logging in init-xenstore-domain: use -v[...] for selecting the log-level as in xl, log to stderr. Signed-off-by: Juergen Gross <[email protected]> Acked-by: Wei Liu <[email protected]> commit 70cf8e9acada638f68c1c597d7580500d9f21c91 Author: Juergen Gross <[email protected]> Date: Wed Sep 9 13:59:44 2020 +0200 maintainers: remove unreachable remus maintainer The mails for Yang Hongyang are bouncing, remove him from MAINTAINERS file. Signed-off-by: Juergen Gross <[email protected]> Acked-by: Ian Jackson <[email protected]> commit 032a96e5ef38f96eccfebbf8a0dbd83dc7beb625 Author: Juergen Gross <[email protected]> Date: Wed Sep 9 13:59:43 2020 +0200 maintainers: fix libxl paths Fix the paths of libxl in the MAINTAINERS file. Signed-off-by: Juergen Gross <[email protected]> Acked-by: Ian Jackson <[email protected]> (qemu changes not included)
