flight 156984 linux-5.4 real [real] http://logs.test-lab.xenproject.org/osstest/logs/156984/
Failures :-/ but no regressions. Tests which did not succeed, but are not blocking: test-amd64-amd64-xl-qemuu-win7-amd64 19 guest-stop fail like 156942 test-amd64-i386-xl-qemut-win7-amd64 19 guest-stop fail like 156942 test-amd64-amd64-xl-qemut-win7-amd64 19 guest-stop fail like 156942 test-amd64-amd64-xl-qemuu-dmrestrict-amd64-dmrestrict 14 guest-start/debianhvm.repeat fail like 156942 test-armhf-armhf-libvirt 16 saverestore-support-check fail like 156942 test-amd64-amd64-qemuu-nested-amd 20 debian-hvm-install/l1/l2 fail like 156942 test-amd64-amd64-xl-qemuu-ws16-amd64 19 guest-stop fail like 156942 test-amd64-amd64-xl-qemut-ws16-amd64 19 guest-stop fail like 156942 test-amd64-i386-xl-qemuu-win7-amd64 19 guest-stop fail like 156942 test-amd64-i386-xl-qemut-ws16-amd64 19 guest-stop fail like 156942 test-armhf-armhf-libvirt-raw 15 saverestore-support-check fail like 156942 test-amd64-i386-xl-qemuu-ws16-amd64 19 guest-stop fail like 156942 test-amd64-i386-xl-pvshim 14 guest-start fail never pass test-amd64-amd64-libvirt-xsm 15 migrate-support-check fail never pass test-amd64-i386-libvirt 15 migrate-support-check fail never pass test-amd64-amd64-libvirt 15 migrate-support-check fail never pass test-amd64-i386-libvirt-xsm 15 migrate-support-check fail never pass test-arm64-arm64-xl-seattle 15 migrate-support-check fail never pass test-arm64-arm64-xl-seattle 16 saverestore-support-check fail never pass test-amd64-i386-libvirt-qemuu-debianhvm-amd64-xsm 13 migrate-support-check fail never pass test-amd64-amd64-libvirt-qemuu-debianhvm-amd64-xsm 13 migrate-support-check fail never pass test-arm64-arm64-xl 15 migrate-support-check fail never pass test-arm64-arm64-xl 16 saverestore-support-check fail never pass test-arm64-arm64-xl-xsm 15 migrate-support-check fail never pass test-arm64-arm64-xl-xsm 16 saverestore-support-check fail never pass test-arm64-arm64-xl-credit1 15 migrate-support-check fail never pass test-arm64-arm64-xl-credit1 16 saverestore-support-check fail never pass test-arm64-arm64-libvirt-xsm 15 migrate-support-check fail never pass test-arm64-arm64-xl-credit2 15 migrate-support-check fail never pass test-arm64-arm64-libvirt-xsm 16 saverestore-support-check fail never pass test-arm64-arm64-xl-credit2 16 saverestore-support-check fail never pass test-arm64-arm64-xl-thunderx 15 migrate-support-check fail never pass test-arm64-arm64-xl-thunderx 16 saverestore-support-check fail never pass test-armhf-armhf-xl-arndale 15 migrate-support-check fail never pass test-armhf-armhf-xl-arndale 16 saverestore-support-check fail never pass test-amd64-amd64-libvirt-vhd 14 migrate-support-check fail never pass test-armhf-armhf-xl-cubietruck 15 migrate-support-check fail never pass test-armhf-armhf-xl-cubietruck 16 saverestore-support-check fail never pass test-armhf-armhf-xl-credit2 15 migrate-support-check fail never pass test-armhf-armhf-xl-credit2 16 saverestore-support-check fail never pass test-armhf-armhf-xl-multivcpu 15 migrate-support-check fail never pass test-armhf-armhf-xl-multivcpu 16 saverestore-support-check fail never pass test-armhf-armhf-xl 15 migrate-support-check fail never pass test-armhf-armhf-xl 16 saverestore-support-check fail never pass test-armhf-armhf-libvirt 15 migrate-support-check fail never pass test-armhf-armhf-xl-vhd 14 migrate-support-check fail never pass test-armhf-armhf-xl-vhd 15 saverestore-support-check fail never pass test-armhf-armhf-libvirt-raw 14 migrate-support-check fail never pass test-armhf-armhf-xl-credit1 15 migrate-support-check fail never pass test-armhf-armhf-xl-credit1 16 saverestore-support-check fail never pass test-armhf-armhf-xl-rtds 3 hosts-allocate starved n/a version targeted for testing: linux 9f4b26f3ea18cb2066c9e58a84ff202c71739a41 baseline version: linux fc8334619167ce90b6d3f76e3dce9284dbe14fa2 Last test of basis 156942 2020-11-22 09:40:34 Z 2 days Testing same since 156984 2020-11-24 13:11:22 Z 0 days 1 attempts ------------------------------------------------------------ People who touched revisions under test: Aaron Lewis <[email protected]> Adam Ford <[email protected]> Adrian Hunter <[email protected]> Ahmad Fatoum <[email protected]> # stpmic1 Alejandro Concepcion Rodriguez <[email protected]> Alex Deucher <[email protected]> Alexei Starovoitov <[email protected]> Anant Thazhemadam <[email protected]> Andreas Gruenbacher <[email protected]> Andrew Morton <[email protected]> Andy Shevchenko <[email protected]> Ard Biesheuvel <[email protected]> Arnaldo Carvalho de Melo <[email protected]> Arvind Sankar <[email protected]> Aya Levin <[email protected]> Benjamin Tissoires <[email protected]> Bjørn Mork <[email protected]> Borislav Petkov <[email protected]> Brian O'Keefe <[email protected]> Can Guo <[email protected]> Charan Teja Reddy <[email protected]> Chen Yu <[email protected]> Chen-Yu Tsai <[email protected]> Chris Co <[email protected]> Christoph Hellwig <[email protected]> Claire Chang <[email protected]> Clément Péron <[email protected]> Colin Ian King <[email protected]> Corentin Labbe <[email protected]> Corentin Labbe <[email protected]> Dan Carpenter <[email protected]> Dan Murphy <[email protected]> Daniel Borkmann <[email protected]> Darrick J. Wong <[email protected]> David Rientjes <[email protected]> Denis Yulevich <[email protected]> Dmitry Torokhov <[email protected]> Dongli Zhang <[email protected]> Edwin Peer <[email protected]> Eli Cohen <[email protected]> Emilio López <[email protected]> Enric Balletbo i Serra <[email protected]> Fabien Parent <[email protected]> Fabio Estevam <[email protected]> Faiz Abbas <[email protected]> Felix Fietkau <[email protected]> Filip Moc <[email protected]> Florian Fainelli <[email protected]> Fugang Duan <[email protected]> Gerald Schaefer <[email protected]> Greg Kroah-Hartman <[email protected]> Guenter Roeck <[email protected]> Hans de Goede <[email protected]> Harry Cutts <[email protected]> Hauke Mehrtens <[email protected]> Heiko Carstens <[email protected]> Heiner Kallweit <[email protected]> Ido Schimmel <[email protected]> Jakub Kicinski <[email protected]> Jan Kara <[email protected]> Jarkko Nikula <[email protected]> Jason Gunthorpe <[email protected]> Jeff Dike <[email protected]> Jens Axboe <[email protected]> Jernej Skrabec <[email protected]> Jianqun Xu <[email protected]> Jimmy Assarsson <[email protected]> Jiri Kosina <[email protected]> Jiri Olsa <[email protected]> Joakim Tjernlund <[email protected]> Joel Stanley <[email protected]> Joerg Roedel <[email protected]> Johannes Berg <[email protected]> Johannes Weiner <[email protected]> John Fastabend <[email protected]> Jon Hunter <[email protected]> Jonathan Cameron <[email protected]> Kailang Yang <[email protected]> Karsten Graul <[email protected]> Kees Cook <[email protected]> Leo Yan <[email protected]> Linus Torvalds <[email protected]> Linus Walleij <[email protected]> Linux Kernel Functional Testing <[email protected]> Loris Fauster <[email protected]> Lu Baolu <[email protected]> Lucas Stach <[email protected]> Lukas Wunner <[email protected]> Lukasz Hawrylko <[email protected]> Luo Meng <[email protected]> Marc Kleine-Budde <[email protected]> Marc Zyngier <[email protected]> Marcelo Ricardo Leitner <[email protected]> Mark Brown <[email protected]> Martin Blumenstingl <[email protected]> Martin K. Petersen <[email protected]> Masami Hiramatsu <[email protected]> Max Filippov <[email protected]> Maxime Ripard <[email protected]> Michael Chan <[email protected]> Michael Guralnik <[email protected]> Michael Hennerich <[email protected]> Michael S. Tsirkin <[email protected]> Michal Kalderon <[email protected]> Michał Mirosław <[email protected]> Mickaël Salaün <[email protected]> Muchun Song <[email protected]> Neal Cardwell <[email protected]> Necip Fazil Yildiran <[email protected]> Nenad Peric <[email protected]> Nishanth Menon <[email protected]> Paolo Bonzini <[email protected]> Paul Barker <[email protected]> Paul Moore <[email protected]> Pavel Machek <[email protected]> PeiSen Hou <[email protected]> Peter Hutterer <[email protected]> Peter Zijlstra (Intel) <[email protected]> Qinglang Miao <[email protected]> Quentin Perret <[email protected]> Rafael J. Wysocki <[email protected]> Ralph Siemsen <[email protected]> Randy Dunlap <[email protected]> Rodrigo Vivi <[email protected]> Roman Gushchin <[email protected]> Ryan Sharpelletti <[email protected]> Saeed Mahameed <[email protected]> Sam Nobs <[email protected]> Samuel Thibault <[email protected]> Sasha Levin <[email protected]> Sean Nyekjaer <[email protected]> Sean Tranchetti <[email protected]> Sebastian Andrzej Siewior <[email protected]> Sergey Matyukevich <[email protected]> Shawn Guo <[email protected]> Shisong Qin <[email protected]> Shuah Khan <[email protected]> Soheil Hassas Yeganeh <[email protected]> Srinivasa Rao Mandadapu <[email protected]> Stefan Haberland <[email protected]> Stephen Rothwell <[email protected]> Subash Abhinov Kasiviswanathan <[email protected]> Sumanth Korikkar <[email protected]> Sven Van Asbroeck <[email protected]> Sven Van Asbroeck <[email protected]> # arm imx6 lan7430 Takashi Iwai <[email protected]> Takashi Sakamoto <[email protected]> Tariq Toukan <[email protected]> Theodore Ts'o <[email protected]> Thomas Bogendoerfer <[email protected]> Thomas Richter <[email protected]> Tobias Waldekranz <[email protected]> Ulf Hansson <[email protected]> Uwe Kleine-König <[email protected]> V Sujith Kumar Reddy <[email protected]> Vadim Fedorenko <[email protected]> Vamshi K Sthambamkadi <[email protected]> Ville Syrjälä <[email protected]> Vladimir Oltean <[email protected]> Vladyslav Tarasiuk <[email protected]> Vlastimil Babka <[email protected]> Wang Hai <[email protected]> Wei Liu <[email protected]> Will Deacon <[email protected]> Wu Bo <[email protected]> Xie He <[email protected]> Xin Long <[email protected]> Xiongfeng Wang <[email protected]> Yi-Hung Wei <[email protected]> Yicong Yang <[email protected]> Yu Kuai <[email protected]> Yuchung Cheng <[email protected]> Zhang Changzhong <[email protected]> Zhang Qilong <[email protected]> Zhenzhong Duan <[email protected]> jobs: build-amd64-xsm pass build-arm64-xsm pass build-i386-xsm pass build-amd64 pass build-arm64 pass build-armhf pass build-i386 pass build-amd64-libvirt pass build-arm64-libvirt pass build-armhf-libvirt pass build-i386-libvirt pass build-amd64-pvops pass build-arm64-pvops pass build-armhf-pvops pass build-i386-pvops pass test-amd64-amd64-xl pass test-amd64-coresched-amd64-xl pass test-arm64-arm64-xl pass test-armhf-armhf-xl pass test-amd64-i386-xl pass test-amd64-coresched-i386-xl pass test-amd64-amd64-libvirt-qemuu-debianhvm-amd64-xsm pass test-amd64-i386-libvirt-qemuu-debianhvm-amd64-xsm pass test-amd64-amd64-xl-qemut-stubdom-debianhvm-amd64-xsm pass test-amd64-i386-xl-qemut-stubdom-debianhvm-amd64-xsm pass test-amd64-amd64-xl-qemut-debianhvm-i386-xsm pass test-amd64-i386-xl-qemut-debianhvm-i386-xsm pass test-amd64-amd64-xl-qemuu-debianhvm-i386-xsm pass test-amd64-i386-xl-qemuu-debianhvm-i386-xsm pass test-amd64-amd64-libvirt-xsm pass test-arm64-arm64-libvirt-xsm pass test-amd64-i386-libvirt-xsm pass test-amd64-amd64-xl-xsm pass test-arm64-arm64-xl-xsm pass test-amd64-i386-xl-xsm pass test-amd64-amd64-qemuu-nested-amd fail test-amd64-amd64-xl-pvhv2-amd pass test-amd64-i386-qemut-rhel6hvm-amd pass test-amd64-i386-qemuu-rhel6hvm-amd pass test-amd64-amd64-dom0pvh-xl-amd pass test-amd64-amd64-xl-qemut-debianhvm-amd64 pass test-amd64-i386-xl-qemut-debianhvm-amd64 pass test-amd64-amd64-xl-qemuu-debianhvm-amd64 pass test-amd64-i386-xl-qemuu-debianhvm-amd64 pass test-amd64-i386-freebsd10-amd64 pass test-amd64-amd64-qemuu-freebsd11-amd64 pass test-amd64-amd64-qemuu-freebsd12-amd64 pass test-amd64-amd64-xl-qemuu-ovmf-amd64 pass test-amd64-i386-xl-qemuu-ovmf-amd64 pass test-amd64-amd64-xl-qemut-win7-amd64 fail test-amd64-i386-xl-qemut-win7-amd64 fail test-amd64-amd64-xl-qemuu-win7-amd64 fail test-amd64-i386-xl-qemuu-win7-amd64 fail test-amd64-amd64-xl-qemut-ws16-amd64 fail test-amd64-i386-xl-qemut-ws16-amd64 fail test-amd64-amd64-xl-qemuu-ws16-amd64 fail test-amd64-i386-xl-qemuu-ws16-amd64 fail test-armhf-armhf-xl-arndale pass test-amd64-amd64-xl-credit1 pass test-arm64-arm64-xl-credit1 pass test-armhf-armhf-xl-credit1 pass test-amd64-amd64-xl-credit2 pass test-arm64-arm64-xl-credit2 pass test-armhf-armhf-xl-credit2 pass test-armhf-armhf-xl-cubietruck pass test-amd64-amd64-xl-qemuu-dmrestrict-amd64-dmrestrict fail test-amd64-i386-xl-qemuu-dmrestrict-amd64-dmrestrict pass test-amd64-amd64-examine pass test-arm64-arm64-examine pass test-armhf-armhf-examine pass test-amd64-i386-examine pass test-amd64-i386-freebsd10-i386 pass test-amd64-amd64-qemuu-nested-intel pass test-amd64-amd64-xl-pvhv2-intel pass test-amd64-i386-qemut-rhel6hvm-intel pass test-amd64-i386-qemuu-rhel6hvm-intel pass test-amd64-amd64-dom0pvh-xl-intel pass test-amd64-amd64-libvirt pass test-armhf-armhf-libvirt pass test-amd64-i386-libvirt pass test-amd64-amd64-xl-multivcpu pass test-armhf-armhf-xl-multivcpu pass test-amd64-amd64-pair pass test-amd64-i386-pair pass test-amd64-amd64-libvirt-pair pass test-amd64-i386-libvirt-pair pass test-amd64-amd64-amd64-pvgrub pass test-amd64-amd64-i386-pvgrub pass test-amd64-amd64-xl-pvshim pass test-amd64-i386-xl-pvshim fail test-amd64-amd64-pygrub pass test-amd64-amd64-xl-qcow2 pass test-armhf-armhf-libvirt-raw pass test-amd64-i386-xl-raw pass test-amd64-amd64-xl-rtds pass test-armhf-armhf-xl-rtds starved test-arm64-arm64-xl-seattle pass test-amd64-amd64-xl-qemuu-debianhvm-amd64-shadow pass test-amd64-i386-xl-qemuu-debianhvm-amd64-shadow pass test-amd64-amd64-xl-shadow pass test-amd64-i386-xl-shadow pass test-arm64-arm64-xl-thunderx pass test-amd64-amd64-libvirt-vhd pass test-armhf-armhf-xl-vhd pass ------------------------------------------------------------ sg-report-flight on osstest.test-lab.xenproject.org logs: /home/logs/logs images: /home/logs/images Logs, config files, etc. are available at http://logs.test-lab.xenproject.org/osstest/logs Explanation of these reports, and of osstest in general, is at http://xenbits.xen.org/gitweb/?p=osstest.git;a=blob;f=README.email;hb=master http://xenbits.xen.org/gitweb/?p=osstest.git;a=blob;f=README;hb=master Test harness code can be found at http://xenbits.xen.org/gitweb?p=osstest.git;a=summary Pushing revision : hint: The 'hooks/update' hook was ignored because it's not set as executable. hint: You can disable this warning with `git config advice.ignoredHook false`. hint: The 'hooks/post-receive' hook was ignored because it's not set as executable. hint: You can disable this warning with `git config advice.ignoredHook false`. hint: The 'hooks/post-update' hook was ignored because it's not set as executable. hint: You can disable this warning with `git config advice.ignoredHook false`. To xenbits.xen.org:/home/xen/git/linux-pvops.git fc8334619167..9f4b26f3ea18 9f4b26f3ea18cb2066c9e58a84ff202c71739a41 -> tested/linux-5.4
